{"id":6035,"date":"2025-03-11T10:26:10","date_gmt":"2025-03-11T08:26:10","guid":{"rendered":"https:\/\/webs.uab.cat\/gicom\/?page_id=6035"},"modified":"2025-03-11T10:30:35","modified_gmt":"2025-03-11T08:30:35","slug":"david-moyano","status":"publish","type":"page","link":"https:\/\/webs.uab.cat\/gicom\/equip-gicom\/david-moyano\/","title":{"rendered":"David Moyano"},"content":{"rendered":"<div class=\"wp-block-image is-style-rounded\">\n<figure class=\"aligncenter size-thumbnail\"><img loading=\"lazy\" decoding=\"async\" width=\"150\" height=\"150\" src=\"https:\/\/webs.uab.cat\/gicom\/wp-content\/uploads\/sites\/206\/2025\/03\/David-Moyano-150x150.jpg\" alt=\"\" class=\"wp-image-6036\" \/><\/figure>\n<\/div>\n\n\n<p>David Moyano Dom\u00ednguez es enginyer qu\u00edmic graduat a la UAB des de 2021. Durant el grau va realitzar pr\u00e0ctiques curriculars a AERIS Tecnologias Ambientales S.L. i pr\u00e0ctiques extra curriculars a GICOM fent experiments relacionats amb el tractament d\u2019aig\u00fces residuals i la digesti\u00f3 anaer\u00f2bia.<\/p>\n\n\n\n<p>Va finalitzar el m\u00e0ster d&#8217;Enginyeria Biol\u00f2gica i Ambiental de la UAB \u00a0el 2023. Durant aquest per\u00edode va realitzar pr\u00e0ctiques externes i el treball de fi de m\u00e0ster a LEITAT. Durant la seva estada va realitzar experiments de tractament d\u2019aig\u00fces residuals, principalment, mitjan\u00e7ant  sistemes f\u00edsics i bio-electroqu\u00edmics per a la producci\u00f3 neta de fertilitzants o millora de la producci\u00f3 de met\u00e0 en digesti\u00f3 anaer\u00f2bia.<\/p>\n\n\n\n<p>Actualment \u00e9s estudiant de doctorat del grup GICOM i forma part del programa de Ci\u00e8ncia i Tecnologia Ambiental de la UAB. La seva investigaci\u00f3 pret\u00e9n millorar la producci\u00f3 de biog\u00e0s mitjan\u00e7ant l\u2019ajuda de nanopart\u00edcules, i adre\u00e7ar l\u2019escalat d\u2019aquesta tecnologia per la seva implementaci\u00f3 en casos reals. \u00c9s supervisat pel Dr. Xavier Font Segura i la Dra. Raquel Barrena G\u00f3mez.<\/p>\n\n\n\n<p><\/p>\n\n\n\n<div class=\"wp-block-buttons is-layout-flex wp-block-buttons-is-layout-flex\">\n<div class=\"wp-block-button\"><a class=\"wp-block-button__link wp-element-button\">POrtal de recerca UAB<\/a><\/div>\n\n\n\n<div class=\"wp-block-button\"><a class=\"wp-block-button__link wp-element-button\">ORCID<\/a><\/div>\n<\/div>\n\n\n\n<hr class=\"wp-block-separator has-css-opacity is-style-default\" \/>\n","protected":false},"excerpt":{"rendered":"<p>David Moyano Dom\u00ednguez es enginyer qu\u00edmic graduat a la UAB des de 2021. Durant el grau va realitzar pr\u00e0ctiques curriculars a AERIS Tecnologias Ambientales S.L. i pr\u00e0ctiques extra curriculars a GICOM fent experiments relacionats amb el tractament d\u2019aig\u00fces residuals i la digesti\u00f3 anaer\u00f2bia. Va finalitzar el m\u00e0ster d&#8217;Enginyeria Biol\u00f2gica i Ambiental de la UAB \u00a0el [&hellip;]<\/p>\n","protected":false},"author":153,"featured_media":0,"parent":4997,"menu_order":0,"comment_status":"closed","ping_status":"closed","template":"","meta":{"footnotes":""},"class_list":["post-6035","page","type-page","status-publish","hentry"],"yoast_head":"<!-- This site is optimized with the Yoast SEO plugin v26.8 - https:\/\/yoast.com\/product\/yoast-seo-wordpress\/ -->\n<title>David Moyano - Grup de Recerca en Compostatge<\/title>\n<meta name=\"robots\" content=\"index, follow, max-snippet:-1, max-image-preview:large, max-video-preview:-1\" \/>\n<link rel=\"canonical\" href=\"https:\/\/webs.uab.cat\/gicom\/equip-gicom\/david-moyano\/\" \/>\n<meta property=\"og:locale\" content=\"ca_ES\" \/>\n<meta property=\"og:type\" content=\"article\" \/>\n<meta property=\"og:title\" content=\"David Moyano - Grup de Recerca en Compostatge\" \/>\n<meta property=\"og:description\" content=\"David Moyano Dom\u00ednguez es enginyer qu\u00edmic graduat a la UAB des de 2021. Durant el grau va realitzar pr\u00e0ctiques curriculars a AERIS Tecnologias Ambientales S.L. i pr\u00e0ctiques extra curriculars a GICOM fent experiments relacionats amb el tractament d\u2019aig\u00fces residuals i la digesti\u00f3 anaer\u00f2bia. Va finalitzar el m\u00e0ster d&#8217;Enginyeria Biol\u00f2gica i Ambiental de la UAB \u00a0el [&hellip;]\" \/>\n<meta property=\"og:url\" content=\"https:\/\/webs.uab.cat\/gicom\/equip-gicom\/david-moyano\/\" \/>\n<meta property=\"og:site_name\" content=\"Grup de Recerca en Compostatge\" \/>\n<meta property=\"article:modified_time\" content=\"2025-03-11T08:30:35+00:00\" \/>\n<meta property=\"og:image\" content=\"https:\/\/webs.uab.cat\/gicom\/wp-content\/uploads\/sites\/206\/2025\/03\/David-Moyano.jpg\" \/>\n\t<meta property=\"og:image:width\" content=\"556\" \/>\n\t<meta property=\"og:image:height\" content=\"535\" \/>\n\t<meta property=\"og:image:type\" content=\"image\/jpeg\" \/>\n<meta name=\"twitter:card\" content=\"summary_large_image\" \/>\n<meta name=\"twitter:label1\" content=\"Temps estimat de lectura\" \/>\n\t<meta name=\"twitter:data1\" content=\"2 minuts\" \/>\n<script type=\"application\/ld+json\" class=\"yoast-schema-graph\">{\"@context\":\"https:\/\/schema.org\",\"@graph\":[{\"@type\":\"WebPage\",\"@id\":\"https:\/\/webs.uab.cat\/gicom\/equip-gicom\/david-moyano\/\",\"url\":\"https:\/\/webs.uab.cat\/gicom\/equip-gicom\/david-moyano\/\",\"name\":\"David Moyano - Grup de Recerca en Compostatge\",\"isPartOf\":{\"@id\":\"https:\/\/webs.uab.cat\/gicom\/#website\"},\"primaryImageOfPage\":{\"@id\":\"https:\/\/webs.uab.cat\/gicom\/equip-gicom\/david-moyano\/#primaryimage\"},\"image\":{\"@id\":\"https:\/\/webs.uab.cat\/gicom\/equip-gicom\/david-moyano\/#primaryimage\"},\"thumbnailUrl\":\"https:\/\/webs.uab.cat\/gicom\/wp-content\/uploads\/sites\/206\/2025\/03\/David-Moyano-150x150.jpg\",\"datePublished\":\"2025-03-11T08:26:10+00:00\",\"dateModified\":\"2025-03-11T08:30:35+00:00\",\"breadcrumb\":{\"@id\":\"https:\/\/webs.uab.cat\/gicom\/equip-gicom\/david-moyano\/#breadcrumb\"},\"inLanguage\":\"ca\",\"potentialAction\":[{\"@type\":\"ReadAction\",\"target\":[\"https:\/\/webs.uab.cat\/gicom\/equip-gicom\/david-moyano\/\"]}]},{\"@type\":\"ImageObject\",\"inLanguage\":\"ca\",\"@id\":\"https:\/\/webs.uab.cat\/gicom\/equip-gicom\/david-moyano\/#primaryimage\",\"url\":\"https:\/\/webs.uab.cat\/gicom\/wp-content\/uploads\/sites\/206\/2025\/03\/David-Moyano.jpg\",\"contentUrl\":\"https:\/\/webs.uab.cat\/gicom\/wp-content\/uploads\/sites\/206\/2025\/03\/David-Moyano.jpg\",\"width\":556,\"height\":535},{\"@type\":\"BreadcrumbList\",\"@id\":\"https:\/\/webs.uab.cat\/gicom\/equip-gicom\/david-moyano\/#breadcrumb\",\"itemListElement\":[{\"@type\":\"ListItem\",\"position\":1,\"name\":\"Inici\",\"item\":\"https:\/\/webs.uab.cat\/gicom\/\"},{\"@type\":\"ListItem\",\"position\":2,\"name\":\"Equip GICOM\",\"item\":\"https:\/\/webs.uab.cat\/gicom\/equip-gicom\/\"},{\"@type\":\"ListItem\",\"position\":3,\"name\":\"David Moyano\"}]},{\"@type\":\"WebSite\",\"@id\":\"https:\/\/webs.uab.cat\/gicom\/#website\",\"url\":\"https:\/\/webs.uab.cat\/gicom\/\",\"name\":\"Grup de Recerca en Compostatge\",\"description\":\"Compostatge, bioconversi\u00f3 de residus org\u00e0nics i remediaci\u00f3 ambiental\",\"potentialAction\":[{\"@type\":\"SearchAction\",\"target\":{\"@type\":\"EntryPoint\",\"urlTemplate\":\"https:\/\/webs.uab.cat\/gicom\/?s={search_term_string}\"},\"query-input\":{\"@type\":\"PropertyValueSpecification\",\"valueRequired\":true,\"valueName\":\"search_term_string\"}}],\"inLanguage\":\"ca\"}]}<\/script>\n<!-- \/ Yoast SEO plugin. -->","yoast_head_json":{"title":"David Moyano - Grup de Recerca en Compostatge","robots":{"index":"index","follow":"follow","max-snippet":"max-snippet:-1","max-image-preview":"max-image-preview:large","max-video-preview":"max-video-preview:-1"},"canonical":"https:\/\/webs.uab.cat\/gicom\/equip-gicom\/david-moyano\/","og_locale":"ca_ES","og_type":"article","og_title":"David Moyano - Grup de Recerca en Compostatge","og_description":"David Moyano Dom\u00ednguez es enginyer qu\u00edmic graduat a la UAB des de 2021. Durant el grau va realitzar pr\u00e0ctiques curriculars a AERIS Tecnologias Ambientales S.L. i pr\u00e0ctiques extra curriculars a GICOM fent experiments relacionats amb el tractament d\u2019aig\u00fces residuals i la digesti\u00f3 anaer\u00f2bia. Va finalitzar el m\u00e0ster d&#8217;Enginyeria Biol\u00f2gica i Ambiental de la UAB \u00a0el [&hellip;]","og_url":"https:\/\/webs.uab.cat\/gicom\/equip-gicom\/david-moyano\/","og_site_name":"Grup de Recerca en Compostatge","article_modified_time":"2025-03-11T08:30:35+00:00","og_image":[{"width":556,"height":535,"url":"https:\/\/webs.uab.cat\/gicom\/wp-content\/uploads\/sites\/206\/2025\/03\/David-Moyano.jpg","type":"image\/jpeg"}],"twitter_card":"summary_large_image","twitter_misc":{"Temps estimat de lectura":"2 minuts"},"schema":{"@context":"https:\/\/schema.org","@graph":[{"@type":"WebPage","@id":"https:\/\/webs.uab.cat\/gicom\/equip-gicom\/david-moyano\/","url":"https:\/\/webs.uab.cat\/gicom\/equip-gicom\/david-moyano\/","name":"David Moyano - Grup de Recerca en Compostatge","isPartOf":{"@id":"https:\/\/webs.uab.cat\/gicom\/#website"},"primaryImageOfPage":{"@id":"https:\/\/webs.uab.cat\/gicom\/equip-gicom\/david-moyano\/#primaryimage"},"image":{"@id":"https:\/\/webs.uab.cat\/gicom\/equip-gicom\/david-moyano\/#primaryimage"},"thumbnailUrl":"https:\/\/webs.uab.cat\/gicom\/wp-content\/uploads\/sites\/206\/2025\/03\/David-Moyano-150x150.jpg","datePublished":"2025-03-11T08:26:10+00:00","dateModified":"2025-03-11T08:30:35+00:00","breadcrumb":{"@id":"https:\/\/webs.uab.cat\/gicom\/equip-gicom\/david-moyano\/#breadcrumb"},"inLanguage":"ca","potentialAction":[{"@type":"ReadAction","target":["https:\/\/webs.uab.cat\/gicom\/equip-gicom\/david-moyano\/"]}]},{"@type":"ImageObject","inLanguage":"ca","@id":"https:\/\/webs.uab.cat\/gicom\/equip-gicom\/david-moyano\/#primaryimage","url":"https:\/\/webs.uab.cat\/gicom\/wp-content\/uploads\/sites\/206\/2025\/03\/David-Moyano.jpg","contentUrl":"https:\/\/webs.uab.cat\/gicom\/wp-content\/uploads\/sites\/206\/2025\/03\/David-Moyano.jpg","width":556,"height":535},{"@type":"BreadcrumbList","@id":"https:\/\/webs.uab.cat\/gicom\/equip-gicom\/david-moyano\/#breadcrumb","itemListElement":[{"@type":"ListItem","position":1,"name":"Inici","item":"https:\/\/webs.uab.cat\/gicom\/"},{"@type":"ListItem","position":2,"name":"Equip GICOM","item":"https:\/\/webs.uab.cat\/gicom\/equip-gicom\/"},{"@type":"ListItem","position":3,"name":"David Moyano"}]},{"@type":"WebSite","@id":"https:\/\/webs.uab.cat\/gicom\/#website","url":"https:\/\/webs.uab.cat\/gicom\/","name":"Grup de Recerca en Compostatge","description":"Compostatge, bioconversi\u00f3 de residus org\u00e0nics i remediaci\u00f3 ambiental","potentialAction":[{"@type":"SearchAction","target":{"@type":"EntryPoint","urlTemplate":"https:\/\/webs.uab.cat\/gicom\/?s={search_term_string}"},"query-input":{"@type":"PropertyValueSpecification","valueRequired":true,"valueName":"search_term_string"}}],"inLanguage":"ca"}]}},"_links":{"self":[{"href":"https:\/\/webs.uab.cat\/gicom\/wp-json\/wp\/v2\/pages\/6035","targetHints":{"allow":["GET"]}}],"collection":[{"href":"https:\/\/webs.uab.cat\/gicom\/wp-json\/wp\/v2\/pages"}],"about":[{"href":"https:\/\/webs.uab.cat\/gicom\/wp-json\/wp\/v2\/types\/page"}],"author":[{"embeddable":true,"href":"https:\/\/webs.uab.cat\/gicom\/wp-json\/wp\/v2\/users\/153"}],"replies":[{"embeddable":true,"href":"https:\/\/webs.uab.cat\/gicom\/wp-json\/wp\/v2\/comments?post=6035"}],"version-history":[{"count":1,"href":"https:\/\/webs.uab.cat\/gicom\/wp-json\/wp\/v2\/pages\/6035\/revisions"}],"predecessor-version":[{"id":6039,"href":"https:\/\/webs.uab.cat\/gicom\/wp-json\/wp\/v2\/pages\/6035\/revisions\/6039"}],"up":[{"embeddable":true,"href":"https:\/\/webs.uab.cat\/gicom\/wp-json\/wp\/v2\/pages\/4997"}],"wp:attachment":[{"href":"https:\/\/webs.uab.cat\/gicom\/wp-json\/wp\/v2\/media?parent=6035"}],"curies":[{"name":"wp","href":"https:\/\/api.w.org\/{rel}","templated":true}]}}