{"id":50,"date":"2022-09-28T18:52:27","date_gmt":"2022-09-28T16:52:27","guid":{"rendered":"https:\/\/webs.uab.cat\/gier\/?page_id=50"},"modified":"2026-02-02T13:18:32","modified_gmt":"2026-02-02T11:18:32","slug":"membres-i-universitats","status":"publish","type":"page","link":"https:\/\/webs.uab.cat\/gier\/membres-i-universitats\/","title":{"rendered":"Membres i universitats"},"content":{"rendered":"\n<p>Actualment, formem part del GIER:<\/p>\n\n\n\n<figure class=\"wp-block-table\"><table><thead><tr><th><strong><strong><strong>Universitat<\/strong><\/strong><\/strong><\/th><th><strong>Nom i cognoms<\/strong><\/th><\/tr><\/thead><tbody><tr><td>UNIVERSITAT AUT\u00d2NOMA DE BARCELONA<\/td><td>Marilisa Birello<br>S\u00edlvia Blanch Gelabert<br>Albert Casals Ib\u00e1\u00f1ez<br>Carol Palacios<br>Jes\u00fas Ribosa<\/td><\/tr><tr><td>UNIVERSITAT CENTRAL DE CATALUNYA<\/td><td>Laura Domingo (UVic)<br>S\u00f2nia Esteve Frigola (UVic)<br>Dolors V\u00e1zquez Carrasco (UManresa)<\/td><\/tr><tr><td>UNIVERSITAT DE BARCELONA<\/td><td>Roser Boix Tom\u00e0s<\/td><\/tr><tr><td>UNIVERSITAT DE GIRONA<\/td><td>Ra\u00fal S\u00e1nchez Doblado<\/td><\/tr><tr><td>UNIVERSITAT DE LLEIDA<\/td><td>Olga Bernad Cavero<br>N\u00faria Llevot Calvet<br>\u00c0ngels Torrelles Montanuy<\/td><\/tr><tr><td>UNIVERSITAT RAMON LLULL &#8211; BLANQUERNA<\/td><td>Reina Capdevila<br>Carmina Folch i D\u00e0vila<br>Maria Ant\u00f2nia Miret Ferrer<\/td><\/tr><tr><td>UNIVERSITAT ROVIRA I VIRGILI<\/td><td>M. Conxa Torres<br>Adela Susana Archondo Ormachea<br>Marta Beatriz Esteban Tortajada<\/td><\/tr><tr><td>SECRETARIAT D\u2019ESCOLA RURAL<\/td><td>Miquel Payaro Pages<\/td><\/tr><\/tbody><\/table><figcaption class=\"wp-element-caption\">[actualitzaci\u00f3 02\/02\/2026]<\/figcaption><\/figure>\n\n\n\n<figure class=\"wp-block-image size-full\"><img loading=\"lazy\" decoding=\"async\" width=\"1022\" height=\"361\" src=\"https:\/\/webs.uab.cat\/gier\/wp-content\/uploads\/sites\/208\/2025\/01\/gier-membres-e1737452431760.png\" alt=\"\" class=\"wp-image-738\" srcset=\"https:\/\/webs.uab.cat\/gier\/wp-content\/uploads\/sites\/208\/2025\/01\/gier-membres-e1737452431760.png 1022w, https:\/\/webs.uab.cat\/gier\/wp-content\/uploads\/sites\/208\/2025\/01\/gier-membres-e1737452431760-300x106.png 300w, https:\/\/webs.uab.cat\/gier\/wp-content\/uploads\/sites\/208\/2025\/01\/gier-membres-e1737452431760-768x271.png 768w\" sizes=\"auto, (max-width: 1022px) 100vw, 1022px\" \/><\/figure>\n","protected":false},"excerpt":{"rendered":"<p>Actualment, formem part del GIER: Universitat Nom i cognoms UNIVERSITAT AUT\u00d2NOMA DE BARCELONA Marilisa BirelloS\u00edlvia Blanch GelabertAlbert Casals Ib\u00e1\u00f1ezCarol PalaciosJes\u00fas Ribosa UNIVERSITAT CENTRAL DE CATALUNYA Laura Domingo (UVic)S\u00f2nia Esteve Frigola (UVic)Dolors V\u00e1zquez Carrasco (UManresa) UNIVERSITAT DE BARCELONA Roser Boix Tom\u00e0s UNIVERSITAT DE GIRONA Ra\u00fal S\u00e1nchez Doblado UNIVERSITAT DE LLEIDA Olga Bernad CaveroN\u00faria Llevot Calvet\u00c0ngels Torrelles [&hellip;]<\/p>\n","protected":false},"author":116,"featured_media":0,"parent":0,"menu_order":0,"comment_status":"closed","ping_status":"closed","template":"","meta":{"footnotes":""},"class_list":["post-50","page","type-page","status-publish","hentry"],"_links":{"self":[{"href":"https:\/\/webs.uab.cat\/gier\/wp-json\/wp\/v2\/pages\/50","targetHints":{"allow":["GET"]}}],"collection":[{"href":"https:\/\/webs.uab.cat\/gier\/wp-json\/wp\/v2\/pages"}],"about":[{"href":"https:\/\/webs.uab.cat\/gier\/wp-json\/wp\/v2\/types\/page"}],"author":[{"embeddable":true,"href":"https:\/\/webs.uab.cat\/gier\/wp-json\/wp\/v2\/users\/116"}],"replies":[{"embeddable":true,"href":"https:\/\/webs.uab.cat\/gier\/wp-json\/wp\/v2\/comments?post=50"}],"version-history":[{"count":14,"href":"https:\/\/webs.uab.cat\/gier\/wp-json\/wp\/v2\/pages\/50\/revisions"}],"predecessor-version":[{"id":936,"href":"https:\/\/webs.uab.cat\/gier\/wp-json\/wp\/v2\/pages\/50\/revisions\/936"}],"wp:attachment":[{"href":"https:\/\/webs.uab.cat\/gier\/wp-json\/wp\/v2\/media?parent=50"}],"curies":[{"name":"wp","href":"https:\/\/api.w.org\/{rel}","templated":true}]}}