{"id":63,"date":"2016-04-26T13:51:57","date_gmt":"2016-04-26T13:51:57","guid":{"rendered":"https:\/\/webs.uab.cat\/gies\/profesores-e-investigadores\/"},"modified":"2022-12-05T15:07:59","modified_gmt":"2022-12-05T15:07:59","slug":"profesores-e-investigadores","status":"publish","type":"page","link":"https:\/\/webs.uab.cat\/gies\/profesores-e-investigadores\/","title":{"rendered":"Miembros nucleares del GIES"},"content":{"rendered":"<ul>\n<li class=\"rtejustify\"><strong>DR. JOAQUIM T. LIMONERO (Coordinador GIES)<br \/>\n<\/strong><\/p>\n<div><\/div>\n<\/li>\n<\/ul>\n<div><strong><a href=\"mailto:Joaquin.Limonero@uab.cat\"><img loading=\"lazy\" decoding=\"async\" class=\" size-full wp-image-54\" src=\"https:\/\/webs.uab.cat\/gies\/wp-content\/uploads\/sites\/70\/2016\/04\/joaquin_limonero.png\" alt=\"joaquin_limonero.png\" width=\"196\" height=\"280\" \/><\/a><\/strong><\/div>\n<div><\/div>\n<p><strong>Catedr\u00e1tico de psicolog\u00eda.<\/strong> Departamento de Psicolog\u00eda B\u00e1sica.\u00a0UAB<\/p>\n<p class=\"rteindent1 rtejustify\">Presidente de la Sociedad Espa\u00f1ola para el Estudio de la Ansiedad y el Estr\u00e9s (SEAS).<\/p>\n<p class=\"rteindent1 rtejustify\">Miembro de la European Society fof Palliative Care.<\/p>\n<p class=\"rteindent1 rtejustify\">Miembro del EAPC Bereavement Taskforce.<\/p>\n<p class=\"rteindent1 rtejustify\">Miembro y ex vocal de la Sociedad Catalano Balear de Cuidados Paliativos.<\/p>\n<p class=\"rteindent1 rtejustify\">Miembro de la Sociedad Espa\u00f1ola de Cuidados Paliativos (SECPAL)<\/p>\n<p class=\"rteindent1 rtejustify\">Miembro de la Sociedad Internacional de Inteligencia Emocional.<\/p>\n<p class=\"rteindent1 rtejustify\"><strong>@ <a href=\"mailto:Joaquin.Limonero@uab.cat\">Joaquin.Limonero@uab.cat<\/a><\/strong><\/p>\n<p class=\"rteindent1 rtejustify\"><strong>ORCID:<\/strong> 0000-0003-0573-791X<\/p>\n<p class=\"rtejustify rteindent1\"><strong>ResearchGate: <\/strong><a href=\"https:\/\/www.researchgate.net\/profile\/Joaquin_Limonero2\">https:\/\/www.researchgate.net\/profile\/Joaquin_Limonero2<\/a><\/p>\n<p class=\"rtejustify rteindent1\"><strong>Google Scholar: <\/strong><a href=\"https:\/\/scholar.google.com\/citations?hl=en&amp;user=-MJKQsAAAAAJ\">https:\/\/scholar.google.com\/citations?hl=en&amp;user=-MJKQsAAAAAJ<\/a><\/p>\n<p class=\"rteindent1 rtejustify\"><strong>Portal de recerca: <\/strong><a href=\"http:\/\/portalrecerca.csuc.cat\/simple-search?query=Limonero&amp;filtername=itemtype&amp;filtertype=notequals&amp;sort_by=score&amp;order=DESC&amp;filter_field_1=resourcetype&amp;filter_type_1=equals&amp;filter_value_1=Items&amp;filterquery=Phd+Thesis\">http:\/\/portalrecerca.csuc.cat\/simple-search?query=Limonero&amp;filtername=itemtype&amp;filtertype=notequals&amp;sort_by=score&amp;order=DESC&amp;filter_field_1=resourcetype&amp;filter_type_1=equals&amp;filter_value_1=Items&amp;filterquery=Phd+Thesis<\/a><\/p>\n<div><\/div>\n<div><strong>L\u00edneas de Investigaci\u00f3n:<\/strong><\/div>\n<ul class=\"rteindent1\">\n<li class=\"rtejustify\">Inteligencia emocional, resiliencia y procesos de adaptaci\u00f3n<\/li>\n<li class=\"rtejustify\">Sufrimiento y malestar emocional al final de la vida<\/li>\n<li class=\"rtejustify\">Evaluaci\u00f3n e intervenci\u00f3n psicol\u00f3gica en cuidados paliativos<\/li>\n<li class=\"rtejustify\">El proceso de duelo<\/li>\n<li class=\"rtejustify\">Actitudes ante la muerte: Ansiedad, miedo, depresi\u00f3n, ideaci\u00f3n suicida<\/li>\n<li class=\"rtejustify\">Tratamiento de des\u00f3rdenes emocionales<\/li>\n<li class=\"rtejustify\">Creatividad en el contexto de la salud<\/li>\n<li class=\"rtejustify\">Adicciones a sustancias y adicciones comportamentales<\/li>\n<li class=\"rtejustify\">Suicidio<\/li>\n<\/ul>\n<hr \/>\n<ul>\n<li class=\"rtejustify\"><strong>Dr. RAMON CLADELLAS PROS<\/strong><\/li>\n<\/ul>\n<p><img loading=\"lazy\" decoding=\"async\" class=\"  wp-image-45\" src=\"https:\/\/webs.uab.cat\/gies\/wp-content\/uploads\/sites\/70\/2016\/04\/ramon_cladellas.jpg\" alt=\"ramon_cladellas.jpg\" width=\"290\" height=\"194\" srcset=\"https:\/\/webs.uab.cat\/gies\/wp-content\/uploads\/sites\/70\/2016\/04\/ramon_cladellas.jpg 600w, https:\/\/webs.uab.cat\/gies\/wp-content\/uploads\/sites\/70\/2016\/04\/ramon_cladellas-300x201.jpg 300w\" sizes=\"auto, (max-width: 290px) 100vw, 290px\" \/><\/p>\n<ul>\n<li class=\"rtejustify\">Profesor Agregado Laboral.\u00a0Unidad de Psicolog\u00eda Evolutiva y de la Educaci\u00f3n. Universidad Aut\u00f3noma de Barcelona<\/li>\n<\/ul>\n<p class=\"rtejustify\">\u00a0\u00a0\u00a0\u00a0\u00a0\u00a0\u00a0\u00a0\u00a0\u00a0 Director del Departamento de Psicolog\u00eda B\u00e1sica, Evolutiva y de la Educaci\u00f3n.<\/p>\n<p class=\"rtejustify\">\u00a0\u00a0\u00a0\u00a0\u00a0\u00a0\u00a0\u00a0\u00a0\u00a0\u00a0Profesor universitario Universitat Oberta de Catalunya<br \/>\n<strong>\u00a0\u00a0\u00a0\u00a0\u00a0\u00a0\u00a0\u00a0\u00a0\u00a0\u00a0@ <a href=\"mailto:Ramon.Cladellas@uab.cat\">Ramon.Cladellas@uab.cat<\/a><\/strong><\/p>\n<p class=\"rtejustify\"><em>\u00a0\u00a0\u00a0\u00a0\u00a0\u00a0\u00a0\u00a0\u00a0\u00a0\u00a0<strong>ORCID:<\/strong> <\/em>\u00a00000-0002-0801-8462<\/p>\n<p class=\"rtejustify\">\u00a0\u00a0\u00a0\u00a0\u00a0\u00a0\u00a0\u00a0\u00a0\u00a0\u00a0<strong>ResearchGate:<\/strong> \u00a0<a href=\"https:\/\/www.researchgate.net\/profile\/Ramon_Cladellas\">https:\/\/www.researchgate.net\/profile\/Ramon_Cladellas<\/a><\/p>\n<p class=\"rtejustify\">\n<p class=\"rteindent1 rtejustify\"><strong>L\u00edneas de investigaci\u00f3n<\/strong><\/p>\n<ul class=\"rteindent1\">\n<li class=\"rtejustify\">Asesoramiento para la mejora de la docencia a profesionales que quieran dedicarse a la formaci\u00f3n<\/li>\n<li class=\"rtejustify\">Patrones de descanso, actividades extraescolares y gesti\u00f3n del tiempo y su incidencia en el rendimiento acad\u00e9mico en ni\u00f1os y ni\u00f1as<\/li>\n<li class=\"rtejustify\">Investigaci\u00f3n sobre el uso de Las TIC&#8217;S en la docencia universitaria<\/li>\n<\/ul>\n<p style=\"text-align: center\">\n<hr \/>\n<ul>\n<li class=\"rtejustify\"><strong>Dr. EDUARDO DOVAL<\/strong><br \/>\nProfesor Titular.\u00a0Departamento de Metodolog\u00eda de las Ciencias del Comportamiento.\u00a0UAB<\/li>\n<\/ul>\n<p class=\"rtejustify\">\u00a0\u00a0\u00a0\u00a0\u00a0\u00a0\u00a0\u00a0\u00a0\u00a0\u00a0Coordinador de la Unidad de Metodolog\u00eda<br \/>\n<strong>\u00a0\u00a0\u00a0\u00a0\u00a0\u00a0\u00a0\u00a0\u00a0\u00a0\u00a0@ <a href=\"mailto:Eduadro.doval@uab.cat\">Eduadro.doval@uab.cat<\/a><\/strong><\/p>\n<p class=\"rtejustify\"><strong>\u00a0\u00a0\u00a0\u00a0\u00a0\u00a0\u00a0\u00a0\u00a0\u00a0\u00a0ORCID: <\/strong>0000-0001-8416-160X<\/p>\n<p class=\"rtejustify\">\n<p class=\"rteindent1 rtejustify\"><strong>L\u00edneas de Investigaci\u00f3n<\/strong><\/p>\n<ul class=\"rteindent1\">\n<li class=\"rtejustify\">An\u00e1lisis de patrones at\u00edpicos de respuesta<\/li>\n<li class=\"rtejustify\">Dise\u00f1o y validaci\u00f3n de cuestionarios<\/li>\n<li class=\"rtejustify\">Evaluaci\u00f3n de instrumentos de medida<\/li>\n<\/ul>\n<hr \/>\n<ul>\n<li class=\"rtejustify\"><strong>Dra. S\u00cdLVIA EDO<br \/>\n<\/strong><\/li>\n<\/ul>\n<p><img loading=\"lazy\" decoding=\"async\" class=\"  wp-image-48\" src=\"https:\/\/webs.uab.cat\/gies\/wp-content\/uploads\/sites\/70\/2016\/04\/silviaedo.jpg\" alt=\"silviaedo.jpg\" width=\"196\" height=\"220\" \/><\/p>\n<p>Profesora Titular.\u00a0Departamento de Psicolog\u00eda B\u00e1sica.\u00a0UAB<\/p>\n<p class=\"rteindent1 rtejustify\"><strong>@ <\/strong><a href=\"mailto:silvia.edo@uab.cat\"><strong>silvia.edo@uab.cat<\/strong><\/a><\/p>\n<p class=\"rtejustify\">\u00a0\u00a0\u00a0\u00a0\u00a0\u00a0\u00a0\u00a0\u00a0\u00a0\u00a0<strong>ORCID:<\/strong>\u00a0<a href=\"http:\/\/orcid.org\/0000-0002-6564-3475\" target=\"_blank\" rel=\"noopener\"><em>http:\/\/orcid.org\/0000-0002-6564-3475<\/em><\/a><\/p>\n<p class=\"rtejustify\">\u00a0\u00a0\u00a0\u00a0\u00a0\u00a0\u00a0\u00a0\u00a0\u00a0\u00a0<strong>ResearcherID:<\/strong><em>\u00a0<a href=\"http:\/\/www.researcherid.com\/rid\/L-3271-2014\" target=\"_blank\" rel=\"noopener\">http:\/\/www.researcherid.com\/rid\/L-3271-2014<\/a><\/em><\/p>\n<p class=\"rtejustify\">\u00a0 \u00a0 \u00a0 \u00a0 \u00a0\u00a0\u00a0<a name=\"_Hlk5560176\"><\/a><strong>ResearchGate:<\/strong><em>\u00a0<a href=\"https:\/\/www.researchgate.net\/profile\/Silvia_Edo\/\" target=\"_blank\" rel=\"noopener\">https:\/\/www.researchgate.net\/profile\/Silvia_Edo\/<\/a><\/em><\/p>\n<p class=\"rtejustify\">\n<p class=\"rteindent1 rtejustify\"><strong>Grupos y l\u00edneas de investigaci\u00f3n<\/strong><\/p>\n<ul class=\"rteindent1\">\n<li class=\"rtejustify\">Validaci\u00f3n de medidas de evaluaci\u00f3n cognitiva del estr\u00e9s<\/li>\n<li class=\"rtejustify\">Relaci\u00f3n entre evaluaci\u00f3n cognitiva, emociones, salud y bienestar<\/li>\n<li class=\"rtejustify\">Registro de estr\u00e9s cotidiano<\/li>\n<li class=\"rtejustify\">Medidas impl\u00edcitas de las emociones<\/li>\n<li class=\"rtejustify\">Comunicaci\u00f3n de malas noticias<\/li>\n<\/ul>\n<hr \/>\n<p>D<strong>r. Jordi Fern\u00e1ndez-Castro<\/strong><\/p>\n<p><strong><img loading=\"lazy\" decoding=\"async\" class=\"alignnone size-medium wp-image-187\" src=\"https:\/\/webs.uab.cat\/gies\/wp-content\/uploads\/sites\/70\/2022\/12\/Jordi-Fdez-Gies-268x300.png\" alt=\"\" width=\"268\" height=\"300\" srcset=\"https:\/\/webs.uab.cat\/gies\/wp-content\/uploads\/sites\/70\/2022\/12\/Jordi-Fdez-Gies-268x300.png 268w, https:\/\/webs.uab.cat\/gies\/wp-content\/uploads\/sites\/70\/2022\/12\/Jordi-Fdez-Gies.png 417w\" sizes=\"auto, (max-width: 268px) 100vw, 268px\" \/><\/strong><\/p>\n<p>Catedr\u00e1tico de Psicolog\u00eda de la Unidad de Psicolog\u00eda B\u00e1sica. Departamento de Psicolog\u00eda B\u00e1sica, evolutiva y de la Educaci\u00f3n.<\/p>\n<p>Autor del Libro: <em>Lib\u00e9rate del Estr\u00e9s<\/em>. Barcelona: RBA. 2020.<\/p>\n<p><strong>@ <a href=\"mailto:Jordi.Fernandez@uab.cat\">Jordi.Fernandez@uab.cat<\/a><\/strong><\/p>\n<p><strong>ORCID<\/strong> <a href=\"https:\/\/orcid.org\/0000-0001-7725-3506\">https:\/\/orcid.org\/0000-0001-7725-3506<\/a><\/p>\n<p><strong>RESEARCH GATE:<\/strong> <a href=\"https:\/\/www.researchgate.net\/profile\/Jordi_Fernandez-Castro\">https:\/\/www.researchgate.net\/profile\/Jordi_Fernandez-Castro<\/a><\/p>\n<p><strong>GOOGLE SCHOLAR: <\/strong><a href=\"https:\/\/scholar.google.es\/citations?user=o8dG5VkAAAAJ&amp;hl=es\">https:\/\/scholar.google.es\/citations?user=o8dG5VkAAAAJ&amp;hl=es<\/a><\/p>\n<p><strong>TWITTER: <\/strong>@Jfernandezcast2<\/p>\n<p><a href=\"https:\/\/www.linkedin.com\/in\/jordi-fern%C3%A1ndez-castro-03b45619\/\">Jordi Fern\u00e1ndez-Castro | LinkedIn<\/a><\/p>\n<p><strong>L\u00edneas de Investigaci\u00f3n:<\/strong><!--more--><\/p>\n<ul>\n<li>Estr\u00e9s cotidiano.<\/li>\n<li>Evaluaci\u00f3n del afrontamiento<\/li>\n<li>Gesti\u00f3n del Estr\u00e9s<\/li>\n<li>Estr\u00e9s laboral, implicaci\u00f3n laboral y burnout.<\/li>\n<li>Sesgos cognitivos y conductas saludables.<\/li>\n<\/ul>\n<p style=\"text-align: center\">\n<hr \/>\n<hr \/>\n<ul class=\"rteindent1\">\n<li class=\"rtejustify\"><\/li>\n<\/ul>\n<hr \/>\n<ul>\n<li class=\"rtejustify\"><strong>Dr.\u00a0Antoni Sanz<\/strong><\/li>\n<\/ul>\n<p><img loading=\"lazy\" decoding=\"async\" class=\" size-full wp-image-57\" src=\"https:\/\/webs.uab.cat\/gies\/wp-content\/uploads\/sites\/70\/2016\/04\/antoni_sanz.jpg\" alt=\"antoni_sanz.jpg\" width=\"225\" height=\"225\" srcset=\"https:\/\/webs.uab.cat\/gies\/wp-content\/uploads\/sites\/70\/2016\/04\/antoni_sanz.jpg 225w, https:\/\/webs.uab.cat\/gies\/wp-content\/uploads\/sites\/70\/2016\/04\/antoni_sanz-150x150.jpg 150w\" sizes=\"auto, (max-width: 225px) 100vw, 225px\" \/><\/p>\n<p>Profesor Agregado. Departamento de Psicolog\u00eda B\u00e1sica, Evolutiva y de la Educaci\u00f3n. UAB.<\/p>\n<p><strong>@<\/strong> <strong><a href=\"mailto:Antonio.Sanz@uab.cat\">Antonio.Sanz@uab.cat<\/a><\/strong><\/p>\n<p class=\"rteindent1 rtejustify\"><strong>ORCID:<\/strong> 0000-0002-7952-4477<\/p>\n<p class=\"rteindent1 rtejustify\"><strong>ResearcherID:<\/strong> <a href=\"http:\/\/www.researcherid.com\/rid\/S-7004-2016\">http:\/\/www.researcherid.com\/rid\/S-7004-2016<\/a><\/p>\n<p class=\"rteindent1 rtejustify\"><strong>ResearchGate:<\/strong> <a href=\"https:\/\/www.researchgate.net\/profile\/Antoni_Sanz\">https:\/\/www.researchgate.net\/profile\/Antoni_Sanz<\/a><\/p>\n<p class=\"rteindent1 rtejustify\"><strong>Mendeley:<\/strong> <a href=\"https:\/\/www.mendeley.com\/profiles\/antoni-sanz\/\">https:\/\/www.mendeley.com\/profiles\/antoni-sanz\/<\/a><\/p>\n<p class=\"rteindent1 rtejustify\"><strong>Academia.edu:<\/strong> <a href=\"https:\/\/uab.academia.edu\/AntoniSanz\">https:\/\/uab.academia.edu\/AntoniSanz<\/a><\/p>\n<p class=\"rteindent1 rtejustify\"><strong>Google Scholar:<\/strong> <a href=\"https:\/\/scholar.google.com\/citations?user=JH2H0RgAAAAJ\">https:\/\/scholar.google.com\/citations?user=JH2H0RgAAAAJ<\/a><\/p>\n<p class=\"rtejustify\" style=\"margin-left: 36.0pt\">\n<p class=\"rtejustify\" style=\"margin-left: 36.0pt\"><strong>L\u00edneas de investigaci\u00f3n:\u00a0<\/strong><\/p>\n<ul class=\"rteindent1\">\n<li class=\"rtejustify\">Control percibido, estr\u00e9s y salud<\/li>\n<li class=\"rtejustify\">Baumes Project: validaci\u00f3n de contextos naturales para la investigaci\u00f3n sobre cognici\u00f3n y emoci\u00f3n.<\/li>\n<li class=\"rtejustify\">Psicooptalmolog\u00eda<\/li>\n<\/ul>\n<p class=\"rtejustify\">\n<hr \/>\n<hr \/>\n","protected":false},"excerpt":{"rendered":"<p>DR. JOAQUIM T. LIMONERO (Coordinador GIES) Catedr\u00e1tico de psicolog\u00eda. Departamento de Psicolog\u00eda B\u00e1sica.\u00a0UAB Presidente de la Sociedad Espa\u00f1ola para el Estudio de la Ansiedad y el Estr\u00e9s (SEAS). Miembro de la European Society fof Palliative Care. Miembro del EAPC Bereavement Taskforce. Miembro y ex vocal de la Sociedad Catalano Balear de Cuidados Paliativos. Miembro de [&hellip;]<\/p>\n","protected":false},"author":20,"featured_media":0,"parent":0,"menu_order":0,"comment_status":"closed","ping_status":"closed","template":"","meta":{"footnotes":""},"class_list":["post-63","page","type-page","status-publish","hentry"],"_links":{"self":[{"href":"https:\/\/webs.uab.cat\/gies\/wp-json\/wp\/v2\/pages\/63","targetHints":{"allow":["GET"]}}],"collection":[{"href":"https:\/\/webs.uab.cat\/gies\/wp-json\/wp\/v2\/pages"}],"about":[{"href":"https:\/\/webs.uab.cat\/gies\/wp-json\/wp\/v2\/types\/page"}],"author":[{"embeddable":true,"href":"https:\/\/webs.uab.cat\/gies\/wp-json\/wp\/v2\/users\/20"}],"replies":[{"embeddable":true,"href":"https:\/\/webs.uab.cat\/gies\/wp-json\/wp\/v2\/comments?post=63"}],"version-history":[{"count":14,"href":"https:\/\/webs.uab.cat\/gies\/wp-json\/wp\/v2\/pages\/63\/revisions"}],"predecessor-version":[{"id":197,"href":"https:\/\/webs.uab.cat\/gies\/wp-json\/wp\/v2\/pages\/63\/revisions\/197"}],"wp:attachment":[{"href":"https:\/\/webs.uab.cat\/gies\/wp-json\/wp\/v2\/media?parent=63"}],"curies":[{"name":"wp","href":"https:\/\/api.w.org\/{rel}","templated":true}]}}