{"id":286,"date":"2022-01-04T16:11:53","date_gmt":"2022-01-04T15:11:53","guid":{"rendered":"https:\/\/npir-uab.org\/?page_id=286"},"modified":"2025-08-16T19:01:07","modified_gmt":"2025-08-16T17:01:07","slug":"2022-2","status":"publish","type":"page","link":"https:\/\/webs.uab.cat\/gnpr\/2022-2\/","title":{"rendered":"2022"},"content":{"rendered":"\n<p>Villagr\u00e1n-Garc\u00eda M, Velasco R.<br><a href=\"https:\/\/pubmed.ncbi.nlm.nih.gov\/35175441\/\" target=\"_blank\" rel=\"noreferrer noopener\">Neurotoxicity and safety of the rechallenge of immune checkpoint inhibitors &#8211; a growing issue in neuro-oncology practice<\/a><strong>.<br>Neurol Sci <\/strong>2022, 43 (4): 2339-2361. <br>doi: <a href=\"https:\/\/doi.org\/10.1007\/s10072-022-05920-4\" target=\"_blank\" rel=\"noreferrer noopener\">10.1007\/s10072-022-05920-4<\/a>.<\/p>\n\n\n\n<p>Nieto-Nicolau N, L\u00f3pez-Chic\u00f3n P, Torrico C, Bol\u00edvar S, Contreras-Carreton E, Udina E, Navarro X, Casaroli-Marano RP, Fari\u00f1as O, Vilarrodona A.<br><a href=\"https:\/\/pubmed.ncbi.nlm.nih.gov\/34542324\/\" target=\"_blank\" rel=\"noreferrer noopener\">&#8220;Off-the-Shelf&#8221; nerve matrix preservation<\/a>.<br><strong>Biopreserv Biobank<\/strong> 2022, 20 (1): 48-58. <br>doi: <a href=\"https:\/\/doi.org\/10.1089\/bio.2020.0158\" target=\"_blank\" rel=\"noreferrer noopener\">10.1089\/bio.2020.0158<\/a>.<\/p>\n\n\n\n<p>Rubio MA, Herrando-Grabulosa M, Velasco R, Blasco I, Povedano M, Navarro X.<br><a href=\"https:\/\/pubmed.ncbi.nlm.nih.gov\/35053327\/\" target=\"_blank\" rel=\"noreferrer noopener\">TDP-43 cytoplasmic translocation in the skin fibroblasts of ALS patients<\/a>.<br><strong>Cells<\/strong> 2022, 11 (2): 209. <br>doi: <a href=\"https:\/\/doi.org\/10.3390\/cells11020209\" target=\"_blank\" rel=\"noreferrer noopener\">10.3390\/cells11020209<\/a>.<\/p>\n\n\n\n<p>Leal-Juli\u00e0 M, Vilches JJ, Onieva A, Verd\u00e9s S, S\u00e1nchez \u00c1, Chill\u00f3n M, Navarro X, Bosch A.<br><a href=\"https:\/\/pubmed.ncbi.nlm.nih.gov\/34856394\/\" target=\"_blank\" rel=\"noreferrer noopener\">Proteomic quantitative study of dorsal root ganglia and sciatic nerve in type 2 diabetic mice<\/a>.<br><strong>Mol Metab<\/strong> 2022, 55: 101408. <br>doi: <a href=\"https:\/\/doi.org\/10.1016\/j.molmet.2021.101408\" target=\"_blank\" rel=\"noreferrer noopener\">10.1016\/j.molmet.2021.101408<\/a><\/p>\n\n\n\n<p>Sanchez-Fernandez A, Zandee S, Mastrogiovann M, Charabati M, Rubbo H, Prat A, Lopez-Vales R.<br><a href=\"https:\/\/pubmed.ncbi.nlm.nih.gov\/35109863\" target=\"_blank\" rel=\"noreferrer noopener\">Administration of Maresin-1 ameliorates the physiopathology of experimental autoimmune encephalomyelitis<\/a><strong>.<br>J Neuroinflammation<\/strong> 2022, 19 (1): 27. <br>doi: <a href=\"https:\/\/doi.org\/10.1186\/s12974-022-02386-1\" target=\"_blank\" rel=\"noreferrer noopener\">10.1186\/s12974-022-02386-1<\/a>.<\/p>\n\n\n\n<p>Amo-Aparicio J, Garcia-Garcia J, Puigdomenech M, Francos-Quijorna I, Skouras DB, Dinarello CA, L\u00f3pez-Vales R.<br><a href=\"https:\/\/pubmed.ncbi.nlm.nih.gov\/34624330\/\" target=\"_blank\" rel=\"noreferrer noopener\">Inhibition of the NLRP3 inflammasome by OLT1177 induces functional protection and myelin preservation after spinal cord injury<\/a><strong>.<br>Exp Neurol<\/strong> 2022, 347: 113889. <br>doi: <a href=\"https:\/\/doi.org\/10.1016\/j.expneurol.2021.113889\" target=\"_blank\" rel=\"noreferrer noopener\">10.1016\/j.expneurol.2021.113889<\/a>.<\/p>\n\n\n\n<p>Mastrogiovanni M, Trostchansky A, Naya H, Dominguez R, Marco C, Povedano M, L\u00f3pez-Vales R, Rubbo H.<br><a href=\"https:\/\/pubmed.ncbi.nlm.nih.gov\/35327476\/\" target=\"_blank\" rel=\"noreferrer noopener\">HPLC-MS\/MS oxylipin analysis of plasma from ALS patients<\/a>.<br><strong>Biomedicines<\/strong> 2022, 10 (3): 674. <br>doi: <a href=\"https:\/\/doi.org\/10.3390\/biomedicines10030674\" target=\"_blank\" rel=\"noreferrer noopener\">10.3390\/biomedicines10030674<\/a>.<\/p>\n\n\n\n<p>Palom\u00e9s-Borrajo G, Navarro X, Penas C.<br><a href=\"https:\/\/pubmed.ncbi.nlm.nih.gov\/335218246\/\" target=\"_blank\" rel=\"noreferrer noopener\">BET protein inhibition in macrophages enhances dorsal root ganglion neurite outgrowth in female mice<\/a>.<br><strong>J Neurosci Res <\/strong>2022, 100 (6): 1331-1346. <br>doi: <a href=\"https:\/\/doi.org\/10.1002\/jnr.25036\" target=\"_blank\" rel=\"noreferrer noopener\">10.1002\/jnr.25036<\/a>.<\/p>\n\n\n\n<p>Baylo-Marin O, Flores A, Garcia-Alias G.<br><a href=\"https:\/\/pubmed.ncbi.nlm.nih.gov\/34813841\/\" target=\"_blank\" rel=\"noreferrer noopener\">Long-term rehabilitation reduces task error variability in cervical spinal cord contused rats<\/a>.<br><strong>Exp Neurol<\/strong> 2022, 348: 113928. <br>doi: <a href=\"https:\/\/doi.org\/10.1016\/j.expneurol.2021.113928\" target=\"_blank\" rel=\"noreferrer noopener\">10.1016\/j.expneurol.2021.113928<\/a>.<\/p>\n\n\n\n<p>Cottilli P, Gaja-Capdevila N, Navarro X.<br><a href=\"https:\/\/pubmed.ncbi.nlm.nih.gov\/35406646\/\" target=\"_blank\" rel=\"noreferrer noopener\">Effects of Sigma-1 receptor ligands on peripheral nerve regeneration<\/a>.<br><strong>Cells <\/strong>2022, 11 (7): 1083. <br>doi: <a href=\"https:\/\/doi.org\/10.3390\/cells11071083\" target=\"_blank\" rel=\"noreferrer noopener\">10.3390\/cells11071083<\/a>.<\/p>\n\n\n\n<p>Salgado A, Navarro X, Madduri S.<br><a href=\"https:\/\/pubmed.ncbi.nlm.nih.gov\/335433666\/\" target=\"_blank\" rel=\"noreferrer noopener\">Editorial: Emerging therapeutic approaches for repair and regeneration of injuries in the peripheral nervous system<\/a>.<br><strong>Front Bioeng Biotechnol <\/strong>2022; 10:891459. <br>doi: <a href=\"https:\/\/doi.org\/10.3389\/fbioe.2022.891459\" target=\"_blank\" rel=\"noreferrer noopener\">10.3389\/fbioe.2022.891459<\/a>.<\/p>\n\n\n\n<p>Contreras E, Bol\u00edvar S, Navarro X, Udina E.<br><a href=\"https:\/\/pubmed.ncbi.nlm.nih.gov\/35398149\/\" target=\"_blank\" rel=\"noreferrer noopener\">New insights into peripheral nerve regeneration: The role of secretomes<\/a>.<br><strong>Exp Neurol<\/strong> 2022, 354: 114069. <br>doi: <a href=\"https:\/\/doi.org\/10.1016\/j.expneurol.2022.114069\" target=\"_blank\" rel=\"noreferrer noopener\">10.1016\/j.expneurol.2022.114069<\/a>.<\/p>\n\n\n\n<p>Rubio MA, Herrando-Grabulosa M, Gaja-Capdevila N, Vilches JJ, Navarro X.<br><a href=\"https:\/\/pubmed.ncbi.nlm.nih.gov\/35534694\/\" target=\"_blank\" rel=\"noreferrer noopener\">Characterization of somatosensory neuron involvement in the SOD1G93A mouse model<\/a>.<br><strong>Sci Rep<\/strong> 2022, 12 (1): 7600. <br>doi: <a href=\"https:\/\/doi.org\/10.1038\/s41598-022-11767-8\" target=\"_blank\" rel=\"noreferrer noopener\">10.1038\/s41598-022-11767-8<\/a>.<\/p>\n\n\n\n<p>Gaja\u2010Capdevila N, Hern\u00e1ndez N, Yeste S, Reinoso RF, Burgue\u00f1o J, Montero A, Merlos M, Vela JM, Herrando\u2010Grabulosa M, Navarro X.<br><a href=\"https:\/\/pubmed.ncbi.nlm.nih.gov\/35743175\/\" target=\"_blank\" rel=\"noreferrer noopener\">EST79232 and EST79376, two novel sigma\u20101 receptor ligands, exert neuroprotection on models of motoneuron degeneration<\/a>.<br><strong>Int J Mol Sci<\/strong> 2022, 23:6737. <br>doi: <a href=\"https:\/\/doi.org\/10.3390\/ijms23126737\" target=\"_blank\" rel=\"noreferrer noopener\">10.3390\/ijms23126737<\/a>.<\/p>\n\n\n\n<p>S\u00e1nchez-Ventura J, Lane MA, Udina E.<br><a href=\"https:\/\/pubmed.ncbi.nlm.nih.gov\/35669108\/\" target=\"_blank\" rel=\"noreferrer noopener\">The role and modulation of spinal perineuronal nets in the healthy and injured spinal cord<\/a>.<br><strong>Front Cell Neurosci<\/strong> 2022, 16: 893857. <br>doi: <a href=\"https:\/\/doi.org\/10.3389\/fncel.2022.893857\" target=\"_blank\" rel=\"noreferrer noopener\">10.3389\/fncel.2022.893857<\/a>.<\/p>\n\n\n\n<p>Vives J, Hern\u00e1ndez J, Mirabel C, Puigdomenech-Poch M, Romeo-Guitart D, Marmolejo-Mart\u00ednez-Artesero S, Cabrera-P\u00e9rez R, Jaramillo J, Kumru H, Garc\u00eda-L\u00f3pez J, Vidal-Sams\u00f3 J, Navarro X, Coll-Bonet R.<br><a href=\"https:\/\/pubmed.ncbi.nlm.nih.gov\/35883596\/\" target=\"_blank\" rel=\"noreferrer noopener\">Preclinical development of a therapy for chronic traumatic spinal cord injury in rats using human Wharton&#8217;s jelly mesenchymal stromal cells: proof of concept and regulatory compliance<\/a>.<br><strong>Cells<\/strong> 2022, 11 (14): 2153. <br>doi: <a href=\"https:\/\/doi.org\/10.3390\/cells11142153\" target=\"_blank\" rel=\"noreferrer noopener\">10.3390\/cells11142153<\/a>.<\/p>\n\n\n\n<p>Cavalcanti F, Gonzalez-Rey E, Delgado M, Falo CP, Mestre L, Guaza C, O&#8217;Valle F, Lufino MMP, Xaus J, Mascar\u00f3 C, Lunardi S, Sacilotto N, Dessanti P, Rotllant D, Navarro X, Herrando-Grabulosa M, Buesa C, Maes T.<br><a href=\"https:\/\/pubmed.ncbi.nlm.nih.gov\/35890315\/\" target=\"_blank\" rel=\"noreferrer noopener\">Efficacy of Vafidemstat in experimental autoimmune encephalomyelitis highlights the KDM1A\/RCOR1\/HDAC epigenetic axis in multiple sclerosis<\/a>.<br><strong>Pharmaceutics<\/strong> 2022, 14 (7): 1420. <br>doi: <a href=\"https:\/\/doi.org\/10.3390\/pharmaceutics14071420\" target=\"_blank\" rel=\"noreferrer noopener\">10.3390\/pharmaceutics14071420<\/a>.<\/p>\n\n\n\n<p>Pannunzio B, Amo-Aparicio J, Juli\u00e1n C, L\u00f3pez-Vales R, Peluffo H, Lago N.<br><a href=\"https:\/\/pubmed.ncbi.nlm.nih.gov\/35681481\/\" target=\"_blank\" rel=\"noreferrer noopener\">CD200R1 contributes to successful functional reinnervation after a sciatic nerve injury<\/a>.<br><strong>Cells<\/strong> 2022, 11 (11): 1786. <br>doi: <a href=\"https:\/\/doi.org\/10.3390\/cells11111786\" target=\"_blank\" rel=\"noreferrer noopener\">10.3390\/cells11111786<\/a>.<\/p>\n\n\n\n<p>Khiar-Fern\u00e1ndez N, Zian D, V\u00e1zquez-Villa H, Mart\u00ednez FR, Escobar-Pe\u00f1a A, Foronda-Sainz R, Ray M, Puigdomenech-Poch M, Cincilla G, S\u00e1nchez-Mart\u00ednez M, Kihara Y, Chun J, L\u00f3pez-Vales R, L\u00f3pez-Rodr\u00edguez M, Ortega-Guti\u00e9rrez S.<br><a href=\"https:\/\/pubmed.ncbi.nlm.nih.gov\/35948083\/\" target=\"_blank\" rel=\"noreferrer noopener\">Novel Antagonist of the type 2 Lysophosphatidic acid receptor (LPA 2), UCM-14216, ameliorates spinal cord injury in mice<\/a>.<br><strong>J Med Chem<\/strong> 2022, 65 (16): 10956-10974. <br>doi: <a href=\"https:\/\/doi.org\/10.1021\/acs.jmedchem.2c00046\" target=\"_blank\" rel=\"noreferrer noopener\">10.1021\/acs.jmedchem.2c00046<\/a>.<\/p>\n\n\n\n<p>S\u00e1nchez-Ventura J, Canal C, Hidalgo J, Penas C, Navarro X, Torres-Espin A, Fouad K, Udina E.<br><a href=\"https:\/\/pubmed.ncbi.nlm.nih.gov\/36064003\/\" target=\"_blank\" rel=\"noreferrer noopener\">Aberrant perineuronal nets alter spinal circuits, impair motor function, and increase plasticity<\/a>.<br><strong>Exp Neurol<\/strong> 2022, 358: 114220. <br>doi: <a href=\"https:\/\/doi.org\/10.1016\/j.expneurol.2022.114220\" target=\"_blank\" rel=\"noreferrer noopener\">10.1016\/j.expneurol.2022.114220<\/a>.<\/p>\n\n\n\n<p>Contreras E, Bol\u00edvar S, Nieto-Nicolau N, Fari\u00f1as O, L\u00f3pez-Chic\u00f3n P, Navarro X, Udina E.<br><a href=\"https:\/\/pubmed.ncbi.nlm.nih.gov\/36114915\/\" target=\"_blank\" rel=\"noreferrer noopener\">A novel decellularized nerve graft for repairing peripheral nerve long gap injury in the rat<\/a>.<br><strong>Cell Tissue Res <\/strong>2022, 390(3):355-366. <br><a href=\"https:\/\/pubmed.ncbi.nlm.nih.gov\/36652014\/\" target=\"_blank\" rel=\"noreferrer noopener\">Correction<\/a> in <strong>Cell Tissue Res<\/strong> 2023; 391(3):611-612.<br>doi: <a href=\"https:\/\/doi.org\/10.1007\/s00441-022-03682-1\" target=\"_blank\" rel=\"noreferrer noopener\">10.1007\/s00441-022-03682-1<\/a>.<\/p>\n\n\n\n<p>Bol\u00edvar S, Udina E.<br><a href=\"https:\/\/pubmed.ncbi.nlm.nih.gov\/36108714\/\" target=\"_blank\" rel=\"noreferrer noopener\">Preferential regeneration and collateral dynamics of motor and sensory neurons after nerve injury in mice<\/a>.<br><strong>Exp Neurol<\/strong> 2022, 358: 114227. <br>doi: <a href=\"https:\/\/doi.org\/10.1016\/j.expneurol.2022.114227\" target=\"_blank\" rel=\"noreferrer noopener\">10.1016\/j.expneurol.2022.114227<\/a>.<\/p>\n\n\n\n<p>Valle G, Aiello G, Ciotti F, Cvancara P, Martinovic T, Kravic T, Navarro X, Stieglitz T, Bumbasirevic M, Raspopovic S.<br><a href=\"https:\/\/pubmed.ncbi.nlm.nih.gov\/36334353\/\" target=\"_blank\" rel=\"noreferrer noopener\">Multifaceted understanding of human nerve implants to design optimized electrodes for bioelectronics<\/a>.<br><strong>Biomaterials<\/strong> 2022, 291:121874. <br>doi: <a href=\"https:\/\/doi.org\/10.1016\/j.biomaterials.2022.121874\" target=\"_blank\" rel=\"noreferrer noopener\">10.1016\/j.biomaterials.2022.121874<\/a>.<\/p>\n\n\n\n<p>Calls A, Torres-Espin A, Tormo M, Mart\u00ednez-Escard\u00f3 L, Bonet N, Casals F, Navarro X, Yuste VJ, Udina E, Bruna J.<br><a href=\"https:\/\/pubmed.ncbi.nlm.nih.gov\/36369764\/\" target=\"_blank\" rel=\"noreferrer noopener\">A transient inflammatory response contributes to oxaliplatin neurotoxicity in mice<\/a>.<br><strong>Ann Clin Transl Neurol<\/strong> 2022, 9 (12): 1985-1998.<br>doi: <a href=\"https:\/\/doi.org\/0.1002\/acn3.51691\" target=\"_blank\" rel=\"noreferrer noopener\">0.1002\/acn3.51691<\/a>.<\/p>\n\n\n\n<p>Rubio MA, Herrando-Grabulosa M, Navarro X.<br><a href=\"https:\/\/pubmed.ncbi.nlm.nih.gov\/36555161\/\" target=\"_blank\" rel=\"noreferrer noopener\">Sensory involvement in Amyotrophic Lateral Sclerosis<\/a>.<br><strong>Int J Mol Sci<\/strong> 2022, 23: 15521. <br>doi: <a href=\"https:\/\/doi.org\/10.3390\/ijms232415521\" target=\"_blank\" rel=\"noreferrer noopener\">10.3390\/ijms232415521<\/a>.<\/p>\n\n\n\n<p>Contreras E, Traserra S, Bol\u00edvar S, For\u00e9s J, Jose-Cunilleras E, Garc\u00eda F, Delgado-Mart\u00ednez I, Holmgren S, Strehl R, Udina E, Navarro X.<br><a href=\"https:\/\/pubmed.ncbi.nlm.nih.gov\/36552838\/\" target=\"_blank\" rel=\"noreferrer noopener\">Repair of long nerve defects with a new decellularized nerve graft in rats and in sheep<\/a>.<br><strong>Cells<\/strong> 2022, 11 (24): 4074. <br>doi: <a href=\"https:\/\/doi.org\/10.3390\/cells11244074\" target=\"_blank\" rel=\"noreferrer noopener\">10.3390\/cells11244074<\/a>.<\/p>\n\n\n\n<p>Marco C, Sim\u00f3 M, Alemany M, Casasnovas C, Dom\u00ednguez R, Vilari\u00f1o N, Calvo M, Mart\u00edn-Liberal J, Brenes J, Sabater-Riera J, Bruna J, Velasco R.<br><a href=\"https:\/\/pubmed.ncbi.nlm.nih.gov\/36614930\/\" target=\"_blank\" rel=\"noreferrer noopener\">Myasthenia Gravis induced by immune checkpoint inhibitors: an emerging neurotoxicity in neuro-oncology practice: Case Series<\/a>.<br><strong>J Clin Med<\/strong> 2022, 12 (1): 130. <br>doi: <a href=\"https:\/\/doi.org\/10.3390\/jcm12010130\" target=\"_blank\" rel=\"noreferrer noopener\">10.3390\/jcm12010130<\/a>.<\/p>\n","protected":false},"excerpt":{"rendered":"<p>Villagr\u00e1n-Garc\u00eda M, Velasco R.Neurotoxicity and safety of the rechallenge of immune checkpoint inhibitors &#8211; a growing issue in neuro-oncology practice.Neurol Sci 2022, 43 (4): 2339-2361. doi: 10.1007\/s10072-022-05920-4. Nieto-Nicolau N, L\u00f3pez-Chic\u00f3n P, Torrico C, Bol\u00edvar S, Contreras-Carreton E, Udina E, Navarro X, Casaroli-Marano RP, Fari\u00f1as O, Vilarrodona A.&#8220;Off-the-Shelf&#8221; nerve matrix preservation.Biopreserv Biobank 2022, 20 (1): 48-58. [&hellip;]<\/p>\n","protected":false},"author":2863,"featured_media":0,"parent":0,"menu_order":0,"comment_status":"closed","ping_status":"closed","template":"","meta":{"footnotes":""},"class_list":["post-286","page","type-page","status-publish","hentry"],"_links":{"self":[{"href":"https:\/\/webs.uab.cat\/gnpr\/wp-json\/wp\/v2\/pages\/286","targetHints":{"allow":["GET"]}}],"collection":[{"href":"https:\/\/webs.uab.cat\/gnpr\/wp-json\/wp\/v2\/pages"}],"about":[{"href":"https:\/\/webs.uab.cat\/gnpr\/wp-json\/wp\/v2\/types\/page"}],"author":[{"embeddable":true,"href":"https:\/\/webs.uab.cat\/gnpr\/wp-json\/wp\/v2\/users\/2863"}],"replies":[{"embeddable":true,"href":"https:\/\/webs.uab.cat\/gnpr\/wp-json\/wp\/v2\/comments?post=286"}],"version-history":[{"count":2,"href":"https:\/\/webs.uab.cat\/gnpr\/wp-json\/wp\/v2\/pages\/286\/revisions"}],"predecessor-version":[{"id":753,"href":"https:\/\/webs.uab.cat\/gnpr\/wp-json\/wp\/v2\/pages\/286\/revisions\/753"}],"wp:attachment":[{"href":"https:\/\/webs.uab.cat\/gnpr\/wp-json\/wp\/v2\/media?parent=286"}],"curies":[{"name":"wp","href":"https:\/\/api.w.org\/{rel}","templated":true}]}}