{"id":550,"date":"2021-12-20T15:17:08","date_gmt":"2021-12-20T15:17:08","guid":{"rendered":"https:\/\/npiruab.wordpress.com\/blog\/"},"modified":"2026-03-25T22:54:54","modified_gmt":"2026-03-25T20:54:54","slug":"blog","status":"publish","type":"page","link":"https:\/\/webs.uab.cat\/gnpr\/blog\/","title":{"rendered":"Blog"},"content":{"rendered":"\n<hr class=\"wp-block-separator has-alpha-channel-opacity\" \/>\n\n\n\n<p class=\"has-larger-font-size\"><strong>Un compost de la UAB, designat medicament orfe per avan\u00e7ar cap a un nou tractament de la lesi\u00f3 medul\u00b7lar<\/strong><\/p>\n\n\n\n<p>L\u2019Ag\u00e8ncia Europea de Medicaments (EMA) ha designat medicament orfe un compost basat en la mol\u00e8cula lip\u00eddica bioactiva maresina 1 (MaR1) que est\u00e0 investigant un equip de recerca de la UAB per al tractament de la lesi\u00f3 medul\u00b7lar espinal.<\/p>\n\n\n<a class=\"wp-block-read-more\" href=\"https:\/\/webs.uab.cat\/gnpr\/blog\/\" target=\"_self\">https:\/\/www.uab.cat\/web\/sala-de-premsa\/detall-noticia\/un-compost-de-la-uab-designat-medicament-orfe-per-avancar-cap-a-un-nou-tractament-de-la-lesio-medul-lar-1345829508832.html?detid=1345982083673<span class=\"screen-reader-text\">: Blog<\/span><\/a>\n\n\n<hr class=\"wp-block-separator has-alpha-channel-opacity\" \/>\n\n\n\n<p class=\"has-larger-font-size\"><strong>Premi<\/strong>&nbsp;<strong>&#8220;Eduard Bertran i Rubio<\/strong>\u201d<\/p>\n\n\n\n<p>La Societat Catalana de Neurologia ha atorgat el <strong>Premi<\/strong>&nbsp;<strong>&#8220;Eduard Bertran i Rubio<\/strong>\u201d&nbsp;a l\u2019excel\u00b7l\u00e8ncia&nbsp; en la traject\u00f2ria professional i acad\u00e8mica en el camp de la Neurologia, en la seva edici\u00f3 de 2025, al professor <strong>Xavier Navarro Acebes<\/strong>.<\/p>\n\n\n\n<p>L\u2019entrega del Premi es va efectuar el 8 de maig de 2025, en el marc de la&nbsp;XXIXReuni\u00f3 Anual de la Societat Catalana de Neurologia,&nbsp;al World Trade Center de Barcelona.<\/p>\n\n\n\n<div class=\"wp-block-columns is-layout-flex wp-container-core-columns-is-layout-9d6595d7 wp-block-columns-is-layout-flex\">\n<div class=\"wp-block-column is-layout-flow wp-block-column-is-layout-flow\">\n<figure class=\"wp-block-image size-full\"><img loading=\"lazy\" decoding=\"async\" width=\"794\" height=\"796\" src=\"https:\/\/webs.uab.cat\/gnpr\/wp-content\/uploads\/sites\/555\/2025\/05\/Imatge2.jpg\" alt=\"\" class=\"wp-image-737\" srcset=\"https:\/\/webs.uab.cat\/gnpr\/wp-content\/uploads\/sites\/555\/2025\/05\/Imatge2.jpg 794w, https:\/\/webs.uab.cat\/gnpr\/wp-content\/uploads\/sites\/555\/2025\/05\/Imatge2-300x300.jpg 300w, https:\/\/webs.uab.cat\/gnpr\/wp-content\/uploads\/sites\/555\/2025\/05\/Imatge2-150x150.jpg 150w, https:\/\/webs.uab.cat\/gnpr\/wp-content\/uploads\/sites\/555\/2025\/05\/Imatge2-768x770.jpg 768w\" sizes=\"auto, (max-width: 794px) 100vw, 794px\" \/><\/figure>\n<\/div>\n\n\n\n<div class=\"wp-block-column is-layout-flow wp-block-column-is-layout-flow\">\n<figure class=\"wp-block-image size-full\"><img loading=\"lazy\" decoding=\"async\" width=\"858\" height=\"834\" src=\"https:\/\/webs.uab.cat\/gnpr\/wp-content\/uploads\/sites\/555\/2025\/05\/Imatge3-1.jpg\" alt=\"\" class=\"wp-image-738\" srcset=\"https:\/\/webs.uab.cat\/gnpr\/wp-content\/uploads\/sites\/555\/2025\/05\/Imatge3-1.jpg 858w, https:\/\/webs.uab.cat\/gnpr\/wp-content\/uploads\/sites\/555\/2025\/05\/Imatge3-1-300x292.jpg 300w, https:\/\/webs.uab.cat\/gnpr\/wp-content\/uploads\/sites\/555\/2025\/05\/Imatge3-1-768x747.jpg 768w\" sizes=\"auto, (max-width: 858px) 100vw, 858px\" \/><\/figure>\n<\/div>\n<\/div>\n\n\n\n<hr class=\"wp-block-separator has-alpha-channel-opacity\" \/>\n\n\n\n<p class=\"has-larger-font-size\"><strong>Un nou f\u00e0rmac experimental millora la funci\u00f3 motora i prolonga la vida en un model d&#8217;ELA<\/strong><\/p>\n\n\n\n<p>Un estudi col\u00b7laboratiu amb participaci\u00f3 de la UAB ha mostrat la capacitat de la mol\u00e8cula MP-010 de millorar la funci\u00f3 motora i prolongar l&#8217;esperan\u00e7a de vida en un model de ratol\u00ed d&#8217;Esclerosi Lateral Amiotr\u00f2fica (ELA), una malaltia neurodegenerativa greu sense tractaments efectius.<\/p>\n\n\n<a class=\"wp-block-read-more\" href=\"https:\/\/webs.uab.cat\/gnpr\/blog\/\" target=\"_blank\">https:\/\/www.uab.cat\/web\/sala-de-premsa\/detall-noticia\/un-nou-farmac-experimental-millora-la-funcio-motora-i-prolonga-la-vida-en-un-model-d-ela-1345829508832.html?detid=1345952720286<span class=\"screen-reader-text\">: Blog<\/span><\/a>\n\n\n<hr class=\"wp-block-separator has-alpha-channel-opacity\" \/>\n\n\n\n<p class=\"has-larger-font-size\"><strong>BioFINE project meeting at UAB<\/strong><\/p>\n\n\n\n<p>The members of the <strong>BioFINE project<\/strong>, acronym for <strong>BioFunctional IntraNeural Electrodes<\/strong>, funded by the European Innovation Council within the HORIZON-EIC-2022-PATHFINDEROPEN program, met at the Faculty of Medicine of the UAB, last March 27-28, 2025.<\/p>\n\n\n\n<p>In the meeting, the partner teams, of Chalmers Technology University, University of Friburg, Universit\u00e0 de Ferrara and UAB, presented the research developed during the first two years of the project, and planned the collaborative activities for the final period.<\/p>\n\n\n\n<p>The ultimate goal of BioFINE is to investigate and produce a combined approach to bridge the gap from electrodes to nerves and generate long term functional nerve interfaces that can benefit patients affected by amputations and severe neural injuries.<\/p>\n\n\n\n<div class=\"wp-block-columns is-layout-flex wp-container-core-columns-is-layout-9d6595d7 wp-block-columns-is-layout-flex\">\n<div class=\"wp-block-column is-layout-flow wp-block-column-is-layout-flow\">\n<figure class=\"wp-block-image size-medium is-resized\"><img loading=\"lazy\" decoding=\"async\" width=\"300\" height=\"113\" src=\"https:\/\/webs.uab.cat\/gnpr\/wp-content\/uploads\/sites\/555\/2025\/04\/Imatge2-2-300x113.jpg\" alt=\"\" class=\"wp-image-729\" style=\"width:313px;height:auto\" srcset=\"https:\/\/webs.uab.cat\/gnpr\/wp-content\/uploads\/sites\/555\/2025\/04\/Imatge2-2-300x113.jpg 300w, https:\/\/webs.uab.cat\/gnpr\/wp-content\/uploads\/sites\/555\/2025\/04\/Imatge2-2.jpg 739w\" sizes=\"auto, (max-width: 300px) 100vw, 300px\" \/><\/figure>\n<\/div>\n\n\n\n<div class=\"wp-block-column is-layout-flow wp-block-column-is-layout-flow\">\n<figure class=\"wp-block-image size-full\"><img loading=\"lazy\" decoding=\"async\" width=\"491\" height=\"277\" src=\"https:\/\/webs.uab.cat\/gnpr\/wp-content\/uploads\/sites\/555\/2025\/04\/Imatge1-1.jpg\" alt=\"\" class=\"wp-image-730\" srcset=\"https:\/\/webs.uab.cat\/gnpr\/wp-content\/uploads\/sites\/555\/2025\/04\/Imatge1-1.jpg 491w, https:\/\/webs.uab.cat\/gnpr\/wp-content\/uploads\/sites\/555\/2025\/04\/Imatge1-1-300x169.jpg 300w\" sizes=\"auto, (max-width: 491px) 100vw, 491px\" \/><\/figure>\n<\/div>\n<\/div>\n\n\n\n<hr class=\"wp-block-separator has-alpha-channel-opacity\" \/>\n\n\n\n<p class=\"has-larger-font-size\"><strong>DIPOLE project starts<\/strong><\/p>\n\n\n\n<p>February 20th, 2025 we had the first Kick-Off meeting of the DIPOLE project, a collaboration of the company StereoDive Medical with the Instituto Hospital del Mar de Investigaciones M\u00e9dicas (IMIM) and Universitat Aut\u00f2noma de Barcelona, supported by the Public-Private Collaboration Projects \u2013 2023 Call.<br>This is the beginning of an innovative partnership to explore and fully develop the potential of the stereoDiver platform for the surgical planning of stereoencephalography (sEEG), as well as its potential applications in therapeutic surgical interventions for epilepsy. Ignacio Delgado is the local PI of the UAB<\/p>\n\n\n<div class=\"wp-block-image\">\n<figure class=\"aligncenter size-full\"><img loading=\"lazy\" decoding=\"async\" width=\"586\" height=\"223\" src=\"https:\/\/webs.uab.cat\/gnpr\/wp-content\/uploads\/sites\/555\/2025\/03\/Imatge1.jpg\" alt=\"\" class=\"wp-image-722\" srcset=\"https:\/\/webs.uab.cat\/gnpr\/wp-content\/uploads\/sites\/555\/2025\/03\/Imatge1.jpg 586w, https:\/\/webs.uab.cat\/gnpr\/wp-content\/uploads\/sites\/555\/2025\/03\/Imatge1-300x114.jpg 300w\" sizes=\"auto, (max-width: 586px) 100vw, 586px\" \/><\/figure>\n<\/div>\n\n\n<hr class=\"wp-block-separator has-alpha-channel-opacity\" \/>\n\n\n\n<p class=\"has-larger-font-size\"><strong>La convocat\u00f2ria Proof of Concept de la UAB accelerar\u00e0 tres projectes de recerca<\/strong><\/p>\n\n\n\n<p>Els ajuts Proof of Concept s\u00f3n una convocat\u00f2ria pr\u00f2pia de la UAB que tenen l\u2019objectiu d\u2019accelerar la transfer\u00e8ncia de coneixement dels grups de recerca de la Universitat a trav\u00e9s d\u2019estudis que permetin avan\u00e7ar en la maduraci\u00f3 dels resultats de recerca que es volen transferir. En la darrera edici\u00f3, tres projectes han estat seleccionats. Entre aquests, el <strong>NERO-ALS: Neuroresolving Therapeutics: Developing Innovative Treatments to Combat Neuroinflammation in Degenerative Diseases with a Focus on ALS<\/strong> del Dr Rub\u00e8n Lopez-Vales, investigador del Grup de Neuroplasticitat i Regeneraci\u00f3 del Departament de Biologia Cel\u00b7lular, de Fisiologia i d\u2019Immunologia i de l\u2019Institut de Neuroci\u00e8ncies.<\/p>\n\n\n\n<p>Link <a href=\"https:\/\/www.uab.cat\/web\/sala-de-premsa\/detall-noticia\/la-convocatoria-proof-of-concept-de-la-uab-accelerara-tres-projectes-de-recerca-1345829508832.html?detid=1345944915843\" target=\"_blank\" rel=\"noreferrer noopener\">Not\u00edcia UAB<\/a><\/p>\n\n\n\n<hr class=\"wp-block-separator has-alpha-channel-opacity\" \/>\n\n\n\n<p class=\"has-larger-font-size\"><strong>EGNITE based electrodes for stimulation and recording in the nervous&nbsp;system<\/strong><\/p>\n\n\n\n<p>A study published in Nature Nanotechnology presents an innovative graphene-based neurotechnology, named EGNITE, for developing thin-film electrodes with enhanced capabilitites. This research, spearheaded by the Catalan Institute of Nanoscience and Nanotechnology (ICN2) together with the Universitat Aut\u00f2noma de Barcelona (UAB) and other national and international partners, has been developed in part with the support of GRAFIN and RESCUEGRAPH projects.<\/p>\n\n\n\n<p><a href=\"https:\/\/doi.org\/10.1038\/s41565-023-01570-5\">https:\/\/doi.org\/10.1038\/s41565-023-01570-5<\/a><\/p>\n\n\n\n<p>Figure: EGNITE electrode for peripheral nerve.<\/p>\n\n\n\n<figure class=\"wp-block-image is-resized\"><img loading=\"lazy\" decoding=\"async\" width=\"1966\" height=\"701\" src=\"https:\/\/npir-uab.org\/wp-content\/uploads\/2024\/01\/egnite-electrode.png?w=300\" alt=\"\" class=\"wp-image-547\" style=\"width:384px;height:auto\" srcset=\"https:\/\/webs.uab.cat\/gnpr\/wp-content\/uploads\/sites\/555\/2024\/01\/egnite-electrode.png 1966w, https:\/\/webs.uab.cat\/gnpr\/wp-content\/uploads\/sites\/555\/2024\/01\/egnite-electrode-300x107.png 300w, https:\/\/webs.uab.cat\/gnpr\/wp-content\/uploads\/sites\/555\/2024\/01\/egnite-electrode-1024x365.png 1024w, https:\/\/webs.uab.cat\/gnpr\/wp-content\/uploads\/sites\/555\/2024\/01\/egnite-electrode-768x274.png 768w, https:\/\/webs.uab.cat\/gnpr\/wp-content\/uploads\/sites\/555\/2024\/01\/egnite-electrode-1536x548.png 1536w, https:\/\/webs.uab.cat\/gnpr\/wp-content\/uploads\/sites\/555\/2024\/01\/egnite-electrode-1200x428.png 1200w\" sizes=\"auto, (max-width: 1966px) 100vw, 1966px\" \/><\/figure>\n\n\n\n<hr class=\"wp-block-separator has-alpha-channel-opacity\" \/>\n\n\n\n<p class=\"has-larger-font-size\"><strong>BioFINE project starts<\/strong><\/p>\n\n\n\n<p>After traumatic limb loss, electrically innervated bionic limbs help patients to gain independence and improve their quality of life beyond what is possible with more conventional prostheses. However, their insufficient long-term integration with the patient\u2019s own nervous system is a remaining barrier to broader clinical use. The astonishing potential of bionics to use finer details in nerve signaling patterns for limb control, or to provide bionic limbs with artificial sensory function, can only truly come to patient benefit when this performance remains over many years.<\/p>\n\n\n\n<figure class=\"wp-block-image size-medium\"><img loading=\"lazy\" decoding=\"async\" width=\"300\" height=\"113\" src=\"https:\/\/webs.uab.cat\/gnpr\/wp-content\/uploads\/sites\/555\/2023\/05\/biofine-brown-orange-300x113.jpg\" alt=\"\" class=\"wp-image-456\" srcset=\"https:\/\/webs.uab.cat\/gnpr\/wp-content\/uploads\/sites\/555\/2023\/05\/biofine-brown-orange-300x113.jpg 300w, https:\/\/webs.uab.cat\/gnpr\/wp-content\/uploads\/sites\/555\/2023\/05\/biofine-brown-orange-1024x386.jpg 1024w, https:\/\/webs.uab.cat\/gnpr\/wp-content\/uploads\/sites\/555\/2023\/05\/biofine-brown-orange-768x289.jpg 768w, https:\/\/webs.uab.cat\/gnpr\/wp-content\/uploads\/sites\/555\/2023\/05\/biofine-brown-orange-1536x579.jpg 1536w, https:\/\/webs.uab.cat\/gnpr\/wp-content\/uploads\/sites\/555\/2023\/05\/biofine-brown-orange-2048x772.jpg 2048w, https:\/\/webs.uab.cat\/gnpr\/wp-content\/uploads\/sites\/555\/2023\/05\/biofine-brown-orange-1200x452.jpg 1200w, https:\/\/webs.uab.cat\/gnpr\/wp-content\/uploads\/sites\/555\/2023\/05\/biofine-brown-orange-1980x746.jpg 1980w\" sizes=\"auto, (max-width: 300px) 100vw, 300px\" \/><\/figure>\n\n\n\n<p>The&nbsp;<strong>BioFINE project<\/strong>, acronym for&nbsp;<strong>BioFunctional IntraNeural Electrodes<\/strong>, funded by the European Innovation Council within the HORIZON-EIC-2022-PATHFINDEROPEN program, aims to enhance biocompatibility of intraneural electrodes for bionic limbs as a multi-dimensional chemical-engineering challenge. New micro- and nanofabrication processes will shape implants and interconnections with individual features below one micron, making it possible to greatly reduce the impact these implants have on the surrounding tissue. Notably we will not need to reduce electrical functionality but on the contrary add more electrodes for even better interfacing of the intraneural space. To further enhance tissue integration, our implants will be dressed in bio-functional coatings that release anti-inflammatory drugs or act as biomimetic interfaces to improve cell-surface interaction. Our long-term vision is to develop the first intraneural high channel-count interface capable of harvesting\/injecting signals for motor control and sensory feedback to prosthetic limbs while designed to operate over decades.<\/p>\n\n\n\n<figure class=\"wp-block-image size-large\"><img loading=\"lazy\" decoding=\"async\" width=\"1024\" height=\"860\" src=\"https:\/\/webs.uab.cat\/gnpr\/wp-content\/uploads\/sites\/555\/2023\/05\/biofine-scheme-1024x860.jpg\" alt=\"\" class=\"wp-image-458\" srcset=\"https:\/\/webs.uab.cat\/gnpr\/wp-content\/uploads\/sites\/555\/2023\/05\/biofine-scheme-1024x860.jpg 1024w, https:\/\/webs.uab.cat\/gnpr\/wp-content\/uploads\/sites\/555\/2023\/05\/biofine-scheme-300x252.jpg 300w, https:\/\/webs.uab.cat\/gnpr\/wp-content\/uploads\/sites\/555\/2023\/05\/biofine-scheme-768x645.jpg 768w, https:\/\/webs.uab.cat\/gnpr\/wp-content\/uploads\/sites\/555\/2023\/05\/biofine-scheme-1536x1290.jpg 1536w, https:\/\/webs.uab.cat\/gnpr\/wp-content\/uploads\/sites\/555\/2023\/05\/biofine-scheme-1200x1007.jpg 1200w, https:\/\/webs.uab.cat\/gnpr\/wp-content\/uploads\/sites\/555\/2023\/05\/biofine-scheme-1980x1662.jpg 1980w, https:\/\/webs.uab.cat\/gnpr\/wp-content\/uploads\/sites\/555\/2023\/05\/biofine-scheme.jpg 1994w\" sizes=\"auto, (max-width: 1024px) 100vw, 1024px\" \/><\/figure>\n\n\n\n<p>The&nbsp;<strong>BioFINE project started 1st of April 2023<\/strong>&nbsp;and rely on close interaction between scientists working at&nbsp;<strong>University of Freiburg<\/strong>&nbsp;and&nbsp;<strong>Chalmers University of Technology<\/strong>&nbsp;developing the implants,&nbsp;<strong>University of Ferrara<\/strong>&nbsp;developing new methodology for implant biofunctionalization and the&nbsp;<strong>Universitat Aut\u00f2noma de Barcelona<\/strong>&nbsp;analyzing the effect of these new implant concepts on the performance in the nerve. The&nbsp;<strong>Group of Neuroplasticity and Regeneration<\/strong>&nbsp;of the UAB, led by Prof. Xavier Navarro, will lead the validation of the new interface system in vivo. The ultimate goal is to have a combined approach to bridge the gap from electrodes to nerves and generate a long term functional peripheral nerve interface that can benefit patients long term.<\/p>\n\n\n\n<figure class=\"wp-block-image size-medium\"><img loading=\"lazy\" decoding=\"async\" width=\"300\" height=\"203\" src=\"https:\/\/webs.uab.cat\/gnpr\/wp-content\/uploads\/sites\/555\/2023\/05\/biofine-meeting-300x203.jpg\" alt=\"\" class=\"wp-image-460\" srcset=\"https:\/\/webs.uab.cat\/gnpr\/wp-content\/uploads\/sites\/555\/2023\/05\/biofine-meeting-300x203.jpg 300w, https:\/\/webs.uab.cat\/gnpr\/wp-content\/uploads\/sites\/555\/2023\/05\/biofine-meeting-1024x694.jpg 1024w, https:\/\/webs.uab.cat\/gnpr\/wp-content\/uploads\/sites\/555\/2023\/05\/biofine-meeting-768x520.jpg 768w, https:\/\/webs.uab.cat\/gnpr\/wp-content\/uploads\/sites\/555\/2023\/05\/biofine-meeting-1536x1041.jpg 1536w, https:\/\/webs.uab.cat\/gnpr\/wp-content\/uploads\/sites\/555\/2023\/05\/biofine-meeting-2048x1387.jpg 2048w, https:\/\/webs.uab.cat\/gnpr\/wp-content\/uploads\/sites\/555\/2023\/05\/biofine-meeting-1200x813.jpg 1200w, https:\/\/webs.uab.cat\/gnpr\/wp-content\/uploads\/sites\/555\/2023\/05\/biofine-meeting-1980x1341.jpg 1980w\" sizes=\"auto, (max-width: 300px) 100vw, 300px\" \/><\/figure>\n\n\n\n<hr class=\"wp-block-separator has-alpha-channel-opacity\" \/>\n\n\n\n<p class=\"has-larger-font-size\"><strong>FLAG-ERA funds ten new projects on graphene research and&nbsp;applications<\/strong><\/p>\n\n\n\n<p><strong><a href=\"https:\/\/www.flagera.eu\/flag-era-calls\/flag-era-joint-transnational-call-jtc-2021\/jtc-2021-funded-projects\/\" target=\"_blank\" rel=\"noreferrer noopener\">RESCUEGRAPH<\/a><\/strong>. Led by the Group de Neuroplasticity and Regeneration of the Universitat Aut\u00f2noma de Barcelona, Spain, this project will develop graphene-based neural interfaces. These devices will play a key role in rehabilitation therapies, offering new opportunities to restore lost sensory and motor functions caused by spinal cord injuries. The properties of graphene enable flexible and precise electrodes for brain stimulation, which drives rehabilitation through neuroplasticity.<\/p>\n\n\n\n<figure class=\"wp-block-image\"><a href=\"https:\/\/www.mynewsdesk.com\/graphene-flagship\" target=\"_blank\" rel=\"noreferrer noopener\"><img loading=\"lazy\" decoding=\"async\" width=\"500\" height=\"139\" src=\"https:\/\/npir-uab.org\/wp-content\/uploads\/2021\/12\/xxbl4lrbryamwpj95t9u.jpg?w=500\" alt=\"\" class=\"wp-image-229\" srcset=\"https:\/\/webs.uab.cat\/gnpr\/wp-content\/uploads\/sites\/555\/2021\/12\/xxbl4lrbryamwpj95t9u.jpg 500w, https:\/\/webs.uab.cat\/gnpr\/wp-content\/uploads\/sites\/555\/2021\/12\/xxbl4lrbryamwpj95t9u-300x83.jpg 300w\" sizes=\"auto, (max-width: 500px) 100vw, 500px\" \/><\/a><\/figure>\n\n\n\n<p><a href=\"https:\/\/www.mynewsdesk.com\/graphene-flagship\/news\/flag-era-funds-ten-new-projects-on-graphene-research-and-applications-437732#msdynttrid=KR3yfkbl6vq0rK9HwtpxccIZWikdmvy5Y0hDh0dtvao\" target=\"_blank\" rel=\"noreferrer noopener\">LINK ABOUT NEW<\/a><\/p>\n\n\n\n<figure class=\"wp-block-image\"><a href=\"https:\/\/www.flagera.eu\/\" target=\"_blank\" rel=\"noreferrer noopener\"><img loading=\"lazy\" decoding=\"async\" width=\"269\" height=\"80\" src=\"https:\/\/npir-uab.org\/wp-content\/uploads\/2021\/12\/logo-flagera.png?w=269\" alt=\"\" class=\"wp-image-231\" \/><\/a><\/figure>\n\n\n\n<hr class=\"wp-block-separator has-alpha-channel-opacity\" \/>\n\n\n\n<p class=\"has-larger-font-size\"><strong>The SOMA project starts<\/strong><\/p>\n\n\n\n<p>The SOMA project, led by Prof. Loredana Zollo, of the Universit\u00e0 Campus Bio-Medico di Roma (UCBM), and funded by the European Commission within the H2020-FETOPEN-2018-2020 programme (https:\/\/cordis.europa.eu\/project\/id\/899822), gets into the thick of things. A highly challenging study in the field of upper limb neuroprostheses: SOMA aims at developing <strong><em>novel low-invasive bidirectional interface<\/em><\/strong> based on <strong><em>ultrasound probes and algorithms<\/em><\/strong> enabling the decoding of muscular activity and the sensing of close-to-natural somatic sensations.<\/p>\n\n\n\n<p>The first meeting between the 7 partners involved in the SOMA project took place on October 28<sup>th<\/sup>. An international network of partners collaborates to the project: <strong>Fraunhofer-Institut f\u00fcr Biomedizinische Technik<\/strong> will develop the ultrasound (US) probes, <strong>University College of London<\/strong> will develop the miniaturized electronics, <strong>Imperial College London<\/strong> will investigate the myoelectric control based on US recording of the prosthesis, <strong>Universit\u00e0 di Napoli<\/strong> \u201cFederico II\u201d will develop an in vitro model of the muscles and of the somatosensory system for the experimental validation of the US interfaces, <strong>Universidad Autonoma de Barcelona<\/strong> will perform tests of biocompatibility and functionality on animal models, and <strong>\u00d6ssur<\/strong>, a world leader company in the development of prostheses, will contribute to the development of the new SOMA prosthesis. The team of partners is coordinated by <strong>UCBM<\/strong>, who will also develop the instrumented hand prosthesis, the algorithms for encoding somatic sensations and the techniques for stimulating the PNS through ultrasound probes. The UAB team, led by Prof. Xavier Navarro, will lead the validation of the new interface system in vivo. The virtual kick-off meeting defined the first actions to achieve the ambitious objectives of the project: the prostheses will be able to feel and route back to the amputee tactile and thermal sensations, and also pain. To this purpose, SOMA will take advantage of the most advanced technology in the field of tissue engineering and neurocomputational modeling, integrated in a synergistic way with the most advanced technologies, hardware and software, in the field of neuroprostheses and implantable devices<\/p>\n\n\n\n<figure class=\"wp-block-image size-large is-resized\"><img loading=\"lazy\" decoding=\"async\" width=\"1250\" height=\"373\" src=\"https:\/\/npiruab.files.wordpress.com\/2021\/12\/soma-family.jpg?w=1024\" alt=\"\" class=\"wp-image-199\" style=\"width:512px;height:153px\" srcset=\"https:\/\/webs.uab.cat\/gnpr\/wp-content\/uploads\/sites\/555\/2021\/12\/soma-family.jpg 1250w, https:\/\/webs.uab.cat\/gnpr\/wp-content\/uploads\/sites\/555\/2021\/12\/soma-family-300x90.jpg 300w, https:\/\/webs.uab.cat\/gnpr\/wp-content\/uploads\/sites\/555\/2021\/12\/soma-family-1024x306.jpg 1024w, https:\/\/webs.uab.cat\/gnpr\/wp-content\/uploads\/sites\/555\/2021\/12\/soma-family-768x229.jpg 768w, https:\/\/webs.uab.cat\/gnpr\/wp-content\/uploads\/sites\/555\/2021\/12\/soma-family-1200x358.jpg 1200w\" sizes=\"auto, (max-width: 1250px) 100vw, 1250px\" \/><\/figure>\n\n\n\n<hr class=\"wp-block-separator has-css-opacity is-style-default\" \/>\n\n\n\n<p><\/p>\n","protected":false},"excerpt":{"rendered":"<p>Un compost de la UAB, designat medicament orfe per avan\u00e7ar cap a un nou tractament de la lesi\u00f3 medul\u00b7lar L\u2019Ag\u00e8ncia Europea de Medicaments (EMA) ha designat medicament orfe un compost basat en la mol\u00e8cula lip\u00eddica bioactiva maresina 1 (MaR1) que est\u00e0 investigant un equip de recerca de la UAB per al tractament de la lesi\u00f3 [&hellip;]<\/p>\n","protected":false},"author":2863,"featured_media":0,"parent":0,"menu_order":0,"comment_status":"closed","ping_status":"closed","template":"","meta":{"footnotes":""},"class_list":["post-550","page","type-page","status-publish","hentry"],"_links":{"self":[{"href":"https:\/\/webs.uab.cat\/gnpr\/wp-json\/wp\/v2\/pages\/550","targetHints":{"allow":["GET"]}}],"collection":[{"href":"https:\/\/webs.uab.cat\/gnpr\/wp-json\/wp\/v2\/pages"}],"about":[{"href":"https:\/\/webs.uab.cat\/gnpr\/wp-json\/wp\/v2\/types\/page"}],"author":[{"embeddable":true,"href":"https:\/\/webs.uab.cat\/gnpr\/wp-json\/wp\/v2\/users\/2863"}],"replies":[{"embeddable":true,"href":"https:\/\/webs.uab.cat\/gnpr\/wp-json\/wp\/v2\/comments?post=550"}],"version-history":[{"count":9,"href":"https:\/\/webs.uab.cat\/gnpr\/wp-json\/wp\/v2\/pages\/550\/revisions"}],"predecessor-version":[{"id":787,"href":"https:\/\/webs.uab.cat\/gnpr\/wp-json\/wp\/v2\/pages\/550\/revisions\/787"}],"wp:attachment":[{"href":"https:\/\/webs.uab.cat\/gnpr\/wp-json\/wp\/v2\/media?parent=550"}],"curies":[{"name":"wp","href":"https:\/\/api.w.org\/{rel}","templated":true}]}}