{"id":70,"date":"2021-12-21T19:13:02","date_gmt":"2021-12-21T18:13:02","guid":{"rendered":"https:\/\/npiruab.wordpress.com\/?page_id=70"},"modified":"2025-08-16T18:51:55","modified_gmt":"2025-08-16T16:51:55","slug":"2020-2","status":"publish","type":"page","link":"https:\/\/webs.uab.cat\/gnpr\/2020-2\/","title":{"rendered":"2020"},"content":{"rendered":"\n<p>Gonzalez Gil I Zian D; V\u00e1zquez-Villa H, Hernandez-Torres G, Martinez F, Khiar-Fernandez N, Rivera R, Kihara Y, Devesa I, Mathivanan S, Rosell del Valle C, Zambrana-Infantes E, Puigdomenech M, Cincilla, G, Sanchez-Martinez M, Rodriguez de Fonseca F, Ferrer-Montiel A, Chun J, Lopez-Vales R, L\u00f3pez-Rodr\u00edguez M, Ortega-Gutierrez M. <br><a href=\"https:\/\/pubmed.ncbi.nlm.nih.gov\/31790581\/\" target=\"_blank\" rel=\"noreferrer noopener\">A novel agonist of the type 1 lysophosphatidic acid receptor (LPA1), UCM-05194, shows efficacy in neuropathic pain amelioration<\/a>.<br><strong>J Med Chem<\/strong> 2020, 63 (5): 2372-2390. <br>doi: <a href=\"https:\/\/doi.org\/10.1021\/acs.jmedchem.9b01287\" target=\"_blank\" rel=\"noreferrer noopener\">10.1021\/acs.jmedchem.9b01287<\/a>.<\/p>\n\n\n\n<p>Calls A, Carozzi V, Navarro X, Monza L, Bruna J.<br><a href=\"https:\/\/pubmed.ncbi.nlm.nih.gov\/31865195\/\" target=\"_blank\" rel=\"noreferrer noopener\">Pathogenesis of platinum-induced peripheral neurotoxicity: Insights from preclinical studies.<\/a><br><strong>Exp Neurol<\/strong> 2020, 325: 113141. <br>doi: <a href=\"https:\/\/doi.org\/10.1016\/j.expneurol.2019.113141\" target=\"_blank\" rel=\"noreferrer noopener\">10.1016\/j.expneurol.2019.113141<\/a>.<\/p>\n\n\n\n<p>Bruna J, Alberti P, Calls-Cobos A, Caillaud M, Damaj MI, Navarro X.<br><a href=\"https:\/\/pubmed.ncbi.nlm.nih.gov\/31837318\/\" target=\"_blank\" rel=\"noreferrer noopener\">Methods for in vivo studies in rodents of chemotherapy induced peripheral neuropathy<\/a>.<br><strong>Exp Neurol <\/strong>2020, 325: 113154. <br>doi: <a href=\"https:\/\/doi.org\/10.1016\/j.expneurol.2019.113154\" target=\"_blank\" rel=\"noreferrer noopener\">10.1016\/j.expneurol.2019.113154<\/a>.<\/p>\n\n\n\n<p>M\u00f2dol-Caballero G, Garc\u00eda-Lareu B, Verd\u00e9s S, Ariza L, S\u00e1nchez-Brualla I, Brocard F, Bosch A, Navarro X, Herrando-Grabulosa M.<br><a href=\"https:\/\/pubmed.ncbi.nlm.nih.gov\/31965551\/\" target=\"_blank\" rel=\"noreferrer noopener\">Therapeutic role of neuregulin 1 type III in SOD1-linked amyotrophic lateral sclerosis. <\/a><br><strong>Neurotherapeutics<\/strong> 2020, 17 (3): 1048-1060. <br>doi: <a href=\"https:\/\/doi.org\/10.1007\/s13311-019-00811-7\" target=\"_blank\" rel=\"noreferrer noopener\">10.1007\/s13311-019-00811-7<\/a>.<\/p>\n\n\n\n<p>Martinez-Muriana A, Pastor D, Mancuso R, Rando A, Osta R, Martinez S, Lopez-Vales R, Navarro N.<br><a href=\"https:\/\/pubmed.ncbi.nlm.nih.gov\/32033585\/\" target=\"_blank\" rel=\"noreferrer noopener\">Combined intramuscular and intraspinal transplant of bone marrow cells improves neuromuscular function in the SOD1G93A mice<\/a>.<br><strong>Stem Cell Res Ther<\/strong> 2020, 11 (1): 53. <br>doi: <a href=\"https:\/\/doi.org\/10.1186\/s13287-020-1573-6\" target=\"_blank\" rel=\"noreferrer noopener\">10.1186\/s13287-020-1573-6<\/a>.<\/p>\n\n\n\n<p>Romeo-Guitart D, Casas C.<br><a href=\"https:\/\/pubmed.ncbi.nlm.nih.gov\/32230770\/\" target=\"_blank\" rel=\"noreferrer noopener\">NeuroHeal treatment alleviates neuropathic pain and enhances sensory axon regeneration.<\/a><br><strong>Cells <\/strong>2020, 9 (4): 808. <br>doi:<a href=\"https:\/\/doi.org\/10.3390\/cells9040808\" target=\"_blank\" rel=\"noreferrer noopener\">10.3390\/cells9040808<\/a><\/p>\n\n\n\n<p>Lago N, Kauffman FN, Negro-Demontel ML, Ali-Ruiz D, Ghisleni G, Rego N, Arcas-Garc\u00eda A, Vitureira N, Jansen K, Souza LM, Silva RA, Lara DR, Pannunzio B, Abin-Carriquiry JA, Amo-Aparicio J, Martin-Otal C, Naya H, McGavern DB, Sayos J, Lopez-Vales R, Kaster MP, Peluffo H. <br><a href=\"https:\/\/pubmed.ncbi.nlm.nih.gov\/32152116\/\" target=\"_blank\" rel=\"noreferrer noopener\">CD300f immunoreceptor is associated with major depressive disorder and decreased microglial metabolic fitness<\/a>.<br><strong>Proc Natl Acad Sci USA<\/strong>\u00a02020, 117 (12): 6651-6662. <br>doi: <a href=\"https:\/\/doi.org\/10.1073\/pnas.1911816117\" target=\"_blank\" rel=\"noreferrer noopener\">10.1073\/pnas.1911816117<\/a>.<\/p>\n\n\n\n<p>M\u00f2dol-Caballero G, Herrando-Grabulosa M, Garc\u00eda-Lareu B, Solanes N, Verd\u00e9s S, Osta R, Francos-Quijorna I, L\u00f3pez-Vales R, Calvo AC, Bosch A, Navarro X.<br><a href=\"https:\/\/pubmed.ncbi.nlm.nih.gov\/32032731\/\" target=\"_blank\" rel=\"noreferrer noopener\">Gene therapy for overexpressing Neuregulin 1 type I in skeletal muscles promotes functional improvement in the SOD1(G93A) ALS mice<\/a>.<br><strong>Neurobiol Dis<\/strong> 2020, 137: 104793. <br>doi: <a href=\"https:\/\/doi.org\/10.1016\/j.nbd.2020.104793\" target=\"_blank\" rel=\"noreferrer noopener\">10.1016\/j.nbd.2020.104793<\/a>.<\/p>\n\n\n\n<p>Raspopovic S, Cimolato A, Panarese A, Vallone F, Del Valle J, Micera S, Navarro X.<br><a href=\"https:\/\/pubmed.ncbi.nlm.nih.gov\/32114143\/\" target=\"_blank\" rel=\"noreferrer noopener\">Neural signal recording and processing in somatic neuroprosthetic applications. A review<\/a>.<br><strong>J Neurosci Methods<\/strong> 2020, 337: 108653. <br>doi: <a href=\"https:\/\/doi.org\/10.1016\/j.jneumeth.2020.108653\" target=\"_blank\" rel=\"noreferrer noopener\">10.1016\/j.jneumeth.2020.108653<\/a>.<\/p>\n\n\n\n<p>Romeo-Guitart D, Marcos-DeJuana C, Marmolejo-Mart\u00ednez-Artesero S, Navarro X, Casas C.<br><a href=\"https:\/\/pubmed.ncbi.nlm.nih.gov\/32308774\/\" target=\"_blank\" rel=\"noreferrer noopener\">Novel neuroprotective therapy with NeuroHeal by autophagy induction for damaged neonatal motoneurons<\/a>.<br><strong>Theranostics<\/strong> 2020, 10 (11): 5154\u20105168. <br>doi:<a href=\"https:\/\/doi.org\/10.7150\/thno.43765\" target=\"_blank\" rel=\"noreferrer noopener\">10.7150\/thno.43765<\/a>.<\/p>\n\n\n\n<p>Romeo-Guitart D, Leiva-Rodr\u00edguez T, Casas C.<br><a href=\"https:\/\/pubmed.ncbi.nlm.nih.gov\/32323205\/\" target=\"_blank\" rel=\"noreferrer noopener\">SIRT2 inhibition improves functional motor recovery after peripheral nerve injury<\/a>.<br><strong>Neurotherapeutics<\/strong> 2020, 10 (11): 5154\u20105168. <br>doi:<a href=\"https:\/\/doi.org\/10.1007\/s13311-020-00860-3\" target=\"_blank\" rel=\"noreferrer noopener\">10.1007\/s13311-020-00860-3<\/a>.<\/p>\n\n\n\n<p>Cvancara P, P, Boretius T, Lopez-Alvarez, VM, Maciejasz P, Andreu D, Raspopovic S, Petrini F, Micera S, Granata G, Fernandez E, Rossini PM, Yoshida K, Jensen W, Divoux JL, Guiraud D, Navarro X, Stieglitz T.<br><a href=\"https:\/\/pubmed.ncbi.nlm.nih.gov\/32512544\/\" target=\"_blank\" rel=\"noreferrer noopener\">Stability of flexible thin-film metallization stimulation electrodes: analysis of explants after first-in-human study and improvement of <em>in vivo<\/em> performance<\/a>.<br><strong>J Neural Eng<\/strong> 2020, 17 (4): 046006. <br>doi:<a href=\"https:\/\/doi.org\/10.1088\/1741-2552\/ab9a9a\" target=\"_blank\" rel=\"noreferrer noopener\">10.1088\/1741-2552\/ab9a9a<\/a>.<\/p>\n\n\n\n<p>Sergi PN, del Valle J, Oliva N, Micera S, Navarro X.<br><a href=\"https:\/\/pubmed.ncbi.nlm.nih.gov\/32632521\/\" target=\"_blank\" rel=\"noreferrer noopener\">A data-driven polynomial approach to reproduce the scar tissue outgrowth around neural implants<\/a>.<br><strong>J Mater Sci Mater Med<\/strong> 2020, 31 (7): 59. <br>doi:<a href=\"https:\/\/doi.org\/10.1007\/s10856-020-06396-4\" target=\"_blank\" rel=\"noreferrer noopener\">10.1007\/s10856-020-06396-4<\/a>.<\/p>\n\n\n\n<p>Marmolejo-Mart\u00ednez-Artesero S, Romeo-Guitart D, Ma\u00f1as-Garc\u00eda L, Barreiro E, Casas C. <br><a href=\"https:\/\/pubmed.ncbi.nlm.nih.gov\/32605216\/\" target=\"_blank\" rel=\"noreferrer noopener\">NeuroHeal reduces muscle atrophy and modulates associated autophagy<\/a>.<br><strong>Cells<\/strong> 2020, 9 (7): E1575.<br>doi:<a href=\"https:\/\/doi.org\/10.3390\/cells9071575\" target=\"_blank\" rel=\"noreferrer noopener\">10.3390\/cells9071575<\/a><\/p>\n\n\n\n<p>Blasco A, Gras S, M\u00f2dol-Caballero G, Tarabal O, Casanovas A, Piedrafita L, Barranco A, Das T, Pereira SL, Navarro X, Rueda R, Esquerda JE, Calder\u00f3 J.<br><a href=\"https:\/\/pubmed.ncbi.nlm.nih.gov\/32691534\/\" target=\"_blank\" rel=\"noreferrer noopener\">Motoneuron deafferentation and gliosis occur in association with neuromuscular regressive changes during ageing in mice<\/a>.<br><strong>J Cachexia Sarcopenia Muscle<\/strong> 2020, 11 (6): 1628-1660. <br>doi: <a href=\"https:\/\/doi.org\/10.1002\/jcsm.12599\" target=\"_blank\" rel=\"noreferrer noopener\">10.1002\/jcsm.12599<\/a>.<\/p>\n\n\n\n<p>Eladly A, Del Valle J, Minguillon J, Mercadal B, Becerra-Fajardo L, Navarro X, Ivorra A.<br><a href=\"https:\/\/pubmed.ncbi.nlm.nih.gov\/32717730\/\" target=\"_blank\" rel=\"noreferrer noopener\">Interleaved intramuscular stimulation with minimally overlapping electrodes evokes smooth and fatigue resistant forces<\/a>.<br><strong>J Neural Eng<\/strong> 2020, 17: 046037. <br>doi: <a href=\"https:\/\/doi.org\/10.1088\/1741-2552\/aba99e\" target=\"_blank\" rel=\"noreferrer noopener\">10.1088\/1741-2552\/aba99e<\/a>.<\/p>\n\n\n\n<p>Romeo-Guitart D, Marmolejo-Mart\u00ednez-Artesero S, Casas C.<br><a href=\"https:\/\/pubmed.ncbi.nlm.nih.gov\/32677502\/\" target=\"_blank\" rel=\"noreferrer noopener\">Is it the time of autophagy fine-tuners for neuroprotection?<\/a><br><strong>Autophagy<\/strong> 2020, 11: 2108-2109. <br>doi: <a href=\"https:\/\/doi.org\/10.1080\/15548627.2020.1794355\" target=\"_blank\" rel=\"noreferrer noopener\">10.1080\/15548627.2020.1794355<\/a>.<\/p>\n\n\n\n<p>Garc\u00eda-Al\u00edas G, Del Valle J, Delgado-Mart\u00ednez I, Navarro X.<br>Electroceutical therapies for injuries of the nervous system.<br>n: Salgado A (ed): Handbook of Innovations in Central Nervous System Regenerative Medicine. Elsevier, 2020, pp. 520-537.<br>doi: <a href=\"https:\/\/doi.org\/10.1016\/B978-0-12-818084-6.00014-3\" target=\"_blank\" rel=\"noreferrer noopener\">10.1016\/B978-0-12-818084-6.00014-3<\/a>.<\/p>\n\n\n\n<p>Sebasti\u00e1n-Romagosa M, Udina E, Ortner R, Dinar\u00e8s-Ferran J, Choo W, Murovec N, Matencio-Peralba C, Sieghartsleitner S, Allison BZ, Guger C.<br><a href=\"https:\/\/pubmed.ncbi.nlm.nih.gov\/32733182\/\" target=\"_blank\" rel=\"noreferrer noopener\">EEG biomarkers related with the functional state of stroke patients<\/a>.<br><strong>Front Neurosci<\/strong> 2020, 14: 582. <br>doi: <a href=\"https:\/\/doi.org\/10.3389\/fnins.2020.00582\" target=\"_blank\" rel=\"noreferrer noopener\">10.3389\/fnins.2020.00582<\/a>.<\/p>\n\n\n\n<p>Bolivar S, Navarro X, Udina E.<br><a href=\"https:\/\/pubmed.ncbi.nlm.nih.gov\/32962230\/\" target=\"_blank\" rel=\"noreferrer noopener\">Schwann cell role in selectivity of nerve regeneration<\/a>.<br><strong>Cells<\/strong> 2020, 9 (9): 2131. <br>doi: <a href=\"https:\/\/doi.org\/10.3390\/cells9092131\" target=\"_blank\" rel=\"noreferrer noopener\">10.3390\/cells9092131<\/a>.<\/p>\n\n\n\n<p>R\u00f8nholt K, Nielsen ALL, Johansen C, Vestergaard C, Fauerbye A, L\u00f3pez-Vales R, Dinarello CA, Iversen L.<br><a href=\"https:\/\/pubmed.ncbi.nlm.nih.gov\/33239358\/\" target=\"_blank\" rel=\"noreferrer noopener\">IL-37 expression is downregulated in lesional psoriasis skin<\/a>.<br><strong>Immunohorizons<\/strong> 2020, 4 (11): 754-761.<br>doi: <a href=\"https:\/\/doi.org\/10.4049\/immunohorizons.2000083\" target=\"_blank\" rel=\"noreferrer noopener\">10.4049\/immunohorizons.2000083<\/a>.<\/p>\n\n\n\n<p>Velasco R, Mercadal S, Vidal N, Ala\u00f1\u00e1 M, Barcel\u00f3 MI, Ib\u00e1\u00f1ez-Juli\u00e1 MJ, Bobillo S, Cald\u00fa Agud R, Garc\u00eda Molina E, Mart\u00ednez P, Cacabelos P, Munta\u00f1ola A, Garc\u00eda-Catal\u00e1n G, Sancho JM, Camro I, Lado T, Erro ME, G\u00f3mez-Vicente L, Salar A, Caballero AC, Sol\u00e9-Rodr\u00edguez M, G\u00e1llego P\u00e9rez-Larraya J, Huertas N, Estela J, Bar\u00f3n M, Barbero-Bordallo N, Encuentra M, Dlouhy I, Bruna J, Graus F; GELTAMO and GENOSEN group.<br><a href=\"https:\/\/pubmed.ncbi.nlm.nih.gov\/32524392\/\" target=\"_blank\" rel=\"noreferrer noopener\">Diagnostic delay and outcome in immunocompetent patients with primary central nervous system lymphoma in Spain: a multicentric study<\/a>.<br><strong>J Neurooncol <\/strong>2020, 148 (3): 545-554. <br>doi: <a href=\"https:\/\/doi.org\/10.1007\/s11060-020-03547-z\" target=\"_blank\" rel=\"noreferrer noopener\">10.1007\/s11060-020-03547-z<\/a>.<\/p>\n\n\n\n<p>Bruna J, Argyriou AA, Anastopoulou GG, Alemany M, Nadal E, Kalofonou F, Piulats JM, Sim\u00f3 M, Velasco R, Kalofonos HP.<br><a href=\"https:\/\/pubmed.ncbi.nlm.nih.gov\/32166812\/\" target=\"_blank\" rel=\"noreferrer noopener\">Incidence and characteristics of neurotoxicity in immune checkpoint inhibitors with focus on neuromuscular events: Experience beyond the clinical trials<\/a>.<br><strong>J Peripher Nerv Syst<\/strong> 2020, 25(2): 171-177. <br>doi: <a href=\"https:\/\/doi.org\/10.1111\/jns.12371\" target=\"_blank\" rel=\"noreferrer noopener\">10.1111\/jns.12371<\/a>.<\/p>\n","protected":false},"excerpt":{"rendered":"<p>Gonzalez Gil I Zian D; V\u00e1zquez-Villa H, Hernandez-Torres G, Martinez F, Khiar-Fernandez N, Rivera R, Kihara Y, Devesa I, Mathivanan S, Rosell del Valle C, Zambrana-Infantes E, Puigdomenech M, Cincilla, G, Sanchez-Martinez M, Rodriguez de Fonseca F, Ferrer-Montiel A, Chun J, Lopez-Vales R, L\u00f3pez-Rodr\u00edguez M, Ortega-Gutierrez M. A novel agonist of the type 1 lysophosphatidic [&hellip;]<\/p>\n","protected":false},"author":2863,"featured_media":0,"parent":0,"menu_order":0,"comment_status":"closed","ping_status":"closed","template":"","meta":{"footnotes":""},"class_list":["post-70","page","type-page","status-publish","hentry"],"_links":{"self":[{"href":"https:\/\/webs.uab.cat\/gnpr\/wp-json\/wp\/v2\/pages\/70","targetHints":{"allow":["GET"]}}],"collection":[{"href":"https:\/\/webs.uab.cat\/gnpr\/wp-json\/wp\/v2\/pages"}],"about":[{"href":"https:\/\/webs.uab.cat\/gnpr\/wp-json\/wp\/v2\/types\/page"}],"author":[{"embeddable":true,"href":"https:\/\/webs.uab.cat\/gnpr\/wp-json\/wp\/v2\/users\/2863"}],"replies":[{"embeddable":true,"href":"https:\/\/webs.uab.cat\/gnpr\/wp-json\/wp\/v2\/comments?post=70"}],"version-history":[{"count":2,"href":"https:\/\/webs.uab.cat\/gnpr\/wp-json\/wp\/v2\/pages\/70\/revisions"}],"predecessor-version":[{"id":749,"href":"https:\/\/webs.uab.cat\/gnpr\/wp-json\/wp\/v2\/pages\/70\/revisions\/749"}],"wp:attachment":[{"href":"https:\/\/webs.uab.cat\/gnpr\/wp-json\/wp\/v2\/media?parent=70"}],"curies":[{"name":"wp","href":"https:\/\/api.w.org\/{rel}","templated":true}]}}