{"id":71,"date":"2021-12-21T19:13:04","date_gmt":"2021-12-21T18:13:04","guid":{"rendered":"https:\/\/npiruab.wordpress.com\/?page_id=71"},"modified":"2025-08-16T18:57:21","modified_gmt":"2025-08-16T16:57:21","slug":"2021-2","status":"publish","type":"page","link":"https:\/\/webs.uab.cat\/gnpr\/2021-2\/","title":{"rendered":"2021"},"content":{"rendered":"\n<p>Calls A, Torres-Espin A, Navarro X, Yuste VJ, Udina E, Bruna J.<br><a href=\"https:\/\/pubmed.ncbi.nlm.nih.gov\/32597980\/\" target=\"_blank\" rel=\"noreferrer noopener\">Cisplatin-induced peripheral neuropathy is associated to neuronal senescence-like response<\/a>.<br><strong>Neuro-Oncology<\/strong> 2021, 23 (1): 88-99. <br>doi:<a href=\"https:\/\/doi.org\/10.1093\/neuonc\/noaa151\" target=\"_blank\" rel=\"noreferrer noopener\">10.1093\/neuonc\/noaa151<\/a>.<\/p>\n\n\n\n<p>S\u00e1nchez-Fern\u00e1ndez A, Zandee S, Amo-Aparacio J, Charabati M, Prat A, Garlanda C, Eisenmesser EZ, Dinarello CA, L\u00f3pez-Vales R.<br><a href=\"https:\/\/pubmed.ncb\" target=\"_blank\" rel=\"noreferrer noopener\">IL-37 exerts therapeutic effects in experimental autoimmune encephalomyelitis through the receptor complex IL-1R5\/IL-1R8<\/a>.<br><strong>Theranostics<\/strong> 2021, 11 (1): 1-13.<br>doi:<a href=\"https:\/\/doi.org\/10.7150\/thno.47435\" target=\"_blank\" rel=\"noreferrer noopener\">10.7150\/thno.47435<\/a>.<\/p>\n\n\n\n<p>Amo-Aparacio J, S\u00e1nchez-Fern\u00e1ndez A, Li S, Eisenmesser EZ, Garlanda C, Dinarello CA, L\u00f3pez-Vales R.<br><a href=\"https:\/\/pubmed.ncbi.nlm.nih.gov\/33002630\/\" target=\"_blank\" rel=\"noreferrer noopener\">Extracellular and nuclear roles of IL-37 after spinal cord injury<\/a>.<br><strong>Brain Behav Immun<\/strong> 2021, 91: 194-201.<br>doi: <a href=\"https:\/\/doi.org\/10.1016\/j.bbi.2020.09.026\" target=\"_blank\" rel=\"noreferrer noopener\">10.1016\/j.bbi.2020.09.026<\/a>.<\/p>\n\n\n\n<p>Albu S, Kumru H, Coll R, Vives J, Vall\u00e9s M, Benito-Penalva J, Rodr\u00edguez L, Codinach M, Hern\u00e1ndez J, Navarro X, Vidal J.<br><a href=\"https:\/\/pubmed.ncbi.nlm.nih.gov\/32981857\/\" target=\"_blank\" rel=\"noreferrer noopener\">Clinical effects of intrathecal administration of expanded Wharton jelly mesenchymal stromal cells in patients with chronic complete spinal cord injury: a randomized controlled study<\/a>.<br><strong>Cytotherapy<\/strong> 2021, 23 (2): 146-156. <br>doi: <a href=\"https:\/\/doi.org\/10.1016\/j.jcyt.2020.08.008\" target=\"_blank\" rel=\"noreferrer noopener\">10.1016\/j.jcyt.2020.08.008<\/a>.<\/p>\n\n\n\n<p>Soler D, Mori\u00f1a D, Kumru H, Vidal J, Navarro X.<br><a href=\"https:\/\/pubmed.ncbi.nlm.nih.gov\/32629032\/\" target=\"_blank\" rel=\"noreferrer noopener\">Transcranial direct current stimulation and visual illusion effect according to sensory phenotypes in patients with spinal cord injury and neuropathic pain<\/a>.<br><strong>J Pain<\/strong> 2021, 22 (1): 86-89. <br>doi: <a href=\"https:\/\/doi.org\/10.1016\/j.jpain.2020.06.004\" target=\"_blank\" rel=\"noreferrer noopener\">10.1016\/j.jpain.2020.06.004<\/a>.<\/p>\n\n\n\n<p>Velasco R, Besora S, Argyriou AA, Santos C, Sala R, Izquierdo C, Sim\u00f3 M, Gil-Gil M, Pardo B, Jim\u00e9nez L, Clap\u00e9s V, Calvo M, Palmero R, Bruna J.<br><a href=\"https:\/\/pubmed.ncbi.nlm.nih.gov\/33332891\/\" target=\"_blank\" rel=\"noreferrer noopener\">Duloxetine against symptomatic chemotherapy-induced peripheral neurotoxicity in cancer survivors: a real world, open-label experience<\/a>.<br><strong>Anti-Cancer Drugs<\/strong> 2021, 32 (1): 88-94. <br>doi: <a href=\"https:\/\/doi.org\/10.1097\/CAD.0000000000001005\" target=\"_blank\" rel=\"noreferrer noopener\">10.1097\/CAD.0000000000001005<\/a>.<\/p>\n\n\n\n<p>Alberti P, Bernasconi DP, Cornblath DR, Merkies ISJ, Park SB, Velasco R, Bruna J, Psimaras D, Koeppen S, Pace A, Dorsey SG, Argyriou AA, Kalofonos HP, Briani C, Schenone A, Faber CG, Mazzeo A, Grisold W, Valsecchi M, Cavaletti G.<br><a href=\"https:\/\/pubmed.ncbi.nlm.nih.gov\/34078718\/\" target=\"_blank\" rel=\"noreferrer noopener\">Prospective evaluation of health care provider and patient assessments in chemotherapy-induced peripheral neurotoxicity<\/a>.<br><strong>Neurology<\/strong> 2021, 97 (7): e660-e672. <br>doi: <a href=\"https:\/\/doi.org\/10.1212\/WNL.0000000000012300\" target=\"_blank\" rel=\"noreferrer noopener\">10.1212\/WNL.0000000000012300<\/a>.<\/p>\n\n\n\n<p>Kumru H, Flores A, Rodr\u00edguez-Ca\u00f1\u00f3n M, Edgerton VR, Garcia L, Benito-Penalva J, Navarro X, Gerasimenko Y, Garc\u00eda-Al\u00edas G, Vidal J.<br><a href=\"https:\/\/pubmed.ncbi.nlm.nih.gov\/33430460\/\" target=\"_blank\" rel=\"noreferrer noopener\">Cervical electrical neuromodulation effectively enhances hand motor output in healthy subjects by engaging a use-dependent intervention<\/a>.<br><strong>J Clin Med<\/strong> 2021, 10 (2): 195. <br>doi: <a href=\"https:\/\/doi.org\/10.3390\/jcm10020195\" target=\"_blank\" rel=\"noreferrer noopener\">10.3390\/jcm10020195<\/a>.<\/p>\n\n\n\n<p>S\u00e1nchez-Ventura J, Gim\u00e9nez-Llort L, Penas C, Udina E.<br><a href=\"https:\/\/pubmed.ncbi.nlm.nih.gov\/3326\" target=\"_blank\" rel=\"noreferrer noopener\">Voluntary wheel running preserves lumbar perineuronal nets, enhances motor functions and prevents hyperreflexia after spinal cord injury<\/a>.<br><strong>Exp Neurol<\/strong> 2021, 336: 113533. <br>doi: <a href=\"https:\/\/doi.org\/10.1016\/j.expneurol.2020.113533\" target=\"_blank\" rel=\"noreferrer noopener\">10.1016\/j.expneurol.2020.113533<\/a>.<\/p>\n\n\n\n<p>Marmolejo-Mart\u00ednez-Artesero S, Casas C, Romeo-Guitart D.<br><a href=\"https:\/\/pubmed.ncbi.nlm.nih.gov\/33578870\/\" target=\"_blank\" rel=\"noreferrer noopener\">Endogenous mechanisms of neuroprotection: to boost or not to boost<\/a>.<br><strong>Cells<\/strong> 2021, 10 (2): 370. <br>doi: <a href=\"https:\/\/doi.org\/10.3390\/cells10020370\" target=\"_blank\" rel=\"noreferrer noopener\">10.3390\/cells10020370<\/a>.<\/p>\n\n\n\n<p>Nieto-Nicolau N, L\u00f3pez-Chic\u00f3n P, Fari\u00f1as O, Bol\u00edvar S, Udina E, Navarro X, Casaroli-Marano RP, Vilarrodona A.<br><a href=\"https:\/\/pubmed.ncbi.nlm.nih.gov\/33471198\/\" target=\"_blank\" rel=\"noreferrer noopener\">Effective decellularization of human nerve matrix for regenerative medicine with a novel protocol<\/a>. <br><strong>Cell Tissue Res <\/strong>2021, 384(1):167-177. <br>doi: <a href=\"https:\/\/doi.org\/10.1007\/s00441-020-03317-3\" target=\"_blank\" rel=\"noreferrer noopener\">10.1007\/s00441-020-03317-3<\/a>.<\/p>\n\n\n\n<p>Herrando-Grabulosa M, Gaja-Capdevila N, Vela JM, Navarro X.<br><a href=\"https:\/\/pubmed.ncbi.nlm.nih.gov\/32761823\/\" target=\"_blank\" rel=\"noreferrer noopener\">Sigma 1 receptor as a therapeutic target for amyotrophic lateral sclerosis<\/a>.<br><strong>Br J Pharmacol<\/strong> 2021, 178 (6): 1336\u20131352. <br>doi: <a href=\"https:\/\/doi.org\/10.1111\/bph.15224\" target=\"_blank\" rel=\"noreferrer noopener\">10.1111\/bph.15224<\/a>.<\/p>\n\n\n\n<p>Ferrari LM, Rodr\u00edguez-Meana B, Bonisoli A, Cutrone A, Micera S, Navarro X, Greco F, Del Valle J.<br><a href=\"https:\/\/pubmed.ncbi.nlm.nih.gov\/33644015\/\" target=\"_blank\" rel=\"noreferrer noopener\">All-polymer printed low-cost regenerative nerve cuff electrodes<\/a>.<br><strong>Front Bioeng Biotechnol <\/strong>2021, 9: 615218. <br>doi: <a href=\"https:\/\/doi.org\/10.3389\/fbioe.2021.615218\" target=\"_blank\" rel=\"noreferrer noopener\">10.3389\/fbioe.2021.615218<\/a>.<\/p>\n\n\n\n<p>Puigdomenech-Poch M, Mart\u00ednez-Muriana A, Andr\u00e9s-Benito P, Ferrer I, Chun J, L\u00f3pez-Vales R. <br><a href=\"https:\/\/pubmed.ncbi.nlm.nih.gov\/33841099\/\" target=\"_blank\" rel=\"noreferrer noopener\">Dual role of lysophosphatidic acid receptor 2 (LPA<sub>2<\/sub>) in amyotrophic lateral sclerosis<\/a>.<br><strong>Front Cell Neurosci<\/strong>, 2021, 25: 15:600872. <br>doi:<a href=\"https:\/\/doi.org\/0.3389\/FNCEL.2021.600873\" target=\"_blank\" rel=\"noreferrer noopener\">10.3389\/FNCEL.2021.600873<\/a>.<\/p>\n\n\n\n<p>M\u00f2dol-Caballero G, Garc\u00eda-Lareu B, Herrando-Grabulosa M, Verd\u00e9s S, L\u00f3pez-Vales R, Pag\u00e8s G, Chill\u00f3n M, Navarro X, Bosch A.<br><a href=\"https:\/\/pubmed.ncbi.nlm.nih.gov\/33786805\/\" target=\"_blank\" rel=\"noreferrer noopener\">Specific expression of Glial-Derived Neurotrophic Factor in muscles as gene therapy strategy for Amyotrophic Lateral Sclerosis<\/a>.<br><strong>Neurotherapeutics<\/strong> 2021, 18 (2): 1113\u20131126. <br>doi: <a href=\"https:\/\/doi.org\/10.1007\/s13311-021-01025-6\" target=\"_blank\" rel=\"noreferrer noopener\">10.1007\/s13311-021-01025-6<\/a>.<\/p>\n\n\n\n<p>Bonilla P, Hern\u00e1ndez J, Giraldo E, Gonz\u00e1lez-P\u00e9rez MA, Alastrue-Agudo A, Elkhenany H, Vicent MJ, Navarro X, Edel M, Moreno-Manzano V.<br><a href=\"https:\/\/pubmed.ncbi.nlm.nih.gov\/34073117\/\" target=\"_blank\" rel=\"noreferrer noopener\">Human-Induced neural and mesenchymal stem cell therapy combined with a curcumin nanoconjugate as a Spinal Cord Injury treatment<\/a>.<br><strong>Int J Mol Sci<\/strong> 2021, 22 (11): 5966.<br>doi: <a href=\"https:\/\/doi.org\/10.3390\/ijms22115966\" target=\"_blank\" rel=\"noreferrer noopener\">10.3390\/ijms22115966<\/a>.<\/p>\n\n\n\n<p>Hern\u00e1ndez J, Francos-Quijorna I, Redondo-Castro E, L\u00f3pez-Vales R, Navarro X.<br><a href=\"https:\/\/pubmed.ncbi.nlm.nih.gov\/34093123\/\" target=\"_blank\" rel=\"noreferrer noopener\">Microglia stimulation by protein extract of injured rat spinal cord. A novel <em>in vitro<\/em> model for studying activated microglia<\/a>.<br><strong>Front Mol Neurosci<\/strong> 2021, 14: 582497. <br>doi: <a href=\"https:\/\/doi.org\/10.3389\/fnmol.2021.582497\" target=\"_blank\" rel=\"noreferrer noopener\">10.3389\/fnmol.2021.582497<\/a>.<\/p>\n\n\n\n<p>David S, L\u00f3pez-Vales R.<br><a href=\"https:\/\/pubmed.ncbi.nlm.nih.gov\/33951502\/\" target=\"_blank\" rel=\"noreferrer noopener\">Bioactive lipid mediators in the initiation and resolution of inflammation after spinal cord injury<\/a>.<br><strong>Neuroscience<\/strong> 2021, 466:273-297. <br>doi: <a href=\"https:\/\/doi.org\/10.1016\/j.neuroscience.2021.04.026\" target=\"_blank\" rel=\"noreferrer noopener\">10.1016\/j.neuroscience.2021.04.026<\/a>.<\/p>\n\n\n\n<p>Palom\u00e9s-Borrajo G, Badia J, Navarro X, Penas C.<br><a href=\"https:\/\/pubmed.ncbi.nlm.nih.gov\/34157407\/\" target=\"_blank\" rel=\"noreferrer noopener\">Nerve excitability and neuropathic pain is reduced by BET protein inhibition after spared nerve injury<\/a>.<br><strong>J Pain<\/strong> 2021, 22 (12): 1617-1630. <br>doi: <a href=\"https:\/\/doi.org\/10.1016\/j.jpain.2021.05.005\" target=\"_blank\" rel=\"noreferrer noopener\">10.1016\/j.jpain.2021.05.005<\/a>.<\/p>\n\n\n\n<p>Gaja-Capdevila N, Hern\u00e1ndez N, Zamanillo D, Vela JM, Merlos M, Navarro X, Herrando-Grabulosa M.<br><a href=\"https:\/\/pubmed.ncbi.nlm.nih.gov\/34203381\/\" target=\"_blank\" rel=\"noreferrer noopener\">Neuroprotective effects of Sigma 1 Receptor ligands on motoneuron death after spinal root injury in mice<\/a>.<br><strong>Int J Mol Sci<\/strong> 2021, 22 (13): 6956. <br>doi: <a href=\"https:\/\/doi.org\/10.3390\/ijms22136956\" target=\"_blank\" rel=\"noreferrer noopener\">10.3390\/ijms22136956<\/a>.<\/p>\n\n\n\n<p>del Valle J, Rodr\u00edguez-Meana B, Navarro X.<br><a rel=\"noreferrer noopener\" href=\"https:\/\/www.sciencedirect.com\/science\/article\/pii\/B9780128228289000095\" target=\"_blank\">Neural electrodes for long-term tissue interfaces<\/a>.<br>In Gu\u00e7lu B (ed): \u201cSomatosensory Feedback for Neuroprosthetics\u201d, Elsevier, 2021, chapter 16: 509-536. <br>ISBN: 978-0-12-822828-9. <br>doi: <a href=\"https:\/\/doi.org\/10.1016\/B978-0-12-822828-9.00009-5\" target=\"_blank\" rel=\"noreferrer noopener\">10.1016\/B978-0-12-822828-9.00009-5<\/a>.<\/p>\n\n\n\n<p>Gras S, Blasco A, M\u00f2dol-Caballero G, Tarabal O, Casanovas A, Piedrafita L, Barranco A, Das T, Rueda R, Pereira SL, Navarro X, Esquerda JE, Calder\u00f3 J.<br><a href=\"https:\/\/pubmed.ncbi.nlm.nih.gov\/34319911\/\" target=\"_blank\" rel=\"noreferrer noopener\">Beneficial effects of dietary supplementation with green tea catechins and cocoa flavanols on aging-related regressive changes in the mouse neuromuscular system<\/a>.<br><strong>Aging<\/strong> (Albany NY) 2021, 13 (14): 18051-18093.<br>doi: <a href=\"https:\/\/doi.org\/10.18632\/aging.203336\" target=\"_blank\" rel=\"noreferrer noopener\">10.18632\/aging.203336<\/a>.<\/p>\n\n\n\n<p>Kumru H, Rodr\u00edguez-Ca\u00f1\u00f3n M, Edgerton VR, Garc\u00eda L, Flores A, Soriano I, Opisso E, Gerasimenko Y, Navarro X, Garc\u00eda-Al\u00edas G, Vidal J.<br><a href=\"https:\/\/pubmed.ncbi.nlm.nih.gov\/34362062\/\" target=\"_blank\" rel=\"noreferrer noopener\">Transcutaneous electrical neuromodulation of the cervical spinal cord depends both on the stimulation intensity and the degree of voluntary activity for training. A pilot study<\/a>.<br><strong>J Clin Med<\/strong> 2021, 10 (15): 3278. <br>doi: <a href=\"https:\/\/doi.org\/10.3390\/jcm10153278\" target=\"_blank\" rel=\"noreferrer noopener\">10.3390\/jcm10153278<\/a>.<\/p>\n\n\n\n<p>Leiva-Rodr\u00edguez T, Romeo-Guitart D, Herrando-Grabulosa M, Mu\u00f1oz-Guardiola P, Polo M, Ba\u00f1uls C, Petegnief V, Bosch A, Lizcano JM, Apostolova N, For\u00e9s J, Casas C.<br><a href=\"https:\/\/pubmed.ncbi.nlm.nih.gov\/34440243\/\" target=\"_blank\" rel=\"noreferrer noopener\">GRP78 overexpression triggers PINK1-IP<sub>3<\/sub>R-mediated neuroprotective mitophagy<\/a>.<br><strong>Biomedicines<\/strong> 2021, 9 (8): 1039. <br>doi: <a href=\"https:\/\/doi.org\/10.3390\/biomedicines9081039\" target=\"_blank\" rel=\"noreferrer noopener\">10.3390\/biomedicines9081039<\/a>.<\/p>\n\n\n\n<p>Amo-Aparicio J, Garcia-Garcia J, Francos-Quijorna I, Urpi A, Esteve-Codima A, Gut M, Quintana A, L\u00f3pez-Vales R.<br><a href=\"https:\/\/pubmed.ncbi.nlm.nih.gov\/34815787\/\" target=\"_blank\" rel=\"noreferrer noopener\">Interleukin-4 and interleukin-13 induce different metabolic profiles in microglia and macrophages that relate with divergent outcomes after spinal cord injury<\/a>.<br><strong>Theranostics<\/strong> 2021, 11 (20): 9805-9820.<br>doi: <a href=\"https:\/\/doi.org\/10.7150\/thno.65203\" target=\"_blank\" rel=\"noreferrer noopener\">10.7150\/thno.65203<\/a>.<\/p>\n\n\n\n<p>Sergi PN, De la Oliva N, del Valle J, Navarro X, Micera S.<br><a href=\"https:\/\/www.mdpi.com\/2076-3417\/11\/18\/8568\" target=\"_blank\" rel=\"noreferrer noopener\">Physically consistent scar tissue dynamics from scattered set of data: A novel computational approach to avoid the onset of the Runge phenomenon<\/a>.<br><strong>Applied Sciences<\/strong> 2021, 11 (18): 8568. <br>doi: <a href=\"https:\/\/doi.org\/10.3390\/app11188568\" target=\"_blank\" rel=\"noreferrer noopener\">10.3390\/app11188568<\/a>.<\/p>\n\n\n\n<p>M\u00f2dol-Caballero G, Herrando-Grabulosa M, Verd\u00e9s S, Garc\u00eda-Lareu B, Hern\u00e1ndez N, Francos-Quijorna I, L\u00f3pez-Vales R, Bosch A, Navarro X.<br><a href=\"https:\/\/pubmed.ncbi.nlm.nih.gov\/34630277\/\" target=\"_blank\" rel=\"noreferrer noopener\">Gene therapy overexpressing Neuregulin 1 type I in combination with Neuregulin 1 type III promotes functional improvement in the SOD1<sup>G93A<\/sup> ALS mice<\/a>.<br><strong>Front Neurol<\/strong> 2021, 12: 693309. <br>doi: <a href=\"https:\/\/doi.org\/10.3389\/fneur.2021.693309\" target=\"_blank\" rel=\"noreferrer noopener\">10.3389\/fneur.2021.693309<\/a>.<\/p>\n\n\n\n<p>Velasco R, Villagr\u00e1n M, Jov\u00e9 M, Sim\u00f3 M, Vilari\u00f1o N, Alemany M, Palmero R, Mart\u00ednez-Villacampa MM, Nadal E, Bruna J.<br><a href=\"https:\/\/pubmed.ncbi.nlm.nih.gov\/33720308\/\" target=\"_blank\" rel=\"noreferrer noopener\">Encephalitis induced by immune checkpoint inhibitors: A systematic review<\/a>.<br><strong>JAMA Neurol<\/strong> 2021, 78 (7): 864-873. <br>doi: <a href=\"https:\/\/doi.org\/10.1001\/jamaneurol.2021.0249\" target=\"_blank\" rel=\"noreferrer noopener\">10.1001\/jamaneurol.2021.0249<\/a>.<\/p>\n\n\n\n<p>Velasco R, Domingo-Domenech E, Sureda A.<br><a href=\"https:\/\/pubmed.ncbi.nlm.nih.gov\/34885234\/\" target=\"_blank\" rel=\"noreferrer noopener\">Brentuximab-induced peripheral neurotoxicity: A multidisciplinary approach to manage an emerging challenge in Hodgkin lymphoma therapy<\/a>.<br><strong>Cancers (Basel)<\/strong> 2021, 13 (23): 6125. <br>doi: <a href=\"https:\/\/doi.org\/110.3390\/cancers13236125\" target=\"_blank\" rel=\"noreferrer noopener\">10.3390\/cancers13236125<\/a>.<\/p>\n\n\n\n<p>Guiho T, L\u00f3pez-\u00c1lvarez VM, \u010cvan\u010dara P, Hiairrassary A, Andreu D, Stieglitz T, Navarro X, Guiraud D.<br><a href=\"https:\/\/pubmed.ncbi.nlm.nih.gov\/34770527\/\" target=\"_blank\" rel=\"noreferrer noopener\">New stimulation device to drive multiple transverse intrafascicular electrodes and achieve highly selective and rich neural responses<\/a>.<br><strong>Sensors<\/strong> 2021, 21 (21): 7219. <br>doi: <a href=\"https:\/\/doi.org\/10.3390\/s21217219\" target=\"_blank\" rel=\"noreferrer noopener\">10.3390\/s21217219<\/a>.<\/p>\n\n\n\n<p>Gaja-Capdevila N, Hern\u00e1ndez N, Navarro X, Herrando-Grabulosa M.<br><a href=\"https:\/\/pubmed.ncbi.nlm.nih.gov\/34955848\/\" target=\"_blank\" rel=\"noreferrer noopener\">Sigma-1 receptor is a pharmacological target to promote neuroprotection in the SOD1<sup>G93A<\/sup> ALS mice<\/a>.<br><strong>Front Pharmacol <\/strong>2021, 12: 780588. <br>doi: <a href=\"https:\/\/doi.org\/10.3389\/fphar.2021.780588\" target=\"_blank\" rel=\"noreferrer noopener\">10.3389\/fphar.2021.780588<\/a>.<\/p>\n\n\n\n<p>Flores A, L\u00f3pez-Santos D, Garc\u00eda-Al\u00edas G.<br><a href=\"https:\/\/pubmed.ncbi.nlm.nih.gov\/36188826\/\" target=\"_blank\" rel=\"noreferrer noopener\">When spinal neuromodulation meets sensorimotor rehabilitation: lessons learned from animal models to regain manual dexterity after a spinal cord injury<\/a>.<br><strong>Front Rehabil Sci<\/strong> 2021, 2: 755963. <br>doi: <a href=\"https:\/\/doi.org\/10.3389\/fresc.2021.755963\" target=\"_blank\" rel=\"noreferrer noopener\">10.3389\/fresc.2021.755963<\/a>.<\/p>\n\n\n\n<p>Bruna J, Calls A, Yuste VJ.<br><a href=\"https:\/\/pubmed.ncbi.nlm.nih.gov\/34264202\/\" target=\"_blank\" rel=\"noreferrer noopener\">Senescence in neurons: an open issue<\/a>.<br><strong>Aging-US (Albany NY)<\/strong> 2021, 13 (13): 16902-16903. <br>doi: <a href=\"https:\/\/doi.org\/10.18632\/aging.203329\" target=\"_blank\" rel=\"noreferrer noopener\">10.18632\/aging.203329<\/a>.<\/p>\n\n\n\n<p>Velasco R, Alemany M, Villagr\u00e1n M, Argyriou AA.<br><a href=\"https:\/\/pubmed.ncbi.nlm.nih.gov\/34357136\/\" target=\"_blank\" rel=\"noreferrer noopener\">Predictive biomarkers of oxaliplatin-induced peripheral neurotoxicity<\/a>.<br><strong>J Pers Med <\/strong>2021, 11 (7): 669. <br>doi: <a href=\"https:\/\/doi.org\/10.3390\/jpm11070669\" target=\"_blank\" rel=\"noreferrer noopener\">10.3390\/jpm11070669<\/a>.<\/p>\n","protected":false},"excerpt":{"rendered":"<p>Calls A, Torres-Espin A, Navarro X, Yuste VJ, Udina E, Bruna J.Cisplatin-induced peripheral neuropathy is associated to neuronal senescence-like response.Neuro-Oncology 2021, 23 (1): 88-99. doi:10.1093\/neuonc\/noaa151. S\u00e1nchez-Fern\u00e1ndez A, Zandee S, Amo-Aparacio J, Charabati M, Prat A, Garlanda C, Eisenmesser EZ, Dinarello CA, L\u00f3pez-Vales R.IL-37 exerts therapeutic effects in experimental autoimmune encephalomyelitis through the receptor complex IL-1R5\/IL-1R8.Theranostics [&hellip;]<\/p>\n","protected":false},"author":2863,"featured_media":0,"parent":0,"menu_order":0,"comment_status":"closed","ping_status":"closed","template":"","meta":{"footnotes":""},"class_list":["post-71","page","type-page","status-publish","hentry"],"_links":{"self":[{"href":"https:\/\/webs.uab.cat\/gnpr\/wp-json\/wp\/v2\/pages\/71","targetHints":{"allow":["GET"]}}],"collection":[{"href":"https:\/\/webs.uab.cat\/gnpr\/wp-json\/wp\/v2\/pages"}],"about":[{"href":"https:\/\/webs.uab.cat\/gnpr\/wp-json\/wp\/v2\/types\/page"}],"author":[{"embeddable":true,"href":"https:\/\/webs.uab.cat\/gnpr\/wp-json\/wp\/v2\/users\/2863"}],"replies":[{"embeddable":true,"href":"https:\/\/webs.uab.cat\/gnpr\/wp-json\/wp\/v2\/comments?post=71"}],"version-history":[{"count":2,"href":"https:\/\/webs.uab.cat\/gnpr\/wp-json\/wp\/v2\/pages\/71\/revisions"}],"predecessor-version":[{"id":751,"href":"https:\/\/webs.uab.cat\/gnpr\/wp-json\/wp\/v2\/pages\/71\/revisions\/751"}],"wp:attachment":[{"href":"https:\/\/webs.uab.cat\/gnpr\/wp-json\/wp\/v2\/media?parent=71"}],"curies":[{"name":"wp","href":"https:\/\/api.w.org\/{rel}","templated":true}]}}