{"id":176,"date":"2010-02-16T18:31:07","date_gmt":"2010-02-16T16:31:07","guid":{"rendered":"https:\/\/webs.uab.cat\/grafo\/equip\/"},"modified":"2026-02-19T18:54:32","modified_gmt":"2026-02-19T16:54:32","slug":"equip","status":"publish","type":"page","link":"https:\/\/webs.uab.cat\/grafo\/equip\/","title":{"rendered":"Equip"},"content":{"rendered":"\n<h2 class=\"wp-block-heading\"><em><strong>Membres<\/strong><\/em><\/h2>\n\n\n\n<div class=\"wp-block-media-text is-stacked-on-mobile\" style=\"grid-template-columns:16% auto\"><figure class=\"wp-block-media-text__media\"><img loading=\"lazy\" decoding=\"async\" width=\"1024\" height=\"683\" src=\"https:\/\/webs.uab.cat\/grafo\/wp-content\/uploads\/sites\/227\/2026\/01\/JLM-1024x683.jpg\" alt=\"\" class=\"wp-image-2689 size-full\" srcset=\"https:\/\/webs.uab.cat\/grafo\/wp-content\/uploads\/sites\/227\/2026\/01\/JLM-1024x683.jpg 1024w, https:\/\/webs.uab.cat\/grafo\/wp-content\/uploads\/sites\/227\/2026\/01\/JLM-300x200.jpg 300w, https:\/\/webs.uab.cat\/grafo\/wp-content\/uploads\/sites\/227\/2026\/01\/JLM-768x512.jpg 768w, https:\/\/webs.uab.cat\/grafo\/wp-content\/uploads\/sites\/227\/2026\/01\/JLM-1536x1024.jpg 1536w, https:\/\/webs.uab.cat\/grafo\/wp-content\/uploads\/sites\/227\/2026\/01\/JLM-1200x800.jpg 1200w, https:\/\/webs.uab.cat\/grafo\/wp-content\/uploads\/sites\/227\/2026\/01\/JLM.jpg 1920w\" sizes=\"auto, (max-width: 1024px) 100vw, 1024px\" \/><\/figure><div class=\"wp-block-media-text__content\">\n<p><a href=\"https:\/\/pagines.uab.cat\/joseluismolina\/\" target=\"_blank\" rel=\"noopener\">Molina Gonz\u00e1lez,&nbsp;Jos\u00e9 Luis<\/a> (Catedr\u00e0tic, UAB, Coordinador del GRAFO)&nbsp;<\/p>\n<\/div><\/div>\n\n\n\n<div class=\"wp-block-media-text is-stacked-on-mobile\" style=\"grid-template-columns:16% auto\"><figure class=\"wp-block-media-text__media\"><img loading=\"lazy\" decoding=\"async\" width=\"479\" height=\"562\" src=\"https:\/\/webs.uab.cat\/grafo\/wp-content\/uploads\/sites\/227\/2026\/01\/Hugo-Foto-recorte.jpg\" alt=\"\" class=\"wp-image-2697 size-full\" srcset=\"https:\/\/webs.uab.cat\/grafo\/wp-content\/uploads\/sites\/227\/2026\/01\/Hugo-Foto-recorte.jpg 479w, https:\/\/webs.uab.cat\/grafo\/wp-content\/uploads\/sites\/227\/2026\/01\/Hugo-Foto-recorte-256x300.jpg 256w\" sizes=\"auto, (max-width: 479px) 100vw, 479px\" \/><\/figure><div class=\"wp-block-media-text__content\">\n<p><a href=\"https:\/\/orcid.org\/0000-0002-6195-9149\">Valenzuela Garc\u00eda, Hugo<\/a> (Catedr\u00e1tico Laboral, UAB)<\/p>\n<\/div><\/div>\n\n\n\n<div class=\"wp-block-media-text is-stacked-on-mobile\" style=\"grid-template-columns:16% auto\"><figure class=\"wp-block-media-text__media\"><img loading=\"lazy\" decoding=\"async\" width=\"282\" height=\"341\" src=\"https:\/\/webs.uab.cat\/grafo\/wp-content\/uploads\/sites\/227\/2026\/01\/2448-5705-interdi-10-28-369-gch1.jpg\" alt=\"\" class=\"wp-image-2654 size-full\" srcset=\"https:\/\/webs.uab.cat\/grafo\/wp-content\/uploads\/sites\/227\/2026\/01\/2448-5705-interdi-10-28-369-gch1.jpg 282w, https:\/\/webs.uab.cat\/grafo\/wp-content\/uploads\/sites\/227\/2026\/01\/2448-5705-interdi-10-28-369-gch1-248x300.jpg 248w\" sizes=\"auto, (max-width: 282px) 100vw, 282px\" \/><\/figure><div class=\"wp-block-media-text__content\">\n<p><a href=\"https:\/\/orcid.org\/0000-0001-6172-3956\" target=\"_blank\" rel=\"noreferrer noopener\">Gonz\u00e1lez Echevarr\u00eda, Aurora<\/a> (Catedr\u00e0tica em\u00e8rita, UAB)<\/p>\n<\/div><\/div>\n\n\n\n<div class=\"wp-block-media-text is-stacked-on-mobile\" style=\"grid-template-columns:16% auto\"><figure class=\"wp-block-media-text__media\"><img loading=\"lazy\" decoding=\"async\" width=\"1024\" height=\"989\" src=\"https:\/\/webs.uab.cat\/grafo\/wp-content\/uploads\/sites\/227\/2026\/01\/20250802_19113911-1024x989.jpg\" alt=\"\" class=\"wp-image-2657 size-full\" srcset=\"https:\/\/webs.uab.cat\/grafo\/wp-content\/uploads\/sites\/227\/2026\/01\/20250802_19113911-1024x989.jpg 1024w, https:\/\/webs.uab.cat\/grafo\/wp-content\/uploads\/sites\/227\/2026\/01\/20250802_19113911-300x290.jpg 300w, https:\/\/webs.uab.cat\/grafo\/wp-content\/uploads\/sites\/227\/2026\/01\/20250802_19113911-768x741.jpg 768w, https:\/\/webs.uab.cat\/grafo\/wp-content\/uploads\/sites\/227\/2026\/01\/20250802_19113911-1536x1483.jpg 1536w, https:\/\/webs.uab.cat\/grafo\/wp-content\/uploads\/sites\/227\/2026\/01\/20250802_19113911-2048x1977.jpg 2048w, https:\/\/webs.uab.cat\/grafo\/wp-content\/uploads\/sites\/227\/2026\/01\/20250802_19113911-1200x1158.jpg 1200w, https:\/\/webs.uab.cat\/grafo\/wp-content\/uploads\/sites\/227\/2026\/01\/20250802_19113911-1980x1911.jpg 1980w\" sizes=\"auto, (max-width: 1024px) 100vw, 1024px\" \/><\/figure><div class=\"wp-block-media-text__content\">\n<p><a href=\"https:\/\/jordigrau2.wixsite.com\/jordigrau\" target=\"_blank\" rel=\"noreferrer noopener\">Grau&nbsp;Rebollo, Jordi<\/a> (Profesor&nbsp;Titular, UAB)<\/p>\n<\/div><\/div>\n\n\n\n<div class=\"wp-block-media-text is-stacked-on-mobile\" style=\"grid-template-columns:16% auto\"><figure class=\"wp-block-media-text__media\"><img loading=\"lazy\" decoding=\"async\" width=\"150\" height=\"179\" src=\"https:\/\/webs.uab.cat\/grafo\/wp-content\/uploads\/sites\/227\/2026\/01\/Anna_Piella.jpg\" alt=\"\" class=\"wp-image-2660 size-full\" \/><\/figure><div class=\"wp-block-media-text__content\">\n<p><a href=\"https:\/\/orcid.org\/0000-0002-4517-9556\" target=\"_blank\" rel=\"noreferrer noopener\">Piella Vila,&nbsp;Anna<\/a>&nbsp; (Profesora Titular, UAB)<\/p>\n<\/div><\/div>\n\n\n\n<div class=\"wp-block-media-text is-stacked-on-mobile\" style=\"grid-template-columns:16% auto\"><figure class=\"wp-block-media-text__media\"><img loading=\"lazy\" decoding=\"async\" width=\"1024\" height=\"1013\" src=\"https:\/\/webs.uab.cat\/grafo\/wp-content\/uploads\/sites\/227\/2026\/01\/Alba-VAlenciano-recorte-1024x1013.jpg\" alt=\"\" class=\"wp-image-2693 size-full\" srcset=\"https:\/\/webs.uab.cat\/grafo\/wp-content\/uploads\/sites\/227\/2026\/01\/Alba-VAlenciano-recorte-1024x1013.jpg 1024w, https:\/\/webs.uab.cat\/grafo\/wp-content\/uploads\/sites\/227\/2026\/01\/Alba-VAlenciano-recorte-300x297.jpg 300w, https:\/\/webs.uab.cat\/grafo\/wp-content\/uploads\/sites\/227\/2026\/01\/Alba-VAlenciano-recorte-768x759.jpg 768w, https:\/\/webs.uab.cat\/grafo\/wp-content\/uploads\/sites\/227\/2026\/01\/Alba-VAlenciano-recorte-1536x1519.jpg 1536w, https:\/\/webs.uab.cat\/grafo\/wp-content\/uploads\/sites\/227\/2026\/01\/Alba-VAlenciano-recorte-1200x1187.jpg 1200w, https:\/\/webs.uab.cat\/grafo\/wp-content\/uploads\/sites\/227\/2026\/01\/Alba-VAlenciano-recorte.jpg 1618w\" sizes=\"auto, (max-width: 1024px) 100vw, 1024px\" \/><\/figure><div class=\"wp-block-media-text__content\">\n<p><a href=\"https:\/\/orcid.org\/0000-0002-0378-4803\">Valenciano Ma\u00f1\u00e9, Alba<\/a> (Beatriu de Pin\u00f3s, UAB)<\/p>\n<\/div><\/div>\n\n\n\n<div class=\"wp-block-media-text is-stacked-on-mobile\" style=\"grid-template-columns:16% auto\"><figure class=\"wp-block-media-text__media\"><img loading=\"lazy\" decoding=\"async\" width=\"160\" height=\"172\" src=\"https:\/\/webs.uab.cat\/grafo\/wp-content\/uploads\/sites\/227\/2026\/01\/Foto_Roser_1_.jpg\" alt=\"\" class=\"wp-image-2676 size-full\" \/><\/figure><div class=\"wp-block-media-text__content\">\n<p><a href=\"https:\/\/orcid.org\/0000-0002-6830-6001\">Roser Fern\u00e1ndez Pe\u00f1a<\/a> (Titular d\u2019Universitat, Departament d\u2019Infermeria, UAB).<\/p>\n<\/div><\/div>\n\n\n\n<h2 class=\"wp-block-heading\"><em><strong>Investigadors\/es associats\/des<\/strong><\/em><\/h2>\n\n\n\n<ul class=\"wp-block-list\">\n<li>Beatriz Garc\u00eda Garc\u00eda (Professora UOC)<\/li>\n\n\n\n<li>Luc\u00eda Sanju\u00e1n N\u00fa\u00f1ez (Professora, UOC)<\/li>\n\n\n\n<li>Lourdes Garc\u00eda Tugas (Professora lectora, UB)<\/li>\n<\/ul>\n\n\n\n<h2 class=\"wp-block-heading\"><strong><em>Estudiants de doctorat<\/em><\/strong> <\/h2>\n\n\n\n<ul class=\"wp-block-list\">\n<li><em>Agnese Capurri, TOUCH co-fund grant, PhD candidate, Jos\u00e9 Luis Molina &amp; Chiara Brocattelli.<\/em><\/li>\n\n\n\n<li><em>Marcelo Maureira<\/em>, PhD candidate, Jos\u00e9 Luis Molina &amp; Raphael Cantillana. <\/li>\n\n\n\n<li><em>Brenda Kosi Andrias<\/em>, MSCA grant, Jos\u00e9 Luis Molina &amp; Josip Franinc <\/li>\n\n\n\n<li><em>Miria Gambardella<\/em>, MSCA grant, Hugo Valenzuela &amp; Regnar Kristensen <\/li>\n\n\n\n<li><em>Eduardo Leiva Pinto, predoctoral grant ANID, Anna Piella &amp; Luc\u00eda Sanju\u00e1n.<\/em><\/li>\n\n\n\n<li><em>Rebeca P\u00e9rez Caride, Joan Or\u00f3 PhD grant, Jordi Grau Rebollo &amp; Anna Piella. <\/em><\/li>\n\n\n\n<li><em>Constanza Magna Carrillo,<\/em> <em>predoctoral grant ANID, Jordi Grau Rebollo &amp;Anna Piella<\/em>.<\/li>\n\n\n\n<li><em>Wang Liao, PhD candidate, Jos\u00e9 Luis Molina. <\/em><\/li>\n\n\n\n<li><em>Isabel Graupera, PhD Candidate, Jordi Grau &amp; Carles Feixa<\/em><\/li>\n<\/ul>\n\n\n\n<h2 class=\"wp-block-heading\"><em><strong>Investigadors postdoctorals<\/strong> <\/em><\/h2>\n\n\n\n<ul class=\"wp-block-list\">\n<li><em>Karla Nahuelpan, Postdoc RE4GREEN.<\/em><\/li>\n\n\n\n<li><em>Beatriz Patraca<\/em>. Postdoc <em>ARENAS<\/em>.&nbsp;<\/li>\n\n\n\n<li><em>Miroslav Pulgar<\/em>, Postdoc FBBVA.<\/li>\n<\/ul>\n\n\n\n<h2 class=\"wp-block-heading\"><em><strong>Investigadors\/es visitants<\/strong><\/em> <\/h2>\n\n\n\n<ul class=\"wp-block-list\">\n<li>Arthur Leonardo de Lima Pereira.<strong>&nbsp;<\/strong>Becari del programa PDSE\/CAPES (Convocat\u00f2ria n.\u00ba 17\/2025) i doctorand en Antropologia Social \u2013 PPGAS\/UFRN (Brasil).<\/li>\n<\/ul>\n\n\n\n<h2 class=\"wp-block-heading\"><em><strong>Previs investigadors visitants<\/strong><\/em> <\/h2>\n\n\n\n<ul class=\"wp-block-list\">\n<li>Broccatelli, Chiara, Marie Curie Fellow (UAB)<\/li>\n\n\n\n<li><a href=\"https:\/\/med.miami.edu\/faculty\/mariano-kanamori-phd-ma\">Mariano Kanamori<\/a> (Profesor de la Miller School of Medicine, University of Miami)<\/li>\n\n\n\n<li><em>Alexi Quintana<\/em>. PhD Candidate, Network Science Institute, Northeastern University, US (January 2022-September 2022).<\/li>\n\n\n\n<li><em>Livia Tom\u00e1s<\/em>. PhD Candidate (Project IP33 of the NCCR \u2013 On the Move), Institute of Sociology, University of Neuch\u00e2tel, Switzerland (October 2021 \u2013 March 2022).<\/li>\n\n\n\n<li><em>Cristina Herraiz<\/em> <em>Liz\u00e1n<\/em> (PhD Candidate, Desarrollo Local y Cooperaci\u00f3n Internacional, University of Valencia (October 2018- July 2019).<\/li>\n\n\n\n<li><em>Agnese Capurri.<\/em> Master student (Sociology), University of Trento, Italy (April 2022 \u2013 July 2022).<\/li>\n\n\n\n<li><em>Francesca Gori.<\/em> PhD Candidate, en Economics and Food Policies, University of Bolonia (May 2022 \u2013 October 2022).<\/li>\n\n\n\n<li><em>Ariana Garrote Hammer<\/em>. Early Postdoctoral Mobility fellow, Swiss National Science Foundation. \u201cDynamics of social relationships within an international school\u201d (Sept. 2017- Aug. 2018).<\/li>\n\n\n\n<li><em>Laure Sandoz.<\/em> Postdoctoral researcher, Institut de Ge\u00f3graphie, Universit\u00e9 de Neuch\u00e2tel, Switzerland (July-October 2019).<\/li>\n\n\n\n<li><em>Kon\u00fda, Hanna.&nbsp;<\/em>Postdoctoral researcher, Corvinus University, Hungary (November 2017 &#8211; May 2018).<\/li>\n\n\n\n<li><em>Smietniansky, Silvina.<\/em>&nbsp;Postdoctoral researcher. Centro de Estudios en Historia, Cultura y Memoria (CEHCMe-UNQ CONICET\/ Universidad Nacional de Quilmes; Argentina (September &#8211; November 2017)<\/li>\n\n\n\n<li><a href=\"https:\/\/maralinvisser.nl\/about\/\">Mara Lin Visser<\/a> (investigadora i cineasta independient, Holanda). Octubre 2018 &#8211; Setembre 2019.<\/li>\n\n\n\n<li><a href=\"https:\/\/unt-argentina.academia.edu\/PedroArturoG%C3%B3mez\">Pedro Arturo G\u00f3mez<\/a> (Argentina) September 2019 &#8211; October 2019<\/li>\n\n\n\n<li><a href=\"https:\/\/www.researchgate.net\/profile\/Luis_Martinez-Chafer\">Luis Mart\u00ednez-Ch\u00e0fer<\/a> (researcher from the Universitat Jaume I). December 2018 &#8211; January 2019.<\/li>\n\n\n\n<li>Herraiz, Cristina (Universitat Jaume I)<\/li>\n\n\n\n<li><a href=\"https:\/\/www.researchgate.net\/profile\/Hanna_Konya\">Kon\u00fda, Hanna <\/a>(Corvinus University) October 2017 &#8211; May 2018<\/li>\n\n\n\n<li><a href=\"https:\/\/sigaa.ufrn.br\/sigaa\/public\/docente\/portal.jsf?siape=1149572\">Coradini, Lisabete<\/a> (Department of Anthropology of the&nbsp;Universidade Federal do Rio Grande do Norte, Brazil) September 2017 &#8211; July 2018<\/li>\n\n\n\n<li><a href=\"https:\/\/www.researchgate.net\/profile\/Ariana_Garrote_Hammer\">Garrote, Ariana<\/a> (Postdoctoral grant holder of the&nbsp;Swiss National Science Foundation) &#8211; September 2017 &#8211; August&nbsp;2018<\/li>\n\n\n\n<li>\u00c1lvarez Plaza, Consuelo (Universidad Complutense Madrid)<\/li>\n\n\n\n<li><a href=\"https:\/\/conicet.academia.edu\/SilvinaSmietniansky\">Smietniansky, Silvina&nbsp;<\/a>(Centro de Estudios en Historia, Cultura y Memoria (CEHCMe-UNQ CONICET\/ Universidad Nacional de Quilmes;&nbsp;CONICET Argentina) September&nbsp;&#8211; November 2017<\/li>\n\n\n\n<li><a href=\"https:\/\/www.uni-muenster.de\/Soziologie\/personen\/keck.shtml\">Keck, Max <\/a>(Doctoral student of the Institute for&nbsp;Sociology&nbsp;of the University of&nbsp;M\u00fcnster, Germany)<\/li>\n\n\n\n<li>Reynoso, Jorgelina &nbsp;(ENAH, Mexico D.F.)<\/li>\n\n\n\n<li>Suiu, Adriana (Universitat Jaume I, Castell\u00f3&nbsp;&amp; Universitatea de Vest \u2013 Timi\u0219oara, Romania)&nbsp;Predoctoral visiting researcher, 2016-2017<\/li>\n\n\n\n<li>L\u00f3pez Garc\u00eda, Juan Carlos (UNAM, Mexico), 2015<\/li>\n\n\n\n<li>Aguiar, Lisi (Universidade Federal Rio Grande do Sul, Brazil)<\/li>\n\n\n\n<li><a href=\"https:\/\/www.comunicacionsocial.uam.mx\/boletinesuam\/329-15.html\">D\u00edaz&nbsp;Cruz Rodrigo<\/a>&nbsp;(Department of Anthropology, Universidad Aut\u00f3noma Metropolitana-Iztapalapa, Mexico). Visiting researcher, 2004 and 2015-16 (sabbatical)&nbsp;<\/li>\n\n\n\n<li>Mart\u00ednez, Julieta (Universidad Aut\u00f3noma de M\u00e9xico, Mexico). Predoctoral research visit; research grant&nbsp;CONACYT, 2015-16<\/li>\n\n\n\n<li>Oliver, Daniela (UAM, Mexico)<\/li>\n\n\n\n<li>Camacho, Karla (UAM, Mexico)<\/li>\n\n\n\n<li><a href=\"https:\/\/lattes.cnpq.br\/8620263171962896\" target=\"_blank\" rel=\"noopener\">\u00c1lex Damasceno<\/a>&nbsp;(Universidade Federal Rio Grande do Sul, Brazil). Predoctoral visiting researcher, 2014-2015. Fellowship CAPES<\/li>\n\n\n\n<li>Mar\u00eda Eugenia Santana Echeagaray (Universidad Aut\u00f3noma de Chiapas, Mexico). Invited visiting researcher,&nbsp;2014. Scholarship&nbsp;CONACYT<\/li>\n\n\n\n<li>Travancas, Isabel (Universidade Federal de Rio de Janeiro, Brasil). Visiting researcher,&nbsp;2013<\/li>\n\n\n\n<li>Enr\u00edquez Santamar\u00eda, Roberto (Colegio de la Frontera Norte,&nbsp;M\u00e8xic). Predoctoral visiting researcher, 2013.<\/li>\n\n\n\n<li>Ribeiro, Filipa (Universidade de Porto, Portugal). Predoctoral visiting researcher, 2013<\/li>\n\n\n\n<li><a href=\"https:\/\/www.izt.uam.mx\/poes\/curric_f_besserer.htm\">Besserer, Federico<\/a> (Department of Anthropology, Universidad Nacional Aut\u00f2noma de M\u00e9xico, Mexico). Visiting researcher, 2013<\/li>\n\n\n\n<li>Rayas, Luc\u00eda (Universidad de California, Mexico). Visiting researcher, 2012<\/li>\n\n\n\n<li>da Cunha, Tiago Augusto (Universidade Estadual de Campinas, Brazil). Predoctoral visiting researcher, 2012<\/li>\n\n\n\n<li>Lagarde, Margarita (Department of Neurobiology, Universidad Nacional Aut\u00f3noma de M\u00e9xico (UNAM), Mexico). Visiting researcher, 2010<\/li>\n\n\n\n<li>Aguirre Vidal, Gladis (Department of Social Anthropology&nbsp;of the&nbsp;University of Stockholm, Sweden). Visiting predoctoral&nbsp;researcher, 2010<\/li>\n\n\n\n<li><a href=\"https:\/\/uwm.edu\/africology\/people\/saint-jacques-ermitte\/\">St. Jacques, Ermitte<\/a> (Department of Social Anthropology, University of Florida, USA); visiting&nbsp;researcher, 2010.<\/li>\n\n\n\n<li><a href=\"https:\/\/www.researchgate.net\/profile\/Hanna_Konya\">K\u00f3nya, Hanna<\/a> (Cornivus University of Budapest, Hungr\u00eda); predoctoral visiting researcher&nbsp;2007-2008<\/li>\n\n\n\n<li><a href=\"https:\/\/www.bebr.ufl.edu\/about\/faculty-staff\/christopher-mccarty-phd\">McCarty, Christopher <\/a>(Survey Director, University of Florida Survey Research Center, and Associate Professor, Department of Social Anthropology, University of Florida). Invited visiting researcher, 2007.<\/li>\n\n\n\n<li><a href=\"https:\/\/www.inf.uni-konstanz.de\/~lerner\/\">Lerner, J\u00fcrgen <\/a>(Department of Computer &amp; Information Science, University of Konstanz, Germany). Visiting researcher, 2006.<\/li>\n\n\n\n<li>Niv\u00f3n Bol\u00e1n, Eduardo&nbsp;(Department of Anthropology, Universidad Aut\u00f3noma Metropolitana-Iztapalapa, Mexico). Visiting researcher, 2006.<\/li>\n<\/ul>\n\n\n\n<h2 class=\"wp-block-heading\"><strong><em>Investigadors\/es anteriors \/ Former researchers<\/em><\/strong><\/h2>\n\n\n\n<ul class=\"wp-block-list\">\n<li><a href=\"https:\/\/pagines.uab.cat\/mirandalubbers\/\" target=\"_blank\" rel=\"noopener\">Lubbers, Miranda Jessica<\/a> (Catedr\u00e0tica Laboral, former  coordinator GRAFO,  UAB) until 2025.<\/li>\n\n\n\n<li>Kristensen, Regnar (Mar\u00eda Zambrano fellow)<\/li>\n\n\n\n<li><a href=\"mailto:ignacio.fradejas@uab.cat\">Fradejas-Garc\u00eda, Ignacio<\/a> (Investigador Margarita Salas, Universidad de Oviedo)<\/li>\n\n\n\n<li><em>Alejandro Ciordia<\/em>&nbsp;(Nov. 2021 \u2013 Nov. 2024). Postdoctoral fellow hired for 3 years full-time in the Volkswagen Foundation project INCLUSIVITY. <\/li>\n\n\n\n<li>Ren\u00e1ta Hosnedlov\u00e1 (2017-2018). Juan de la Cierva Postdoctoral Fellowship (left in 2018 due to the possibility of tenure in France).<\/li>\n\n\n\n<li> <a href=\"https:\/\/www.researchgate.net\/profile\/Marta_Lobato\">Lobato Rodr\u00edguez, Marta<\/a>&nbsp;(Doctoral Fellowship Fundaci\u00f3 La Caixa, UAB) <a href=\"https:\/\/www.researchgate.net\/profile\/Renata_Hosnedlova\">Hosnedlov\u00e1, Ren\u00e1ta<\/a>&nbsp;(Juan de la Cierva Postdoctoral Researcher, UAB), until September 2018 <\/li>\n\n\n\n<li>Aguilar, Claudia, until 2012 <\/li>\n\n\n\n<li>Indurain, Gustavo, until 2013<\/li>\n\n\n\n<li>Puig Artigas, Ivone, until 2013 <\/li>\n\n\n\n<li>Torrens Arnal, Miriam, until 2016<\/li>\n<\/ul>\n","protected":false},"excerpt":{"rendered":"<p>Membres Molina Gonz\u00e1lez,&nbsp;Jos\u00e9 Luis (Catedr\u00e0tic, UAB, Coordinador del GRAFO)&nbsp; Valenzuela Garc\u00eda, Hugo (Catedr\u00e1tico Laboral, UAB) Gonz\u00e1lez Echevarr\u00eda, Aurora (Catedr\u00e0tica em\u00e8rita, UAB) Grau&nbsp;Rebollo, Jordi (Profesor&nbsp;Titular, UAB) Piella Vila,&nbsp;Anna&nbsp; (Profesora Titular, UAB) Valenciano Ma\u00f1\u00e9, Alba (Beatriu de Pin\u00f3s, UAB) Roser Fern\u00e1ndez Pe\u00f1a (Titular d\u2019Universitat, Departament d\u2019Infermeria, UAB). Investigadors\/es associats\/des Estudiants de doctorat Investigadors postdoctorals Investigadors\/es visitants Previs [&hellip;]<\/p>\n","protected":false},"author":20,"featured_media":0,"parent":0,"menu_order":0,"comment_status":"closed","ping_status":"closed","template":"","meta":{"footnotes":""},"class_list":["post-176","page","type-page","status-publish","hentry"],"_links":{"self":[{"href":"https:\/\/webs.uab.cat\/grafo\/wp-json\/wp\/v2\/pages\/176","targetHints":{"allow":["GET"]}}],"collection":[{"href":"https:\/\/webs.uab.cat\/grafo\/wp-json\/wp\/v2\/pages"}],"about":[{"href":"https:\/\/webs.uab.cat\/grafo\/wp-json\/wp\/v2\/types\/page"}],"author":[{"embeddable":true,"href":"https:\/\/webs.uab.cat\/grafo\/wp-json\/wp\/v2\/users\/20"}],"replies":[{"embeddable":true,"href":"https:\/\/webs.uab.cat\/grafo\/wp-json\/wp\/v2\/comments?post=176"}],"version-history":[{"count":49,"href":"https:\/\/webs.uab.cat\/grafo\/wp-json\/wp\/v2\/pages\/176\/revisions"}],"predecessor-version":[{"id":2851,"href":"https:\/\/webs.uab.cat\/grafo\/wp-json\/wp\/v2\/pages\/176\/revisions\/2851"}],"wp:attachment":[{"href":"https:\/\/webs.uab.cat\/grafo\/wp-json\/wp\/v2\/media?parent=176"}],"curies":[{"name":"wp","href":"https:\/\/api.w.org\/{rel}","templated":true}]}}