{"id":225,"date":"2013-02-11T14:55:58","date_gmt":"2013-02-11T12:55:58","guid":{"rendered":"https:\/\/webs.uab.cat\/grafo\/materials-formatius\/"},"modified":"2024-07-16T16:51:29","modified_gmt":"2024-07-16T14:51:29","slug":"materials-formatius","status":"publish","type":"page","link":"https:\/\/webs.uab.cat\/grafo\/materials-formatius\/","title":{"rendered":"Materials formatius"},"content":{"rendered":"<div class=\"wp-block-image\">\n<figure class=\"aligncenter size-full\"><a href=\"https:\/\/youtu.be\/v_8Fk_qhksM?feature=shared\"><img loading=\"lazy\" decoding=\"async\" width=\"960\" height=\"540\" src=\"https:\/\/webs.uab.cat\/grafo\/wp-content\/uploads\/sites\/227\/2024\/07\/caratula-video-ABR-Fondo-2.png\" alt=\"\" class=\"wp-image-1646\" srcset=\"https:\/\/webs.uab.cat\/grafo\/wp-content\/uploads\/sites\/227\/2024\/07\/caratula-video-ABR-Fondo-2.png 960w, https:\/\/webs.uab.cat\/grafo\/wp-content\/uploads\/sites\/227\/2024\/07\/caratula-video-ABR-Fondo-2-300x169.png 300w, https:\/\/webs.uab.cat\/grafo\/wp-content\/uploads\/sites\/227\/2024\/07\/caratula-video-ABR-Fondo-2-768x432.png 768w\" sizes=\"auto, (max-width: 960px) 100vw, 960px\" \/><\/a><figcaption class=\"wp-element-caption\"><a href=\"https:\/\/youtu.be\/v_8Fk_qhksM?feature=shared\">Aprenentatge Basat en Reptes: Diversitat, imaginari i cohesi\u00f3 al barri del Fondo<\/a><\/figcaption><\/figure>\n<\/div>\n\n<div class=\"wp-block-image\">\n<figure class=\"aligncenter\"><img loading=\"lazy\" decoding=\"async\" width=\"640\" height=\"480\" src=\"https:\/\/webs.uab.cat\/grafo\/wp-content\/uploads\/sites\/227\/2013\/02\/aixoesleducaciopereldesenvolupament.jpg\" alt=\"aixoesleducaciopereldesenvolupament.jpg\" class=\"wp-image-210\" srcset=\"https:\/\/webs.uab.cat\/grafo\/wp-content\/uploads\/sites\/227\/2013\/02\/aixoesleducaciopereldesenvolupament.jpg 640w, https:\/\/webs.uab.cat\/grafo\/wp-content\/uploads\/sites\/227\/2013\/02\/aixoesleducaciopereldesenvolupament-300x225.jpg 300w\" sizes=\"auto, (max-width: 640px) 100vw, 640px\" \/><figcaption class=\"wp-element-caption\">&#8211; <a rel=\"noreferrer noopener\" href=\"http:\/\/epd.quepo.org\/ca\/aixoesepd.html\" target=\"_blank\">Aix\u00f2 \u00e9s educaci\u00f3 per al desenvolupament.<\/a><\/figcaption><\/figure>\n<\/div>\n\n<div class=\"wp-block-image\">\n<figure class=\"aligncenter\"><img loading=\"lazy\" decoding=\"async\" width=\"640\" height=\"403\" src=\"https:\/\/webs.uab.cat\/grafo\/wp-content\/uploads\/sites\/227\/2013\/02\/assistenciasanitaria.jpg\" alt=\"assistenciasanitaria.jpg\" class=\"wp-image-213\" srcset=\"https:\/\/webs.uab.cat\/grafo\/wp-content\/uploads\/sites\/227\/2013\/02\/assistenciasanitaria.jpg 640w, https:\/\/webs.uab.cat\/grafo\/wp-content\/uploads\/sites\/227\/2013\/02\/assistenciasanitaria-300x189.jpg 300w\" sizes=\"auto, (max-width: 640px) 100vw, 640px\" \/><figcaption class=\"wp-element-caption\">&#8211; <a rel=\"noreferrer noopener\" href=\"http:\/\/revista-redes.rediris.es\/recerca\/SALUT_UAB_INTERNET\/index.html\" target=\"_blank\">Assist\u00e8ncia sanit\u00e0ria en contextos interculturals. Materials formatius per a professionals sanitaris<\/a>.<\/figcaption><\/figure>\n<\/div>\n\n<div class=\"wp-block-image\">\n<figure class=\"aligncenter\"><img loading=\"lazy\" decoding=\"async\" width=\"640\" height=\"480\" src=\"https:\/\/webs.uab.cat\/grafo\/wp-content\/uploads\/sites\/227\/2013\/02\/joemdicbrisa.jpg\" alt=\"joemdicbrisa.jpg\" class=\"wp-image-216\" srcset=\"https:\/\/webs.uab.cat\/grafo\/wp-content\/uploads\/sites\/227\/2013\/02\/joemdicbrisa.jpg 640w, https:\/\/webs.uab.cat\/grafo\/wp-content\/uploads\/sites\/227\/2013\/02\/joemdicbrisa-300x225.jpg 300w\" sizes=\"auto, (max-width: 640px) 100vw, 640px\" \/><figcaption class=\"wp-element-caption\">&#8211;&nbsp;<a rel=\"noreferrer noopener\" href=\"http:\/\/www.joemdicbrisa.org\/\" target=\"_blank\">Jo em dic Brisa, i tu? Itineraris sobre refugi i asil per a l\u2019educaci\u00f3 prim\u00e0ria<\/a>.<\/figcaption><\/figure>\n<\/div>\n\n<div class=\"wp-block-image\">\n<figure class=\"aligncenter\"><img loading=\"lazy\" decoding=\"async\" width=\"640\" height=\"480\" src=\"https:\/\/webs.uab.cat\/grafo\/wp-content\/uploads\/sites\/227\/2013\/02\/lametller.jpg\" alt=\"lametller.jpg\" class=\"wp-image-219\" srcset=\"https:\/\/webs.uab.cat\/grafo\/wp-content\/uploads\/sites\/227\/2013\/02\/lametller.jpg 640w, https:\/\/webs.uab.cat\/grafo\/wp-content\/uploads\/sites\/227\/2013\/02\/lametller-300x225.jpg 300w\" sizes=\"auto, (max-width: 640px) 100vw, 640px\" \/><figcaption class=\"wp-element-caption\">&#8211;&nbsp;<a rel=\"noreferrer noopener\" href=\"http:\/\/www.youtube.com\/watch?v=S1gEHNO6sMU&amp;feature=player_embedded\" target=\"_blank\">L\u2019ametller no va poder fugir<\/a>.<\/figcaption><\/figure>\n<\/div>\n\n<div class=\"wp-block-image\">\n<figure class=\"aligncenter\"><img loading=\"lazy\" decoding=\"async\" width=\"415\" height=\"468\" src=\"https:\/\/webs.uab.cat\/grafo\/wp-content\/uploads\/sites\/227\/2013\/02\/aprendears.jpg\" alt=\"aprendears.jpg\" class=\"wp-image-222\" srcset=\"https:\/\/webs.uab.cat\/grafo\/wp-content\/uploads\/sites\/227\/2013\/02\/aprendears.jpg 415w, https:\/\/webs.uab.cat\/grafo\/wp-content\/uploads\/sites\/227\/2013\/02\/aprendears-266x300.jpg 266w\" sizes=\"auto, (max-width: 415px) 100vw, 415px\" \/><figcaption class=\"wp-element-caption\">&#8211; Tutorials sobre xarxes socials:&nbsp; <a href=\"http:\/\/blogs.uab.cat\/redes\/archive\/videos\/learn-about-social-networks\/\">http:\/\/blogs.uab.cat\/redes\/archive\/videos\/learn-about-social-networks\/<\/a><\/figcaption><\/figure>\n<\/div>","protected":false},"excerpt":{"rendered":"","protected":false},"author":20,"featured_media":0,"parent":0,"menu_order":0,"comment_status":"closed","ping_status":"closed","template":"","meta":{"footnotes":""},"class_list":["post-225","page","type-page","status-publish","hentry"],"_links":{"self":[{"href":"https:\/\/webs.uab.cat\/grafo\/wp-json\/wp\/v2\/pages\/225","targetHints":{"allow":["GET"]}}],"collection":[{"href":"https:\/\/webs.uab.cat\/grafo\/wp-json\/wp\/v2\/pages"}],"about":[{"href":"https:\/\/webs.uab.cat\/grafo\/wp-json\/wp\/v2\/types\/page"}],"author":[{"embeddable":true,"href":"https:\/\/webs.uab.cat\/grafo\/wp-json\/wp\/v2\/users\/20"}],"replies":[{"embeddable":true,"href":"https:\/\/webs.uab.cat\/grafo\/wp-json\/wp\/v2\/comments?post=225"}],"version-history":[{"count":6,"href":"https:\/\/webs.uab.cat\/grafo\/wp-json\/wp\/v2\/pages\/225\/revisions"}],"predecessor-version":[{"id":1651,"href":"https:\/\/webs.uab.cat\/grafo\/wp-json\/wp\/v2\/pages\/225\/revisions\/1651"}],"wp:attachment":[{"href":"https:\/\/webs.uab.cat\/grafo\/wp-json\/wp\/v2\/media?parent=225"}],"curies":[{"name":"wp","href":"https:\/\/api.w.org\/{rel}","templated":true}]}}