{"id":226,"date":"2013-02-11T15:04:56","date_gmt":"2013-02-11T13:04:56","guid":{"rendered":"https:\/\/webs.uab.cat\/grafo\/inici\/"},"modified":"2025-05-16T09:08:06","modified_gmt":"2025-05-16T07:08:06","slug":"inici","status":"publish","type":"page","link":"https:\/\/webs.uab.cat\/grafo\/","title":{"rendered":"Inici"},"content":{"rendered":"\n<p class=\"has-text-align-left has-blanc-coco-color has-verd-tropic-background-color has-text-color has-background\">Benvinguts i benvingudes a la web del Grup de Recerca en Antropologia Fonamental i Orientada (GRAFO). Volem contribuir al desenvolupament te\u00f2ric i metodol\u00f2gic de l&#8217;antropologia. Estem ubicats al <a href=\"https:\/\/www.uab.cat\/ca\/antropologia\">Departament d&#8217;Antropologia Social i Cultural <\/a>de la Universitat Aut\u00f2noma de Barcelona i estem reconeguts com a Grup de Recerca Consolidat per la Generalitat de Catalunya (2021-SGR-00065).<\/p>\n\n\n\n<p>El Grup de Recerca en Antropologia Fonamental i Orientada (GRAFO), creat el 1999 a la Universitat Aut\u00f2noma de Barcelona (UAB) es dedica a l\u2019estudi de les condicions de vida i les estructures relacionals de col\u00b7lectius culturalment diversos o poblacions vulnerables, entre d\u2019altres, aix\u00ed com la seva relaci\u00f3 amb el medi ambient, les institucions socioculturals i la societat en general.<\/p>\n\n\n\n<p>Reconegut com a Grup de Recerca Consolidat (SGR) per la Generalitat de Catalunya, el GRAFO destaca pel seu doble enfocament: una recerca b\u00e0sica que aprofundeix en els fonaments te\u00f2rics i conceptuals de l\u2019antropologia, i una recerca aplicada orientada a la resoluci\u00f3 de problemes concrets en diversos \u00e0mbits socials i culturals.<br>Les nostres l\u00ednies d\u2019investigaci\u00f3 abasten temes com el parentiu, les xarxes socials, les comunitats i les relacions socioecol\u00f2giques, amb un clar comprom\u00eds amb la transfer\u00e8ncia de coneixement. En el marc de la recerca aplicada, desenvolupem projectes centrats en \u00e0rees com les xarxes personals i comunit\u00e0ries de suport, la gesti\u00f3 dels recursos naturals, la sostenibilitat, o la crian\u00e7a en entorns vulnerables, treballant estretament amb actors i agents socials i institucionals per promoure solucions concretes i de llarg abast.<\/p>\n\n\n\n<p><\/p>\n","protected":false},"excerpt":{"rendered":"<p>Benvinguts i benvingudes a la web del Grup de Recerca en Antropologia Fonamental i Orientada (GRAFO). Volem contribuir al desenvolupament te\u00f2ric i metodol\u00f2gic de l&#8217;antropologia. Estem ubicats al Departament d&#8217;Antropologia Social i Cultural de la Universitat Aut\u00f2noma de Barcelona i estem reconeguts com a Grup de Recerca Consolidat per la Generalitat de Catalunya (2021-SGR-00065). El [&hellip;]<\/p>\n","protected":false},"author":20,"featured_media":0,"parent":0,"menu_order":0,"comment_status":"closed","ping_status":"closed","template":"sidebar.php","meta":{"footnotes":""},"class_list":["post-226","page","type-page","status-publish","hentry"],"_links":{"self":[{"href":"https:\/\/webs.uab.cat\/grafo\/wp-json\/wp\/v2\/pages\/226","targetHints":{"allow":["GET"]}}],"collection":[{"href":"https:\/\/webs.uab.cat\/grafo\/wp-json\/wp\/v2\/pages"}],"about":[{"href":"https:\/\/webs.uab.cat\/grafo\/wp-json\/wp\/v2\/types\/page"}],"author":[{"embeddable":true,"href":"https:\/\/webs.uab.cat\/grafo\/wp-json\/wp\/v2\/users\/20"}],"replies":[{"embeddable":true,"href":"https:\/\/webs.uab.cat\/grafo\/wp-json\/wp\/v2\/comments?post=226"}],"version-history":[{"count":26,"href":"https:\/\/webs.uab.cat\/grafo\/wp-json\/wp\/v2\/pages\/226\/revisions"}],"predecessor-version":[{"id":2080,"href":"https:\/\/webs.uab.cat\/grafo\/wp-json\/wp\/v2\/pages\/226\/revisions\/2080"}],"wp:attachment":[{"href":"https:\/\/webs.uab.cat\/grafo\/wp-json\/wp\/v2\/media?parent=226"}],"curies":[{"name":"wp","href":"https:\/\/api.w.org\/{rel}","templated":true}]}}