{"id":2505,"date":"2026-01-11T20:19:26","date_gmt":"2026-01-11T18:19:26","guid":{"rendered":"https:\/\/webs.uab.cat\/grafo\/?page_id=2505"},"modified":"2026-01-21T12:41:23","modified_gmt":"2026-01-21T10:41:23","slug":"sedit-lab","status":"publish","type":"page","link":"https:\/\/webs.uab.cat\/grafo\/grafo-media-centre\/sedit-lab\/","title":{"rendered":"SeDIT Lab"},"content":{"rendered":"\n<p>El Servei per a la Documentaci\u00f3 i la Investigaci\u00f3 transcultural (SeDIT) constitueix un servei de suport a la investigaci\u00f3 i a la doc\u00e8ncia per als estudiants i docents del GRAFO, aix\u00ed com del i Postgrau al Departament d\u2019Antropologia Social i Cultural en els seg\u00fcents \u00e0mbits:<\/p>\n\n\n\n<p>a) Assessorament etnogr\u00e0fic en tres eixos b\u00e0sics: produccions audiovisuals, doc\u00e8ncia, recerca cient\u00edfica.<\/p>\n\n\n\n<p>b) Potenciaci\u00f3 de l\u2019\u00fas dels audiovisuals com a metodologia de recerca cient\u00edfica i eina de comunicaci\u00f3 i divulgaci\u00f3 de resultats.<\/p>\n\n\n\n<p>c) Suport a la consulta de bases de dades documentals.<\/p>\n\n\n\n<p>&#8211; Human Relations Area Files (HRAF) i eHRAF (versi\u00f3 electr\u00f2nica).<\/p>\n\n\n\n<p>&#8211; Recursos antropol\u00f2gics on-line d\u2019especial inter\u00e8s cient\u00edfic.<\/p>\n\n\n\n<p>d) Produccions pr\u00f2pies d\u2019inter\u00e8s cient\u00edfic.<\/p>\n","protected":false},"excerpt":{"rendered":"<p>El Servei per a la Documentaci\u00f3 i la Investigaci\u00f3 transcultural (SeDIT) constitueix un servei de suport a la investigaci\u00f3 i a la doc\u00e8ncia per als estudiants i docents del GRAFO, aix\u00ed com del i Postgrau al Departament d\u2019Antropologia Social i Cultural en els seg\u00fcents \u00e0mbits: a) Assessorament etnogr\u00e0fic en tres eixos b\u00e0sics: produccions audiovisuals, doc\u00e8ncia, [&hellip;]<\/p>\n","protected":false},"author":99,"featured_media":0,"parent":2484,"menu_order":3,"comment_status":"closed","ping_status":"closed","template":"","meta":{"footnotes":""},"class_list":["post-2505","page","type-page","status-publish","hentry"],"_links":{"self":[{"href":"https:\/\/webs.uab.cat\/grafo\/wp-json\/wp\/v2\/pages\/2505","targetHints":{"allow":["GET"]}}],"collection":[{"href":"https:\/\/webs.uab.cat\/grafo\/wp-json\/wp\/v2\/pages"}],"about":[{"href":"https:\/\/webs.uab.cat\/grafo\/wp-json\/wp\/v2\/types\/page"}],"author":[{"embeddable":true,"href":"https:\/\/webs.uab.cat\/grafo\/wp-json\/wp\/v2\/users\/99"}],"replies":[{"embeddable":true,"href":"https:\/\/webs.uab.cat\/grafo\/wp-json\/wp\/v2\/comments?post=2505"}],"version-history":[{"count":2,"href":"https:\/\/webs.uab.cat\/grafo\/wp-json\/wp\/v2\/pages\/2505\/revisions"}],"predecessor-version":[{"id":2719,"href":"https:\/\/webs.uab.cat\/grafo\/wp-json\/wp\/v2\/pages\/2505\/revisions\/2719"}],"up":[{"embeddable":true,"href":"https:\/\/webs.uab.cat\/grafo\/wp-json\/wp\/v2\/pages\/2484"}],"wp:attachment":[{"href":"https:\/\/webs.uab.cat\/grafo\/wp-json\/wp\/v2\/media?parent=2505"}],"curies":[{"name":"wp","href":"https:\/\/api.w.org\/{rel}","templated":true}]}}