{"id":258,"date":"2017-07-09T18:00:30","date_gmt":"2017-07-09T16:00:30","guid":{"rendered":"https:\/\/webs.uab.cat\/grafo\/cat-relatedness\/"},"modified":"2017-07-09T18:00:30","modified_gmt":"2017-07-09T16:00:30","slug":"cat-relatedness","status":"publish","type":"page","link":"https:\/\/webs.uab.cat\/grafo\/cat-relatedness\/","title":{"rendered":"Relatedness"},"content":{"rendered":"<p><img loading=\"lazy\" decoding=\"async\" class=\" size-full wp-image-255\" alt=\"silhouette-74876_1920_pixabay_geralt_cc.jpg\" height=\"177\" src=\"https:\/\/webs.uab.cat\/grafo\/wp-content\/uploads\/sites\/227\/2017\/07\/silhouette-74876_1920_pixabay_geralt_cc.jpg\" width=\"251\" srcset=\"https:\/\/webs.uab.cat\/grafo\/wp-content\/uploads\/sites\/227\/2017\/07\/silhouette-74876_1920_pixabay_geralt_cc.jpg 600w, https:\/\/webs.uab.cat\/grafo\/wp-content\/uploads\/sites\/227\/2017\/07\/silhouette-74876_1920_pixabay_geralt_cc-300x212.jpg 300w\" sizes=\"auto, (max-width: 251px) 100vw, 251px\" \/><\/p>\n<p class=\"rtejustify\">El concepte de &#8220;relatedness&#8221; es refereix a la forma en qu\u00e8 la gent conceptualitza, organitza i participa en les relacions que estructuren la vida quotidiana. &#8220;Relatedness&#8221; es refereix al <strong>parentiu<\/strong>, per\u00f2 tamb\u00e9 es pot entendre en un sentit m\u00e9s ampli, per exemple per referir-se al <strong>entorn m\u00e9s ampli&nbsp;de&nbsp;crian\u00e7a dels nens\/nenes<\/strong> o a les <strong>xarxes personals<\/strong>, \u00e9s a dir, el conjunt de relacions socials que envolten a un individu, incloent-hi amistats, coneguts i altres vincles socials (tant forts com febles, verticals i horitzontals). Finalment, el concepte es pot estendre a les relacions socioeducatives i professionals que es produeixen dins de les institucions. GRAFO estudia com es construeixen i es negocien aquestes relacions, com canvien al llarg del temps, com produeixen, agreugen o compensen les desigualtats, aix\u00ed com com el seu arrelament a la vida econ\u00f2mica.<\/p>\n<p class=\"rtejustify\">Mentre que la unitat de recerca <a href=\"http:\/\/grupsderecerca.uab.cat\/getp\/\">getp-GRAFO<\/a> es centra en les relacions de parentiu i en entorns ampliats de crian\u00e7a, la unitat <a href=\"http:\/\/grupsderecerca.uab.cat\/egolab\/\">egolab-GRAFO<\/a> estudia les relacions socials centrant-se en les &#8220;xarxes personals&#8221; dels individus (vegeu a continuaci\u00f3). Tots dos equips estudien la conceptualitzaci\u00f3 i organitzaci\u00f3 de les relacions socials en contexts de desigualtat i d&#8217;espais transnacionals.<\/p>\n<p class=\"rtejustify\"><em>Parentiu, organitzaci\u00f3 social i processos de transmissi\u00f3 i aprenentatge<\/em><\/p>\n<p class=\"rtejustify\">Prenent com a punt de partida les realitzacions i limitacions de l&#8217;antropologia cl\u00e0ssica del parentiu i per tal de superar les concepcions etnoc\u00e8ntriques que van portar a assumir un paper dominant en l&#8217;estructura social d&#8217;un espai geneal\u00f2gic que es hipotetizaba universal, aquesta l\u00ednia, despr\u00e9s de formalitzar una proposta sobre el domini anal\u00edtic de l&#8217;antropologia del parentiu, tracta de construir un elenc de models reproductius i d&#8217;establir el seu abast transcultural. L&#8217;inter\u00e8s se centra tamb\u00e9 en les interseccions del domini del parentiu amb altres dominis, com els sistemes de g\u00e8nere, els sistemes educatius i els sistemes de salut.<\/p>\n<p class=\"rtejustify\">En les investigacions de camp es presta especial atenci\u00f3 a la pres\u00e8ncia de parents i no parents en les xarxes socials per intentar superar les concepcions etnoc\u00e8ntriques que van portar a assumir un paper dominant en l&#8217;estructura social de l&#8217;espai geneal\u00f2gic suposadament universal.<\/p>\n<p class=\"rtejustify\">Dins l&#8217;\u00e0mbit de l&#8217;educaci\u00f3 el GRAFO desenvolupa investigacions te\u00f2riques i etnogr\u00e0fiques en diferents contextos educatius, poblacions i territoris, m\u00e9s enll\u00e0 de les aules, per\u00f2 tamb\u00e9 a les aules. Estretament relacionada amb la reproducci\u00f3 cultural dels grups humans, l&#8217;antropologia de l&#8217;educaci\u00f3 intersecta amb altres dominis que s&#8217;investiguen en el grup, particularment el parentiu, per\u00f2 tamb\u00e9 l&#8217;exclusi\u00f3 social o la integraci\u00f3 comunit\u00e0ria.<\/p>\n<p class=\"rtejustify\"><em>Xarxes i comunitats personals<\/em><\/p>\n<p class=\"rtejustify\">L&#8217;estudi de les xarxes personals \u00e9s un instrument tant per a la construcci\u00f3 de lla\u00e7os comunitaris com per al desenvolupament d&#8217;una teoria de l&#8217;exclusi\u00f3 capa\u00e7 d&#8217;explicar la gran variabilitat del fenomen de la marginaci\u00f3 social. Es presta especial atenci\u00f3 als fen\u00f2mens d&#8217;integraci\u00f3 econ\u00f2mica, social i c\u00edvica, d&#8217;aculturaci\u00f3 selectiva, adaptaci\u00f3 o reconstrucci\u00f3 de representacions culturals i de la identitat de les minories estudiades.<\/p>\n<p><em>La <a href=\"https:\/\/pixabay.com\/es\/silueta-hombre-mujer-ni%C3%B1o-familia-74876\/\">imatge<\/a>&nbsp;de geralt est\u00e0 llicenciada sota CC0.<\/em><\/p>\n","protected":false},"excerpt":{"rendered":"<p>El concepte de &#8220;relatedness&#8221; es refereix a la forma en qu\u00e8 la gent conceptualitza, organitza i participa en les relacions que estructuren la vida quotidiana. &#8220;Relatedness&#8221; es refereix al parentiu, per\u00f2 tamb\u00e9 es pot entendre en un sentit m\u00e9s ampli, per exemple per referir-se al entorn m\u00e9s ampli&nbsp;de&nbsp;crian\u00e7a dels nens\/nenes o a les xarxes personals, [&hellip;]<\/p>\n","protected":false},"author":20,"featured_media":255,"parent":0,"menu_order":0,"comment_status":"closed","ping_status":"closed","template":"","meta":{"footnotes":""},"class_list":["post-258","page","type-page","status-publish","has-post-thumbnail","hentry"],"_links":{"self":[{"href":"https:\/\/webs.uab.cat\/grafo\/wp-json\/wp\/v2\/pages\/258","targetHints":{"allow":["GET"]}}],"collection":[{"href":"https:\/\/webs.uab.cat\/grafo\/wp-json\/wp\/v2\/pages"}],"about":[{"href":"https:\/\/webs.uab.cat\/grafo\/wp-json\/wp\/v2\/types\/page"}],"author":[{"embeddable":true,"href":"https:\/\/webs.uab.cat\/grafo\/wp-json\/wp\/v2\/users\/20"}],"replies":[{"embeddable":true,"href":"https:\/\/webs.uab.cat\/grafo\/wp-json\/wp\/v2\/comments?post=258"}],"version-history":[{"count":0,"href":"https:\/\/webs.uab.cat\/grafo\/wp-json\/wp\/v2\/pages\/258\/revisions"}],"wp:featuredmedia":[{"embeddable":true,"href":"https:\/\/webs.uab.cat\/grafo\/wp-json\/wp\/v2\/media\/255"}],"wp:attachment":[{"href":"https:\/\/webs.uab.cat\/grafo\/wp-json\/wp\/v2\/media?parent=258"}],"curies":[{"name":"wp","href":"https:\/\/api.w.org\/{rel}","templated":true}]}}

<p><img loading="lazy" decoding="async" class=" size-full wp-image-255" alt="silhouette-74876_1920_pixabay_geralt_cc.jpg" height="177" src="https://webs.uab.cat/grafo/wp-content/uploads/sites/227/2017/07/silhouette-74876_1920_pixabay_geralt_cc.jpg" width="251" srcset="https://webs.uab.cat/grafo/wp-content/uploads/sites/227/2017/07/silhouette-74876_1920_pixabay_geralt_cc.jpg 600w, https://webs.uab.cat/grafo/wp-content/uploads/sites/227/2017/07/silhouette-74876_1920_pixabay_geralt_cc-300x212.jpg 300w" sizes="auto, (max-width: 251px) 100vw, 251px" /></p>
<p class="rtejustify">El concepte de &#8220;relatedness&#8221; es refereix a la forma en què la gent conceptualitza, organitza i participa en les relacions que estructuren la vida quotidiana. &#8220;Relatedness&#8221; es refereix al <strong>parentiu</strong>, però també es pot entendre en un sentit més ampli, per exemple per referir-se al <strong>entorn més ampli&nbsp;de&nbsp;criança dels nens/nenes</strong> o a les <strong>xarxes personals</strong>, és a dir, el conjunt de relacions socials que envolten a un individu, incloent-hi amistats, coneguts i altres vincles socials (tant forts com febles, verticals i horitzontals). Finalment, el concepte es pot estendre a les relacions socioeducatives i professionals que es produeixen dins de les institucions. GRAFO estudia com es construeixen i es negocien aquestes relacions, com canvien al llarg del temps, com produeixen, agreugen o compensen les desigualtats, així com com el seu arrelament a la vida econòmica.</p>
<p class="rtejustify">Mentre que la unitat de recerca <a href="http://grupsderecerca.uab.cat/getp/">getp-GRAFO</a> es centra en les relacions de parentiu i en entorns ampliats de criança, la unitat <a href="http://grupsderecerca.uab.cat/egolab/">egolab-GRAFO</a> estudia les relacions socials centrant-se en les &#8220;xarxes personals&#8221; dels individus (vegeu a continuació). Tots dos equips estudien la conceptualització i organització de les relacions socials en contexts de desigualtat i d&#8217;espais transnacionals.</p>
<p class="rtejustify"><em>Parentiu, organització social i processos de transmissió i aprenentatge</em></p>
<p class="rtejustify">Prenent com a punt de partida les realitzacions i limitacions de l&#8217;antropologia clàssica del parentiu i per tal de superar les concepcions etnocèntriques que van portar a assumir un paper dominant en l&#8217;estructura social d&#8217;un espai genealògic que es hipotetizaba universal, aquesta línia, després de formalitzar una proposta sobre el domini analític de l&#8217;antropologia del parentiu, tracta de construir un elenc de models reproductius i d&#8217;establir el seu abast transcultural. L&#8217;interès se centra també en les interseccions del domini del parentiu amb altres dominis, com els sistemes de gènere, els sistemes educatius i els sistemes de salut.</p>
<p class="rtejustify">En les investigacions de camp es presta especial atenció a la presència de parents i no parents en les xarxes socials per intentar superar les concepcions etnocèntriques que van portar a assumir un paper dominant en l&#8217;estructura social de l&#8217;espai genealògic suposadament universal.</p>
<p class="rtejustify">Dins l&#8217;àmbit de l&#8217;educació el GRAFO desenvolupa investigacions teòriques i etnogràfiques en diferents contextos educatius, poblacions i territoris, més enllà de les aules, però també a les aules. Estretament relacionada amb la reproducció cultural dels grups humans, l&#8217;antropologia de l&#8217;educació intersecta amb altres dominis que s&#8217;investiguen en el grup, particularment el parentiu, però també l&#8217;exclusió social o la integració comunitària.</p>
<p class="rtejustify"><em>Xarxes i comunitats personals</em></p>
<p class="rtejustify">L&#8217;estudi de les xarxes personals és un instrument tant per a la construcció de llaços comunitaris com per al desenvolupament d&#8217;una teoria de l&#8217;exclusió capaç d&#8217;explicar la gran variabilitat del fenomen de la marginació social. Es presta especial atenció als fenòmens d&#8217;integració econòmica, social i cívica, d&#8217;aculturació selectiva, adaptació o reconstrucció de representacions culturals i de la identitat de les minories estudiades.</p>
<p><em>La <a href="https://pixabay.com/es/silueta-hombre-mujer-ni%C3%B1o-familia-74876/">imatge</a>&nbsp;de geralt està llicenciada sota CC0.</em></p>

<p>El concepte de &#8220;relatedness&#8221; es refereix a la forma en què la gent conceptualitza, organitza i participa en les relacions que estructuren la vida quotidiana. &#8220;Relatedness&#8221; es refereix al parentiu, però també es pot entendre en un sentit més ampli, per exemple per referir-se al entorn més ampli&nbsp;de&nbsp;criança dels nens/nenes o a les xarxes personals, [&hellip;]</p>
