{"id":1312,"date":"2016-12-12T23:12:27","date_gmt":"2016-12-12T21:12:27","guid":{"rendered":"https:\/\/webs.uab.cat\/grai\/projecte-armif-2016\/"},"modified":"2024-01-27T20:51:00","modified_gmt":"2024-01-27T18:51:00","slug":"projecte-armif-2016","status":"publish","type":"page","link":"https:\/\/webs.uab.cat\/grai\/projecte-armif-2016\/","title":{"rendered":"Projecte ARMIF 2016"},"content":{"rendered":"\n<h3 class=\"wp-block-heading\">Doc\u00e8ncia compartida: com a instrument d&#8217;atenci\u00f3 a l\u2019alumnat de prim\u00e0ria i com a instrument d&#8217;aprenentatge entre mestres<\/h3>\n\n\n\n<p>Encara que podem trobar situacions on tots dos docents s\u00f3n tutors del grup classe, considerem com a <strong>doc\u00e8ncia compartida (DC)<\/strong> la col\u00b7laboraci\u00f3 de dos professors dins l\u2019aula, en qu\u00e8 un d\u2019ells acostuma a ser el professor responsable de la mat\u00e8ria i l\u2019altre exerceix com a professor de suport. La doc\u00e8ncia compartida pot ser entesa des de dues vessants: com a mecanisme d\u2019atenci\u00f3 a l\u2019alumnat i com a mecanisme de formaci\u00f3 de professorat.<\/p>\n\n\n\n<p><strong>Com a mecanisme d\u2019atenci\u00f3 a l\u2019alumnat<\/strong>, la DC suposa que l\u2019ajut estigui a disposici\u00f3 de tot l\u2019alumnat; facilita l\u2019avaluaci\u00f3 de les seves necessitats i, en conseq\u00fc\u00e8ncia, permet decidir m\u00e9s r\u00e0pidament quin \u00e9s el tipus de suport adient en cada cas i situaci\u00f3; i, finalment, facilita l\u2019\u00fas de recursos metodol\u00f2gics poc factibles si la doc\u00e8ncia es fes individualment.<\/p>\n\n\n\n<p><strong>Com a mecanisme d\u2019aprenentatge entre professors<\/strong>, seguint les evid\u00e8ncies de l\u2019aprenentatge entre iguals, cal que les interaccions entre el professorat propici\u00efn deliberadament aquest aprenentatge. La DC ofereix la possibilitat de compartir i d\u2019elaborar nous materials o metodologies de treball; de compartir l\u2019avaluaci\u00f3 -m\u00e9s educativa o psicopedag\u00f2gica- i el seguiment dels alumnes; i de donar-se suport mutu davant les dificultats, fet que afavoreix la gesti\u00f3 de l\u2019aula i el clima de treball. Aquesta discussi\u00f3 conjunta i constructiva actua com a estrat\u00e8gia \u00f2ptima per ajudar el professorat a construir coneixement.<\/p>\n\n\n\n<p>Malgrat les evid\u00e8ncies de la seva doble potencialitat, <strong>la DC s\u2019enfronta a molts reptes<\/strong>, tant a nivell nacional com internacional. Les <strong>l\u00ednies per superar aquestes barreres<\/strong> requereixen la formaci\u00f3 dels docents en la potencialitat i la diversitat de formats de DC, l\u2019elecci\u00f3 dels formats en funci\u00f3 de les necessitats de l\u2019alumnat, l\u2019ajut en la presa de decisions en relaci\u00f3 al rol i a les funcions de cada docent, i l\u2019avaluaci\u00f3 de les actuacions de DC.<\/p>\n\n\n\n<p>En la formaci\u00f3 inicial del professorat, la compet\u00e8ncia de treballar amb altres docents \u00e9s recollida en els prop\u00f2sits dels plans docents. En concret, a la UAB \u2013on se situa la recerca que es presenta-, de les sis compet\u00e8ncies espec\u00edfiques del Grau d\u2019Educaci\u00f3 Prim\u00e0ria, la segona explicita el seg\u00fcent: \u201cDissenyar, planificar i avaluar processos d&#8217;ensenyament i d&#8217;aprenentatge, tant individualment com en col\u00b7laboraci\u00f3 amb altres docents i professionals del centre\u201d (<a href=\"https:\/\/www.uab.cat\/web\/estudiar\/llistat-de-graus\/pla-destudis\/competencies\/educacio-primaria-1345467819221.html?param1=1229413437355\" target=\"_blank\" rel=\"noreferrer noopener\">https:\/\/www.uab.cat\/web\/estudiar\/llistat-de-graus\/pla-destudis\/competencies\/educacio-primaria-1345467819221.html?param1=1229413437355<\/a>).<\/p>\n\n\n\n<p>Per\u00f2, tot i constar com una compet\u00e8ncia espec\u00edfica essencial, i malgrat la import\u00e0ncia de capacitar els nous mestres per ajudar a introduir aquest tipus de pr\u00e0ctiques a les escoles, la realitat \u00e9s que aquesta tem\u00e0tica nom\u00e9s s\u2019aborda, de forma superficial, en alguna assignatura \u2013especialment en les vinculades a l\u2019educaci\u00f3 inclusiva. En el cas del pr\u00e0cticum, per exemple, tot i la pres\u00e8ncia de compet\u00e8ncies espec\u00edfiques i de resultats d\u2019aprenentatge a assolir que hi fan refer\u00e8ncia expl\u00edcita (<a href=\"https:\/\/www.uab.cat\/guiesdocents\/2015-16\/g103701a2015-16iCAT.pdf\" target=\"_blank\" rel=\"noreferrer noopener\">https:\/\/www.uab.cat\/guiesdocents\/2015-16\/g103701a2015-16iCAT.pdf<\/a>), l\u2019assignatura est\u00e0 focalitzada quasi exclusivament en el disseny d\u2019actuacions docents individuals.<\/p>\n\n\n\n<p>El <strong>prop\u00f2sit general<\/strong> de la recerca ser\u00e0 desenvolupar un conjunt d\u2019actuacions innovadores en la formaci\u00f3 inicial del Grau d\u2019 Educaci\u00f3 Prim\u00e0ria que permetin als estudiants desenvolupar actituds positives, capacitar-se i practicar \u2013en el context de l\u2019aula de prim\u00e0ria i en l\u2019universitari- la Doc\u00e8ncia Compartida.<\/p>\n\n\n\n<p>Per assolir aquest prop\u00f2sit, desenvoluparem un pla d\u2019actuaci\u00f3 innovadora, que combina actuacions informatives amb actuacions d\u2019experienciaci\u00f3 de la DC: viure com a estudiant una metodologia \u00e9s una bona manera d\u2019aprendre-la. Els objectius s\u00f3n els seg\u00fcents: oferir una formaci\u00f3 conceptual rigorosa i coherent de les bases de la doc\u00e8ncia compartida; oferir l\u2019oportunitat d\u2019experimentar la DC en aules de prim\u00e0ria; oferir l\u2019oportunitat d\u2019experimentar la DC a les aules de la universitat; i, finalment, contribuir a la consolidaci\u00f3 d\u2019una actitud positiva i d\u2019inter\u00e8s, per part dels estudiants, per emprar la DC en situacions futures.<\/p>\n\n\n\n<p>Aquesta actuaci\u00f3 innovadora anir\u00e0 acompanyada d\u2019una <strong>recerca <\/strong>que, seguint les recomanacions actuals de la investigaci\u00f3 psicoeducativa, combinar\u00e0 un disseny quasi-experimental pre i post-test amb grup de comparaci\u00f3 amb un estudi qualitatiu basat en l\u2019an\u00e0lisi dels diferents components del proc\u00e9s, per tal d\u2019interpretar els possibles canvis quantitatius constatats. S\u2019espera que els estudiants que participen en el pla d\u2019actuaci\u00f3 innovadora millorin la predisposici\u00f3 (actitud i coneixement) vers la DC respecte al grup de comparaci\u00f3 en un pre i post-test del primer curs de l\u2019actuaci\u00f3. Tamb\u00e9 es pret\u00e9n con\u00e8ixer el perqu\u00e8 d\u2019aquesta millora a trav\u00e9s dels agents implicats.<\/p>\n\n\n\n<p><a href=\"https:\/\/webs.uab.cat\/grai\/wp-content\/uploads\/sites\/353\/2023\/02\/video_docencia_compartida_grai_guia_didactica-1.pdf\" data-type=\"URL\" data-id=\"https:\/\/webs.uab.cat\/grai\/wp-content\/uploads\/sites\/353\/2023\/02\/video_docencia_compartida_grai_guia_didactica-1.pdf\" target=\"_blank\" rel=\"noreferrer noopener\">Cliqueu aqu\u00ed per veure la infografia en una finestra sencera<\/a><\/p>\n\n\n\n<p>Els <strong>primers resultats<\/strong> del projecte van presentar-se al VI Congreso Internacional Multidisciplinar de Investigaci\u00f3n Educativa, celebrat a Bilbao els dies 29 i 30 de juny de 2017. En la comunicaci\u00f3 presentada al congr\u00e9s van mostrar-se els resultats d&#8217;una intervenci\u00f3 de dues sessions de doc\u00e8ncia compartida a l&#8217;\u00e0mbit universitari, dissenyada i duta a terme en dos grups, per part de dues parelles de professors. Amb l&#8217;objectiu de con\u00e8ixer millor les potencialitats i les dificultats de la doc\u00e8ncia compartida a la universitat, els resultats se centraven en la percepci\u00f3 dels professors i dels estudiants dels dos grups que van participar en la intervenci\u00f3, en comparaci\u00f3 amb un tercer grup \u2013que no va participar-hi.<\/p>\n\n\n\n<p>El passat 13 de mar\u00e7 la professora Hilde Van Keer, de la Universitat de Gant (Flanders, B\u00e8lgica) i membre de l\u2019equip ARMIF, va ser amb nosaltres per tal de poder discutir els primers resultats de la recerca. A la trobada es va poder debatre sobre les potencialitats i dificultats de la doc\u00e8ncia compartida a la universitat; com els estudiants que han rebut formaci\u00f3 conceptual i han tingut l\u2019oportunitat d\u2019emprar la doc\u00e8ncia compartida al pr\u00e0cticum han millorat les actituds cap al seu \u00fas; com aquest darrer grup d\u2019estudiants concep l\u2019efecte de la doc\u00e8ncia compartida per atendre millor els alumnes de prim\u00e0ria i per aprendre entre professors, i les recomanacions i accions per ajudar les escoles i els mestres a utilitzar la doc\u00e8ncia compartida.<\/p>\n\n\n\n<p>L\u2019endem\u00e0, aquests resultats van ser tamb\u00e9 explicats, de forma sint\u00e8tica, en un acte p\u00fablic a la sala de Graus de la Facultat de Ci\u00e8ncies de l\u2019educaci\u00f3 de la UAB.<\/p>\n\n\n\n<h3 class=\"wp-block-heading\">Doc\u00e8ncia compartida: Aprenentatge docent entre iguals per a l&#8217;atenci\u00f3 a la diversitat<\/h3>\n\n\n\n<p>El v\u00eddeo que presentem a continuaci\u00f3 \u00e9s producte de la recerca ARMIF Doc\u00e8ncia compartida: Com a instrument d\u2019atenci\u00f3 a l\u2019alumnat de prim\u00e0ria i com a instrument d\u2019aprenentatge entre mestres (AGAUR, 2015ARMIF00002). El prop\u00f2sit del v\u00eddeo \u00e9s mostrar des de la pr\u00e0ctica diferents formes de dur a terme doc\u00e8ncia compartida a l\u2019aula. Trobareu tamb\u00e9 una guia did\u00e0ctica elaborada amb l\u2019objectiu de complementar la informaci\u00f3 del v\u00eddeo i aprofundir en l\u2019an\u00e0lisi dels continguts que s\u2019hi presenten des de diferents perspectives.<\/p>\n\n\n\n<figure class=\"wp-block-embed is-type-video is-provider-youtube wp-block-embed-youtube wp-embed-aspect-16-9 wp-has-aspect-ratio\"><div class=\"wp-block-embed__wrapper\">\n<iframe loading=\"lazy\" title=\"Doc\u00e8ncia compartida: Aprenentatge docent entre iguals per a l&#039;atenci\u00f3 a la diversitat\" width=\"580\" height=\"326\" src=\"https:\/\/www.youtube.com\/embed\/Co4wHFJhnoM?feature=oembed\" frameborder=\"0\" allow=\"accelerometer; autoplay; clipboard-write; encrypted-media; gyroscope; picture-in-picture; web-share\" referrerpolicy=\"strict-origin-when-cross-origin\" allowfullscreen><\/iframe>\n<\/div><\/figure>\n\n\n\n<p><strong>Duran, D,. Oller, M., i Huguet, T.<\/strong> (Coords.). (2018, 21 de juny). <em>Doc\u00e8ncia compartida: Aprenentatge docent entre iguals per a l\u2019atenci\u00f3 a la diversitat<\/em> [V\u00eddeo]. Bellaterra: GRAI (UAB)-ARMIF.<\/p>\n\n\n\n<p>Participants:<\/p>\n\n\n\n<ul class=\"wp-block-list\">\n<li>David Duran (IP).<\/li>\n\n\n\n<li>Mariona Corcelles.<\/li>\n\n\n\n<li>\u00d2scar Mas.<\/li>\n\n\n\n<li>Maite Oller.<\/li>\n\n\n\n<li>Judit Carrera.<\/li>\n\n\n\n<li>Marta Flores.<\/li>\n\n\n\n<li>Ester Miquel.<\/li>\n\n\n\n<li>Teresa Ribas.<\/li>\n\n\n\n<li>Marina Casadell\u00e0.<\/li>\n\n\n\n<li>Eul\u00e0lia L\u00e1zaro.<\/li>\n\n\n\n<li>Carme Navas.<\/li>\n\n\n\n<li>Josep M. Sanahuja.<\/li>\n<\/ul>\n\n\n\n<p>Amb el suport de:<\/p>\n\n\n\n<ul class=\"wp-block-list\">\n<li>Hilde Van Keer.<\/li>\n\n\n\n<li>Jacqueline Thousand.<\/li>\n\n\n\n<li>Teresa Huguet.<\/li>\n\n\n\n<li>Jes\u00fas Ribosa.<\/li>\n<\/ul>\n\n\n\n<h4 class=\"wp-block-heading\">PUBLICACIONS DEL PROJECTE<\/h4>\n\n\n\n<p><strong>Duran, D., Flores, M., Ribas, T., i Ribosa, J. <\/strong>(2020). Student teachers\u2019 perceptions and evidence of peer learning through co-teaching: Improving attitudes and willingness towards co-teaching. <em>European Journal of Psychology of Education<\/em>. Publicaci\u00f3 en l\u00ednia avan\u00e7ada. doi: 10.1007\/s10212-020-00479-0<\/p>\n\n\n\n<p><strong>Duran, D., Flores, M., Mas, O., i Sanahuja J. M. <\/strong>(2019). Docencia compartida en la formaci\u00f3n inicial del profesorado: Potencialidades y dificultades seg\u00fan los estudiantes y los profesores. <em>REIRE: Revista d\u2019Innovaci\u00f3 i Recerca en Educaci\u00f3<\/em>, 12(2), 1-11. doi: 10.1344\/reire2019.12.227430<\/p>\n\n\n\n<p><strong>Huguet, T., i L\u00e1zaro, L. <\/strong>(2018). Iniciar i sostenir pr\u00e0ctiques de doc\u00e8ncia compartida a les aules. <em>Guix<\/em>, 448, 49-54.<\/p>\n\n\n\n<p><strong>Oller, M., Navas, C., i Carrera, J. <\/strong>(2018). Doc\u00e8ncia compartida a l\u2019aula: Reptes i possibilitats. <em>Guix<\/em>, 448, 43-48.<\/p>\n","protected":false},"excerpt":{"rendered":"<p>Doc\u00e8ncia compartida: com a instrument d&#8217;atenci\u00f3 a l\u2019alumnat de prim\u00e0ria i com a instrument d&#8217;aprenentatge entre mestres Encara que podem trobar situacions on tots dos docents s\u00f3n tutors del grup classe, considerem com a doc\u00e8ncia compartida (DC) la col\u00b7laboraci\u00f3 de dos professors dins l\u2019aula, en qu\u00e8 un d\u2019ells acostuma a ser el professor responsable de [&hellip;]<\/p>\n","protected":false},"author":20,"featured_media":0,"parent":0,"menu_order":0,"comment_status":"closed","ping_status":"closed","template":"","meta":{"footnotes":""},"class_list":["post-1312","page","type-page","status-publish","hentry"],"_links":{"self":[{"href":"https:\/\/webs.uab.cat\/grai\/wp-json\/wp\/v2\/pages\/1312","targetHints":{"allow":["GET"]}}],"collection":[{"href":"https:\/\/webs.uab.cat\/grai\/wp-json\/wp\/v2\/pages"}],"about":[{"href":"https:\/\/webs.uab.cat\/grai\/wp-json\/wp\/v2\/types\/page"}],"author":[{"embeddable":true,"href":"https:\/\/webs.uab.cat\/grai\/wp-json\/wp\/v2\/users\/20"}],"replies":[{"embeddable":true,"href":"https:\/\/webs.uab.cat\/grai\/wp-json\/wp\/v2\/comments?post=1312"}],"version-history":[{"count":8,"href":"https:\/\/webs.uab.cat\/grai\/wp-json\/wp\/v2\/pages\/1312\/revisions"}],"predecessor-version":[{"id":3149,"href":"https:\/\/webs.uab.cat\/grai\/wp-json\/wp\/v2\/pages\/1312\/revisions\/3149"}],"wp:attachment":[{"href":"https:\/\/webs.uab.cat\/grai\/wp-json\/wp\/v2\/media?parent=1312"}],"curies":[{"name":"wp","href":"https:\/\/api.w.org\/{rel}","templated":true}]}}