{"id":1405,"date":"2022-08-08T12:01:17","date_gmt":"2022-08-08T10:01:17","guid":{"rendered":"https:\/\/webs.uab.cat\/grai\/parlem-amb-talking-to\/"},"modified":"2024-01-08T19:38:48","modified_gmt":"2024-01-08T17:38:48","slug":"parlem-amb-talking-to","status":"publish","type":"page","link":"https:\/\/webs.uab.cat\/grai\/parlem-amb-talking-to\/","title":{"rendered":"Parlem amb\u2026Talking to\u2026"},"content":{"rendered":"\n<figure class=\"wp-block-image size-full\"><img loading=\"lazy\" decoding=\"async\" width=\"1024\" height=\"382\" src=\"https:\/\/webs.uab.cat\/grai\/wp-content\/uploads\/sites\/353\/2024\/01\/parlem.png\" alt=\"\" class=\"wp-image-2878\" srcset=\"https:\/\/webs.uab.cat\/grai\/wp-content\/uploads\/sites\/353\/2024\/01\/parlem.png 1024w, https:\/\/webs.uab.cat\/grai\/wp-content\/uploads\/sites\/353\/2024\/01\/parlem-300x112.png 300w, https:\/\/webs.uab.cat\/grai\/wp-content\/uploads\/sites\/353\/2024\/01\/parlem-768x287.png 768w\" sizes=\"auto, (max-width: 1024px) 100vw, 1024px\" \/><\/figure>\n\n\n\n<p>El projecte\u00a0<strong>Parlem amb\u2026Talking to\u2026<\/strong>\u00a0\u00e9s una proposta educativa de tutoria entre iguals, virtual i sincr\u00f2nica per millorar les compet\u00e8ncies comunicatives en angl\u00e8s i espanyol. Alumnes de cicle superior de prim\u00e0ria de Catalunya i d\u2019Esc\u00f2cia s\u00f3n emparellats per desenvolupar cadasc\u00fa el rol de tutor, en la seva llengua, i el de tutorat, en la llengua estrangera. La finalitat del projecte \u00e9s que, a partir d&#8217;un intercanvi virtual, l&#8217;alumnat millori les seves compet\u00e8ncies tant en la llengua estrangera \u2013a partir de les ajudes proporcionades pel seu tutor\u2013, com en la seva llengua \u2013oferint ajudes pedag\u00f2giques al tutorat\u2013. Els resultats de la posada en pr\u00e0ctica d&#8217;aquesta experi\u00e8ncia mostren que la interacci\u00f3 entre iguals \u00e9s crucial per convertir les aules en espais d&#8217;aprenentatge on l&#8217;alumnat no nom\u00e9s aprengui de la figura adulta, sin\u00f3 tamb\u00e9 de les ajudes m\u00fatues que es proporciona amb el grup d&#8217;iguals, utilitzant les difer\u00e8ncies com a mecanisme d&#8217;aprenentatge. La diversitat, fins i tot quan l&#8217;accentuem buscant difer\u00e8ncies, no sols entre alumnes ni entre cursos o grups, sin\u00f3 entre escoles i pa\u00efsos, pot ser una bona font d&#8217;aprenentatge.<\/p>\n\n\n\n<p>Teniu la informaci\u00f3 a <a href=\"https:\/\/view.genial.ly\/629230336bc63f001205b899\/guide-projecte-parlem-amb-talking-to\" data-type=\"URL\" data-id=\"https:\/\/view.genial.ly\/629230336bc63f001205b899\/guide-projecte-parlem-amb-talking-to\" target=\"_blank\" rel=\"noreferrer noopener\">&#8220;Projecte PARLEM AMB\u2026 TALKING TO\u2026&#8221;<\/a>.<\/p>\n\n\n\n<p>Si esteu interessats en el projecte, contacteu amb Ivet Garriga: <a href=\"mailto:ivetgr95@gmail.com\" target=\"_blank\" rel=\"noreferrer noopener\">ivetgr95@gmail.com<\/a><\/p>\n","protected":false},"excerpt":{"rendered":"<p>El projecte\u00a0Parlem amb\u2026Talking to\u2026\u00a0\u00e9s una proposta educativa de tutoria entre iguals, virtual i sincr\u00f2nica per millorar les compet\u00e8ncies comunicatives en angl\u00e8s i espanyol. Alumnes de cicle superior de prim\u00e0ria de Catalunya i d\u2019Esc\u00f2cia s\u00f3n emparellats per desenvolupar cadasc\u00fa el rol de tutor, en la seva llengua, i el de tutorat, en la llengua estrangera. La [&hellip;]<\/p>\n","protected":false},"author":20,"featured_media":0,"parent":0,"menu_order":0,"comment_status":"closed","ping_status":"closed","template":"","meta":{"footnotes":""},"class_list":["post-1405","page","type-page","status-publish","hentry"],"_links":{"self":[{"href":"https:\/\/webs.uab.cat\/grai\/wp-json\/wp\/v2\/pages\/1405","targetHints":{"allow":["GET"]}}],"collection":[{"href":"https:\/\/webs.uab.cat\/grai\/wp-json\/wp\/v2\/pages"}],"about":[{"href":"https:\/\/webs.uab.cat\/grai\/wp-json\/wp\/v2\/types\/page"}],"author":[{"embeddable":true,"href":"https:\/\/webs.uab.cat\/grai\/wp-json\/wp\/v2\/users\/20"}],"replies":[{"embeddable":true,"href":"https:\/\/webs.uab.cat\/grai\/wp-json\/wp\/v2\/comments?post=1405"}],"version-history":[{"count":3,"href":"https:\/\/webs.uab.cat\/grai\/wp-json\/wp\/v2\/pages\/1405\/revisions"}],"predecessor-version":[{"id":2881,"href":"https:\/\/webs.uab.cat\/grai\/wp-json\/wp\/v2\/pages\/1405\/revisions\/2881"}],"wp:attachment":[{"href":"https:\/\/webs.uab.cat\/grai\/wp-json\/wp\/v2\/media?parent=1405"}],"curies":[{"name":"wp","href":"https:\/\/api.w.org\/{rel}","templated":true}]}}