{"id":2616,"date":"2023-12-29T12:49:27","date_gmt":"2023-12-29T10:49:27","guid":{"rendered":"https:\/\/webs.uab.cat\/grai\/?page_id=2616"},"modified":"2025-11-05T18:38:14","modified_gmt":"2025-11-05T16:38:14","slug":"robots-entre-iguals","status":"publish","type":"page","link":"https:\/\/webs.uab.cat\/grai\/robots-entre-iguals\/","title":{"rendered":"Robots entre iguals"},"content":{"rendered":"\n<figure class=\"wp-block-image size-large is-resized\"><img loading=\"lazy\" decoding=\"async\" width=\"1024\" height=\"1024\" src=\"https:\/\/webs.uab.cat\/grai\/wp-content\/uploads\/sites\/353\/2023\/12\/Logo-Robots-entre-iguals-2-1024x1024.png\" alt=\"\" class=\"wp-image-2617\" style=\"width:256px;height:256px\" srcset=\"https:\/\/webs.uab.cat\/grai\/wp-content\/uploads\/sites\/353\/2023\/12\/Logo-Robots-entre-iguals-2-1024x1024.png 1024w, https:\/\/webs.uab.cat\/grai\/wp-content\/uploads\/sites\/353\/2023\/12\/Logo-Robots-entre-iguals-2-300x300.png 300w, https:\/\/webs.uab.cat\/grai\/wp-content\/uploads\/sites\/353\/2023\/12\/Logo-Robots-entre-iguals-2-150x150.png 150w, https:\/\/webs.uab.cat\/grai\/wp-content\/uploads\/sites\/353\/2023\/12\/Logo-Robots-entre-iguals-2-768x768.png 768w, https:\/\/webs.uab.cat\/grai\/wp-content\/uploads\/sites\/353\/2023\/12\/Logo-Robots-entre-iguals-2-1536x1536.png 1536w, https:\/\/webs.uab.cat\/grai\/wp-content\/uploads\/sites\/353\/2023\/12\/Logo-Robots-entre-iguals-2-1200x1200.png 1200w, https:\/\/webs.uab.cat\/grai\/wp-content\/uploads\/sites\/353\/2023\/12\/Logo-Robots-entre-iguals-2.png 1563w\" sizes=\"auto, (max-width: 1024px) 100vw, 1024px\" \/><\/figure>\n\n\n\n<p><em>Robots entre iguals<\/em> \u00e9s un projecte de formaci\u00f3 i recerca basat en l\u2019aprenentatge entre iguals, entre docents, per a l\u2019impuls de la implementaci\u00f3 de la rob\u00f2tica educativa a l\u2019aula.<\/p>\n\n\n\n<p>Amb l\u2019objectiu d\u2019impulsar espais de desenvolupament professional docent mitjan\u00e7ant la reflexi\u00f3 per a la millora de la pr\u00e0ctica, l\u2019intercanvi d\u2019experi\u00e8ncies i la col\u00b7laboraci\u00f3 docent, es proposa als participants la posada en pr\u00e0ctica de l\u2019observaci\u00f3 entre iguals en la incorporaci\u00f3 de la rob\u00f2tica educativa a l\u2019aula.<\/p>\n\n\n\n<p>Acompanyats d\u2019un material de formaci\u00f3 espec\u00edfic, pr\u00e0ctic i concret, a partir del material de rob\u00f2tica educativa disponible a cadascun dels centres educatius, els docents poden incorporar i promoure el pensament computacional a l\u2019aula, desenvolupant propostes did\u00e0ctiques interdisciplin\u00e0ries, transversals i competencials.<\/p>\n\n\n\n<p>Els objectius de la recerca vinculada s\u00f3n:<\/p>\n\n\n\n<ul class=\"wp-block-list\">\n<li>Analitzar la potencialitat de l\u2019observaci\u00f3 entre iguals com a mecanisme per la millora de la compet\u00e8ncia digital docent.<\/li>\n\n\n\n<li>Comprendre l\u2019impacte de l\u2019observaci\u00f3 entre iguals en la millora de les percepcions de la cultura col\u00b7laborativa en el centre, l\u2019ag\u00e8ncia col\u00b7lectiva i les actituds vers la col\u00b7laboraci\u00f3.<\/li>\n<\/ul>\n\n\n\n<figure class=\"wp-block-embed is-type-wp-embed is-provider-genially wp-block-embed-genially\"><div class=\"wp-block-embed__wrapper\">\n<iframe class=\"wp-embedded-content\" sandbox=\"allow-scripts\" security=\"restricted\" title=\"Robots entre iguals\" frameborder='0' width='1200' height='675' src='https:\/\/view.genially.com\/65841d67acdd49001459fcee#?secret=Recd3GtIuC' data-secret='Recd3GtIuC' scrolling='yes'><\/iframe>\n<\/div><\/figure>\n\n\n\n<h2 class=\"wp-block-heading\">Com inscriure&#8217;t al programa?<\/h2>\n\n\n\n<p>Per a m\u00e9s informaci\u00f3, pots contactar amb Mireia Soler Miralles per correu electr\u00f2nic (<a href=\"mailto:msole429@xtec.cat\" target=\"_blank\" rel=\"noreferrer noopener\">msole429@xtec.cat<\/a>).<\/p>\n\n\n\n<h2 class=\"wp-block-heading\">Evid\u00e8ncies sobre el programa<\/h2>\n\n\n\n<p>Soler-Miralles, M., Corcelles-Seuba, M., &amp; Duran, D.(2025). Robots entre iguals: Una experi\u00e8ncia formativa d\u2019\u00e8xit en l\u2019aplicaci\u00f3 de la rob\u00f2tica a l\u2019aula.\u00a0<em>Revista Catalana de Pedagogia, 28<\/em>, 85-99. doi: 10.2436\/20.3007.01.2165 (<a href=\"https:\/\/revistes.iec.cat\/index.php\/RCP\/article\/view\/154410\/153466\" target=\"_blank\" rel=\"noreferrer noopener\">PDF<\/a>)<\/p>\n","protected":false},"excerpt":{"rendered":"<p>Robots entre iguals \u00e9s un projecte de formaci\u00f3 i recerca basat en l\u2019aprenentatge entre iguals, entre docents, per a l\u2019impuls de la implementaci\u00f3 de la rob\u00f2tica educativa a l\u2019aula. Amb l\u2019objectiu d\u2019impulsar espais de desenvolupament professional docent mitjan\u00e7ant la reflexi\u00f3 per a la millora de la pr\u00e0ctica, l\u2019intercanvi d\u2019experi\u00e8ncies i la col\u00b7laboraci\u00f3 docent, es proposa [&hellip;]<\/p>\n","protected":false},"author":2576,"featured_media":0,"parent":0,"menu_order":7,"comment_status":"closed","ping_status":"closed","template":"","meta":{"footnotes":""},"class_list":["post-2616","page","type-page","status-publish","hentry"],"_links":{"self":[{"href":"https:\/\/webs.uab.cat\/grai\/wp-json\/wp\/v2\/pages\/2616","targetHints":{"allow":["GET"]}}],"collection":[{"href":"https:\/\/webs.uab.cat\/grai\/wp-json\/wp\/v2\/pages"}],"about":[{"href":"https:\/\/webs.uab.cat\/grai\/wp-json\/wp\/v2\/types\/page"}],"author":[{"embeddable":true,"href":"https:\/\/webs.uab.cat\/grai\/wp-json\/wp\/v2\/users\/2576"}],"replies":[{"embeddable":true,"href":"https:\/\/webs.uab.cat\/grai\/wp-json\/wp\/v2\/comments?post=2616"}],"version-history":[{"count":6,"href":"https:\/\/webs.uab.cat\/grai\/wp-json\/wp\/v2\/pages\/2616\/revisions"}],"predecessor-version":[{"id":3660,"href":"https:\/\/webs.uab.cat\/grai\/wp-json\/wp\/v2\/pages\/2616\/revisions\/3660"}],"wp:attachment":[{"href":"https:\/\/webs.uab.cat\/grai\/wp-json\/wp\/v2\/media?parent=2616"}],"curies":[{"name":"wp","href":"https:\/\/api.w.org\/{rel}","templated":true}]}}