{"id":379,"date":"2009-05-25T13:22:59","date_gmt":"2009-05-25T11:22:59","guid":{"rendered":"https:\/\/webs.uab.cat\/grai\/enllacos\/"},"modified":"2023-12-29T12:38:31","modified_gmt":"2023-12-29T10:38:31","slug":"enllacos","status":"publish","type":"page","link":"https:\/\/webs.uab.cat\/grai\/enllacos\/","title":{"rendered":"Enlla\u00e7os d&#8217;inter\u00e8s"},"content":{"rendered":"\n<p>A continuaci\u00f3 us oferim un llistat, breument presentat, de p\u00e0gines web sobre aprenentatge entre iguals que val la pena visitar. Internet, per\u00f2, \u00e9s din\u00e0mic. Us demanem doncs que ens disculpeu per aquelles adreces que canvi\u00efn i us agrairem que ens comuniqueu llocs interessants, per tal d\u2019incloure\u2019ls.<\/p>\n\n\n\n<p><strong>Network of International Cooperative Learning Educators and Enthusiasts<\/strong><\/p>\n\n\n\n<p><a href=\"https:\/\/2020niclee.com\/\">https:\/\/2020niclee.com\/<\/a><\/p>\n\n\n\n<p>L&#8217;objectiu de NICLEE, com apareix al web,&nbsp;\u00e9s conrear la comunicaci\u00f3 cont\u00ednua entre els educadors de tot el m\u00f3n apassionats per fomentar el creixement i el desenvolupament continus de l&#8217;aprenentatge cooperatiu. Aquesta xarxa funciona dins de la plataforma electr\u00f2nica del seu lloc web, dissenyada per implicar i donar suport a la interacci\u00f3 global entre els entusiastes de l&#8217;aprenentatge cooperatiu.<\/p>\n\n\n\n<p><strong>Centre for Peer Learning<\/strong><\/p>\n\n\n\n<p><a href=\"http:\/\/www.dundee.ac.uk\/eswce\/research\/researchcentres\/centreforpeerlearning\/\" target=\"_blank\" rel=\"noopener\">http:\/\/www.dundee.ac.uk\/eswce\/research\/researchcentres\/centreforpeerlearning\/<\/a><\/p>\n\n\n\n<p>Aquest centre, que estudia l&#8217;aprenentatge entre iguals, est\u00e0 dirigit per Keith Topping (Universitat de Dundee), sens dubte l&#8217;investigador que m\u00e9s ha treballat sobre tutoria entre iguals. Ofereix informaci\u00f3, materials i suport sobre la tutoria entre iguals, tant entre alumnes, com en l\u2019\u00e0mbit familiar o amb voluntaris.<\/p>\n\n\n\n<p><strong>Centre d&#8217;Investigaci\u00f3 en Ensenyament i Aprenentatge de la Universitat de Michigan.<\/strong><\/p>\n\n\n\n<p><a href=\"http:\/\/www.crlt.umich.edu\/publinks\/clgt\" target=\"_blank\" rel=\"noopener\">http:\/\/www.crlt.umich.edu\/publinks\/clgt<\/a><\/p>\n\n\n\n<p>La p\u00e0gina pertany al Centre d&#8217;Investigaci\u00f3 en Ensenyament i Aprenentatge de la Universitat de Michigan. Posse\u00efx recursos en tem\u00e0tiques sobre Aprenentatge Cooperatiu i treball en equip, tamb\u00e9 enlla\u00e7os a altres Web, articles, i bibliografies relacionades amb la tem\u00e0tica.<\/p>\n\n\n\n<p><strong>Collaborative Learning<\/strong><\/p>\n\n\n\n<p><a href=\"http:\/\/www.collaborativelearning.org\/\" target=\"_blank\" rel=\"noopener\">http:\/\/www.collaborativelearning.org\/<\/a><\/p>\n\n\n\n<p>Aquesta p\u00e0gina sobre l&#8217;aprenentatge col\u00b7laboratiu est\u00e0 mantinguda pel NISE (National Institute for Science Education) de la Universitat de Wisconsin. Repassa, amb exemples, m\u00e8todes d&#8217;aprenentatge col\u00b7laboratiu i ofereix recursos bibliogr\u00e0fics.<\/p>\n\n\n\n<p><strong>Comunitat Catalana de Webquest<\/strong><\/p>\n\n\n\n<p><a href=\"http:\/\/webquestcat.net\/\">http:\/\/webquestcat.net\/<\/a><\/p>\n\n\n\n<p>Las Webquest s\u00f3n activitats d\u2019aprenentatge fonamentades en l\u2019aprenentatge cooperatiu i la navegaci\u00f3 per internet. Aquesta web interessant ofereix un directori de webquests en catal\u00e0, catell\u00e0 i altres lleng\u00fces, aix\u00ed com recursos i formaci\u00f3 sobre com fer webquests.<\/p>\n\n\n\n<p><strong>Cooperative Learning Center<\/strong><\/p>\n\n\n\n<p><a href=\"http:\/\/www.co-operation.org\/\">http:\/\/www.co-operation.org\/<\/a><\/p>\n\n\n\n<p>El Centre d&#8217;Aprenentatge Cooperatiu, pertany a la Universitat de Minessota i ofereix recursos de recerca i formaci\u00f3. Est\u00e0 dirigit pels germans Roger i David Johnson, estudiosos i divulgadors arreu del m\u00f3n de l&#8217;aprenentatge cooperatiu.<\/p>\n\n\n\n<p><strong>Grup d\u2019Inter\u00e8s en Aprenentatge Cooperatiu (GIAC)<\/strong><\/p>\n\n\n\n<p><a href=\"https:\/\/www.upc.edu\/rima\/ca\/recursos\/giac-grup-dinteres-aprenentatge-cooperatiu\">https:\/\/www.upc.edu\/rima\/ca\/recursos\/giac-grup-dinteres-aprenentatge-cooperatiu<\/a><\/p>\n\n\n\n<p>Grup vinculat a l\u2019ICE de la Universitat Polit\u00e8cnica de Catalunya que treballa sobre l\u2019aprenentatge cooperatiu en l\u2019\u00e0mbit de la formaci\u00f3 universit\u00e0ria. Cada any organitza una jornada d\u2019intercanvi d\u2019experi\u00e8ncies.<\/p>\n\n\n\n<p><strong>International Association for the Study of Cooperation in Education (IASCE)<\/strong><\/p>\n\n\n\n<p><a href=\"http:\/\/www.iasce.net\/\" target=\"_blank\" rel=\"noopener\">htpp:\/\/www.iasce.net<\/a><\/p>\n\n\n\n<p>IASCE dinamitza un treball de divulgaci\u00f3 i estudi de l\u2019aprenentatge cooperatiu, publicant un butllet\u00ed, organitzant congressos bianuals i fent possibles publicacions sobre la tem\u00e0tica.<\/p>\n\n\n\n<p><strong>International Development Research Association (IDRA)<\/strong><\/p>\n\n\n\n<p><a href=\"http:\/\/www.idra.org\/\" target=\"_blank\" rel=\"noopener\">htpp.\/\/www.idra.org\/<\/a><\/p>\n\n\n\n<p>IDRA \u00e9s un organitzaci\u00f3 sense \u00e0nim de lucre que treballa per la qualitat educativa. \u00e9s interessant el Coca-Cola Valued Youth Program, un programa de tutoria entre iguals amb alumnes de diferents edats.<\/p>\n\n\n\n<p><b>Kagan. Publishing and professional development<\/b><\/p>\n\n\n\n<p><a href=\"http:\/\/www.kaganonline.com\/\">http:\/\/www.kaganonline.com\/<\/a><\/p>\n\n\n\n<p>P\u00e0gina web, amb cert contingut comercial, de Spencer Kagan, autor de les estructures o t\u00e8cniques d\u2019aprenentatge cooperatiu.<\/p>\n\n\n\n<p><strong>Peer Tutoring Resource Center<\/strong><\/p>\n\n\n\n<p><a href=\"http:\/\/www.peertutoringresource.org\/\" target=\"_blank\" rel=\"noopener\">http:\/\/www.peertutoringresource.org\/<\/a><\/p>\n\n\n\n<p>Aquest centre de recursos sobre tutoria entre iguals \u00e9s un projecte de la Fundaci\u00f3 RAD Schwarts d&#8217;Oakland i t\u00e9 com a objectiu donar recursos i suports per al desenvolupament i manteniment de programes de tutoria entre iguals a l&#8217;aula, l&#8217;escola o als barris.<\/p>\n\n\n\n<p><strong>Reading Rockets<\/strong><\/p>\n\n\n\n<p><a title=\"http:\/\/www.readingrockets.org\/\" href=\"http:\/\/www.readingrockets.org\/\" target=\"_blank\" rel=\"noopener\">http:\/\/www.readingrockets.org<\/a><\/p>\n\n\n\n<p>Reading Rockets \u00e9s un projecte nacional d&#8217;alfabetitzaci\u00f3 multim\u00e8dia de Nort Am\u00e8rica que ofereix informaci\u00f3 i recursos sobre com els infants aprenen a llegir i com els adults que els cuiden poden ajudar-los. Tamb\u00e9 inclou informaci\u00f3 sobre la lectura en parelles.<\/p>\n\n\n\n<p><strong>Jigsaw Classroom<\/strong><\/p>\n\n\n\n<p><a href=\"http:\/\/www.jigsaw.org\/\" target=\"_blank\" rel=\"noopener\">http:\/\/www.jigsaw.org\/<\/a><\/p>\n\n\n\n<p>Aquesta web correspon al Professor Elliot Aronson de la Universitat de Santa Cruz, Calif\u00f2rnia, creador del M\u00e8tode Puzle d&#8217;Aprenentatge Cooperatiu.<\/p>\n","protected":false},"excerpt":{"rendered":"<p>A continuaci\u00f3 us oferim un llistat, breument presentat, de p\u00e0gines web sobre aprenentatge entre iguals que val la pena visitar. Internet, per\u00f2, \u00e9s din\u00e0mic. Us demanem doncs que ens disculpeu per aquelles adreces que canvi\u00efn i us agrairem que ens comuniqueu llocs interessants, per tal d\u2019incloure\u2019ls. Network of International Cooperative Learning Educators and Enthusiasts https:\/\/2020niclee.com\/ [&hellip;]<\/p>\n","protected":false},"author":20,"featured_media":0,"parent":0,"menu_order":0,"comment_status":"closed","ping_status":"closed","template":"","meta":{"footnotes":""},"class_list":["post-379","page","type-page","status-publish","hentry"],"_links":{"self":[{"href":"https:\/\/webs.uab.cat\/grai\/wp-json\/wp\/v2\/pages\/379","targetHints":{"allow":["GET"]}}],"collection":[{"href":"https:\/\/webs.uab.cat\/grai\/wp-json\/wp\/v2\/pages"}],"about":[{"href":"https:\/\/webs.uab.cat\/grai\/wp-json\/wp\/v2\/types\/page"}],"author":[{"embeddable":true,"href":"https:\/\/webs.uab.cat\/grai\/wp-json\/wp\/v2\/users\/20"}],"replies":[{"embeddable":true,"href":"https:\/\/webs.uab.cat\/grai\/wp-json\/wp\/v2\/comments?post=379"}],"version-history":[{"count":1,"href":"https:\/\/webs.uab.cat\/grai\/wp-json\/wp\/v2\/pages\/379\/revisions"}],"predecessor-version":[{"id":2610,"href":"https:\/\/webs.uab.cat\/grai\/wp-json\/wp\/v2\/pages\/379\/revisions\/2610"}],"wp:attachment":[{"href":"https:\/\/webs.uab.cat\/grai\/wp-json\/wp\/v2\/media?parent=379"}],"curies":[{"name":"wp","href":"https:\/\/api.w.org\/{rel}","templated":true}]}}