{"id":383,"date":"2009-05-25T13:30:47","date_gmt":"2009-05-25T11:30:47","guid":{"rendered":"https:\/\/webs.uab.cat\/grai\/qui-som\/"},"modified":"2026-03-25T08:04:42","modified_gmt":"2026-03-25T06:04:42","slug":"qui-som","status":"publish","type":"page","link":"https:\/\/webs.uab.cat\/grai\/qui-som\/","title":{"rendered":"Qui som?"},"content":{"rendered":"\n<figure class=\"wp-block-image size-large\"><img loading=\"lazy\" decoding=\"async\" width=\"1024\" height=\"565\" src=\"https:\/\/webs.uab.cat\/grai\/wp-content\/uploads\/sites\/353\/2025\/10\/Foto-25_26-1024x565.jpg\" alt=\"\" class=\"wp-image-3631\" srcset=\"https:\/\/webs.uab.cat\/grai\/wp-content\/uploads\/sites\/353\/2025\/10\/Foto-25_26-1024x565.jpg 1024w, https:\/\/webs.uab.cat\/grai\/wp-content\/uploads\/sites\/353\/2025\/10\/Foto-25_26-300x166.jpg 300w, https:\/\/webs.uab.cat\/grai\/wp-content\/uploads\/sites\/353\/2025\/10\/Foto-25_26-768x424.jpg 768w, https:\/\/webs.uab.cat\/grai\/wp-content\/uploads\/sites\/353\/2025\/10\/Foto-25_26-1536x848.jpg 1536w, https:\/\/webs.uab.cat\/grai\/wp-content\/uploads\/sites\/353\/2025\/10\/Foto-25_26-2048x1130.jpg 2048w, https:\/\/webs.uab.cat\/grai\/wp-content\/uploads\/sites\/353\/2025\/10\/Foto-25_26-1200x662.jpg 1200w, https:\/\/webs.uab.cat\/grai\/wp-content\/uploads\/sites\/353\/2025\/10\/Foto-25_26-1980x1093.jpg 1980w\" sizes=\"auto, (max-width: 1024px) 100vw, 1024px\" \/><\/figure>\n\n\n\n<p><strong>David Duran Gisbert.&nbsp;<\/strong>(Coordinador).&nbsp;<a href=\"https:\/\/portalrecerca.uab.cat\/en\/persons\/david-dur%C3%A1n-gisbert\" target=\"_blank\" rel=\"noreferrer noopener\">CV<\/a>. Doctor en Psicologia (premi extraordinari de doctorat). Professor catedr\u00e0tic del Departament de Psicologia de l\u2019Educaci\u00f3 de la Universitat Aut\u00f2noma de Barcelona. Ha participat en moltes accions de formaci\u00f3 de professorat \u2014tant a nivell nacional com internacional\u2014 sobre aprenentatge entre iguals i educaci\u00f3 inclusiva.&nbsp;<a href=\"mailto:David.Duran@uab.cat\">David.Duran@uab.cat<\/a><\/p>\n\n\n\n<p><strong>Cecilia \u00c1lvarez Ardura. <\/strong>Professora de secund\u00e0ria de Castell\u00e0 i Comunicaci\u00f3, t\u00e9 una llicenciatura en Educaci\u00f3 (Universitat de la Frontera, Xile). Actualment est\u00e0 cursant el M\u00e0ster Interuniversitari de Psicologia de l\u2019Educaci\u00f3 (MIPE) i est\u00e0 redactant la seva tesi de m\u00e0ster dins del Grup de Recerca sobre Aprenentatge entre Iguals (GRAI).<br><a href=\"mailto:cecilia.alvarezardura@gmail.com\">cecilia.alvarezardura@gmail.com<\/a><\/p>\n\n\n\n<p><strong>Zulema Badenes Canet.<\/strong> Graduada en Estudis Anglesos (Universitat Jaume I). M\u00e0ster Universitari en Formaci\u00f3 del Professorat d&#8217;Educaci\u00f3 Secundaria Obligat\u00f2ria i Batxillerat, Formaci\u00f3 Professional i Ensenyament d&#8217;Idiomes, i M\u00e0ster Universitari en Ling\u00fc\u00edstica Aplicada a l&#8217;Ensenyament de l&#8217;Espanyol com a Llengua Estrangera (FUNIBER &#8211; Fundaci\u00f3 Universitaria Iberoamericana).&nbsp;Treballa com a professora d&#8217;angl\u00e8s des de fa m\u00e9s de 8 anys (dos dels quals al Regne Unit) i actualment \u00e9s estudiant del Doctorat Interuniversitari en Psicologia de l&#8217;Educaci\u00f3 (DIPE). <a href=\"mailto:zbadenes@xtec.cat\">zbadenes@xtec.cat<\/a><\/p>\n\n\n\n<p><strong>Clara Bastart Jan\u00e9.<\/strong>&nbsp;Graduada en Educaci\u00f3 Prim\u00e0ria i Doctora en Psicologia de l&#8217;Educaci\u00f3 (Universitat Aut\u00f2noma de Barcelona). Actualment, \u00e9s mestra de prim\u00e0ria.&nbsp;<a href=\"https:\/\/web.archive.org\/web\/20201120113651\/mailto:clarabastartjane@gmail.com\" target=\"_blank\" rel=\"noreferrer noopener\">clarabastartjane@gmail.com<\/a><\/p>\n\n\n\n<p><strong>Mariona Corcelles Seuba.<\/strong>&nbsp;Doctora en Psicologia i llicenciada en Filosofia. Assessora psicopedag\u00f2gica. Professora del departament de Psicologia de l&#8217;Educaci\u00f3 de la Facultat de Psicologia i Ci\u00e8ncies de l&#8217;Educaci\u00f3 i de l&#8217;Esport Blanquerna. Universitat Ramon Llull.&nbsp;<a rel=\"noreferrer noopener\" href=\"https:\/\/web.archive.org\/web\/20201120113651\/mailto:Marionacs@blanquerna.url.edu\" target=\"_blank\">Marionacs@blanquerna.url.edu<\/a><\/p>\n\n\n\n<p><strong>Marta Flores Coll.&nbsp;<\/strong>Doctora en psicologia de l\u2019educaci\u00f3 (UAB), llicenciada en psicopedagogia&nbsp;(UOC) i diplomada en magisteri (URL). Ha treballat com a mestra de prim\u00e0ria i actualment \u00e9s Professora Lectora Serra H\u00fanter&nbsp;del Departament de Psicologia de l\u2019Educaci\u00f3 de la Universitat Aut\u00f2noma de&nbsp;Barcelona. Fa formaci\u00f3 de professorat sobre aprenentatge entre iguals i educaci\u00f3 inclusiva.&nbsp;<a href=\"https:\/\/web.archive.org\/web\/20201120113651\/mailto:marta.flores@uab.cat\" target=\"_blank\" rel=\"noreferrer noopener\">marta.flores@uab.cat<\/a><\/p>\n\n\n\n<p><strong>Albert Irigoyen Zaragoza.<\/strong>&nbsp;Doctor en Did\u00e0ctica de les Ci\u00e8ncies Socials (amb menci\u00f3 internacional) per la URV. Graduat en Educaci\u00f3 Prim\u00e0ria, Graduat en Hist\u00f2ria i M\u00e0ster en Formaci\u00f3 del Professorat d\u2019Educaci\u00f3 Secund\u00e0ria i Batxillerat. \u00c9s professor substitut de la URV, membre del grup ISOCAC, director de la revista Comunicaci\u00f3 Educativa i formador en aprenentatge cooperatiu i pedagogies cooperatives. <a href=\"mailto:albert.irigoyen@alumni.urv.cat\">albert.irigoyen@alumni.urv.cat<\/a><\/p>\n\n\n\n<p><strong>Bibiana Jou Figuereda.<\/strong> M\u00e0ster en Ensenyan\u00e7a de l\u2019espanyol com a llengua estrangera (UB). Ha estat Coordinadora dels estudis d\u2019espanyol a la Universitat de Tel Aviv (Israel) durant 15 anys i professora col\u00b7laboradora en formaci\u00f3 de professors al m\u00e0ster UNIBA i al Instituto Cervantes de Tel Aviv. Actualment treballa com a assistent de recerca a Esade en un projecte sobre educaci\u00f3 emprenedora. Est\u00e0 interessada en l\u2019aprenentatge en contextos informals, la serendipitat i la tecnologia aplicada en l\u2019educaci\u00f3. <a href=\"mailto:bibiana.jou@esade.edu\">bibiana.jou@esade.edu<\/a><\/p>\n\n\n\n<p><strong>Paula&nbsp;Medel Pe\u00f1a.<\/strong>&nbsp;Graduada en Educaci\u00f3 Prim\u00e0ria amb menci\u00f3 en Matem\u00e0tiques (Pontificia Universidad Cat\u00f3lica de Chile). Actualment, \u00e9s estudiant del M\u00e0ster Interuniversitari de Psicologia de l&#8217;Educaci\u00f3 i est\u00e0 fent el Treball Final de M\u00e0ster en el Grup de Recerca sobre Aprenentatge entre Iguals (GRAI). <a href=\"mailto:profepaulimedel@gmail.com\">profepaulimedel@gmail.com<\/a><\/p>\n\n\n\n<p><strong>\u200bEster Miquel i Bertran.<\/strong>&nbsp;Doctora en Psicologia. Professora&nbsp;Lectora Serra H\u00fanter del Departament&nbsp;de Psicologia de l&#8217;Educaci\u00f3 de la UAB. Formadora i assessora&nbsp;psicopedag\u00f2gica de centres d\u2019infantil, prim\u00e0ria i secund\u00e0ria, en aprenentatge entre&nbsp;iguals i educaci\u00f3 inclusiva.&nbsp;<a href=\"https:\/\/web.archive.org\/web\/20201120113651\/mailto:ester.miquel@uab.cat\" target=\"_blank\" rel=\"noreferrer noopener\">ester.miquel@uab.cat<\/a><\/p>\n\n\n\n<p><strong>Paula Andrea Olaya Olivera.&nbsp;<\/strong>Graduada en Lleng\u00fces Modernes per la Pontif\u00edcia Universitat Javeriana de Col\u00f2mbia. T\u00e9 experi\u00e8ncia com a educadora infantil i com a professora de lleng\u00fces. Actualment est\u00e0 cursant el M\u00e0ster Interuniversitari de Psicologia de l&#8217;Educaci\u00f3 (MIPE) i \u00e9s membre del Grup de Recerca sobre Aprenentatge entre Iguals (GRAI), on va fer les pr\u00e0ctiques i on actualment est\u00e0 treballant en la seva tesi de m\u00e0ster.&nbsp;<a href=\"mailto:paulaolaya@gmail.com\">paulaolaya@gmail.com<\/a><\/p>\n\n\n\n<p><strong>Jes\u00fas Ribosa Mart\u00ednez.<\/strong>&nbsp;Doctor en Psicologia de l&#8217;Educaci\u00f3 (premi extraordinari de doctorat). Graduat en Educaci\u00f3 Prim\u00e0ria, menci\u00f3 en llengua anglesa (Universitat Aut\u00f2noma de Barcelona). Actualment, \u00e9s formador i professor lector del Departament de Psicologia B\u00e0sica, Evolutiva i de l&#8217;Educaci\u00f3.&nbsp;<a href=\"https:\/\/web.archive.org\/web\/20201120113651\/mailto:jesus.ribosa.martinez@gmail.com\" target=\"_blank\" rel=\"noreferrer noopener\">jesus.ribosa@uab.cat<\/a><\/p>\n\n\n\n<p><strong>Mireia Soler Miralles.<\/strong>&nbsp;Diplomada en magisteri amb les especialitats de llengua anglesa i educaci\u00f3 especial reconegudes (URL). M\u00e0ster Interuniversitari en Psicologia de l&#8217;Educaci\u00f3 (MIPE) i M\u00e0ster en Gesti\u00f3 i Direcci\u00f3 de Centres Educatius (UB). Ha fet formaci\u00f3 de professorat sobre doc\u00e8ncia compartida. Treballa com a mestra des de fa m\u00e9s de 10 anys (dos dels quals a EEUU) i actualment \u00e9s estudiant del Doctorat Interuniversitari en Psicologia de l&#8217;Educaci\u00f3 (DIPE).&nbsp;<a href=\"mailto:msole429@xtec.cat\" target=\"_self\" rel=\"noopener\">msole429@xtec.cat<\/a><\/p>\n\n\n\n<p><strong>Wang, Jingting.<\/strong> Graduada en Educaci\u00f3 Preescolar (SXNU, Xina). Ha treballat com a mestra de llengua xinesa a una llar d&#8217;infants internacional a Singapur. Actualment, \u00e9s estudiant del M\u00e0ster Interuniversitari de Psicologia de l&#8217;Educaci\u00f3 (MIPE) i est\u00e0 fent les pr\u00e0ctiques i el Treball Final de M\u00e0ster a la Xarxa de Compet\u00e8ncies i al Grup de Recerca sobre Aprenentatge entre Iguals (GRAI). <a href=\"mailto:jwangwan367@alumnes.ub.edu\">jwangwan367@alumnes.ub.edu<\/a><\/p>\n","protected":false},"excerpt":{"rendered":"<p>David Duran Gisbert.&nbsp;(Coordinador).&nbsp;CV. Doctor en Psicologia (premi extraordinari de doctorat). Professor catedr\u00e0tic del Departament de Psicologia de l\u2019Educaci\u00f3 de la Universitat Aut\u00f2noma de Barcelona. Ha participat en moltes accions de formaci\u00f3 de professorat \u2014tant a nivell nacional com internacional\u2014 sobre aprenentatge entre iguals i educaci\u00f3 inclusiva.&nbsp;David.Duran@uab.cat Cecilia \u00c1lvarez Ardura. Professora de secund\u00e0ria de Castell\u00e0 i [&hellip;]<\/p>\n","protected":false},"author":20,"featured_media":0,"parent":0,"menu_order":0,"comment_status":"closed","ping_status":"closed","template":"","meta":{"footnotes":""},"class_list":["post-383","page","type-page","status-publish","hentry"],"_links":{"self":[{"href":"https:\/\/webs.uab.cat\/grai\/wp-json\/wp\/v2\/pages\/383","targetHints":{"allow":["GET"]}}],"collection":[{"href":"https:\/\/webs.uab.cat\/grai\/wp-json\/wp\/v2\/pages"}],"about":[{"href":"https:\/\/webs.uab.cat\/grai\/wp-json\/wp\/v2\/types\/page"}],"author":[{"embeddable":true,"href":"https:\/\/webs.uab.cat\/grai\/wp-json\/wp\/v2\/users\/20"}],"replies":[{"embeddable":true,"href":"https:\/\/webs.uab.cat\/grai\/wp-json\/wp\/v2\/comments?post=383"}],"version-history":[{"count":27,"href":"https:\/\/webs.uab.cat\/grai\/wp-json\/wp\/v2\/pages\/383\/revisions"}],"predecessor-version":[{"id":3753,"href":"https:\/\/webs.uab.cat\/grai\/wp-json\/wp\/v2\/pages\/383\/revisions\/3753"}],"wp:attachment":[{"href":"https:\/\/webs.uab.cat\/grai\/wp-json\/wp\/v2\/media?parent=383"}],"curies":[{"name":"wp","href":"https:\/\/api.w.org\/{rel}","templated":true}]}}