{"id":13,"date":"2024-10-30T10:42:32","date_gmt":"2024-10-30T08:42:32","guid":{"rendered":"https:\/\/webs.uab.cat\/gramp\/?page_id=13"},"modified":"2025-06-16T10:29:23","modified_gmt":"2025-06-16T08:29:23","slug":"equip-de-recerca","status":"publish","type":"page","link":"https:\/\/webs.uab.cat\/gramp\/equip-de-recerca\/","title":{"rendered":"Actual"},"content":{"rendered":"\n<div class=\"wp-block-columns alignwide is-layout-flex wp-container-core-columns-is-layout-9d6595d7 wp-block-columns-is-layout-flex\">\n<div class=\"wp-block-column has-gris-pubilla-background-color has-background is-layout-flow wp-block-column-is-layout-flow\"><div class=\"wp-block-image\">\n<figure class=\"aligncenter size-large is-resized\"><img loading=\"lazy\" decoding=\"async\" width=\"576\" height=\"1024\" src=\"https:\/\/webs.uab.cat\/gramp\/wp-content\/uploads\/sites\/531\/2024\/11\/001_OscarAleman-576x1024.jpg\" alt=\"\" class=\"wp-image-64\" style=\"object-fit:cover;width:250px;height:250px\" srcset=\"https:\/\/webs.uab.cat\/gramp\/wp-content\/uploads\/sites\/531\/2024\/11\/001_OscarAleman-576x1024.jpg 576w, https:\/\/webs.uab.cat\/gramp\/wp-content\/uploads\/sites\/531\/2024\/11\/001_OscarAleman-169x300.jpg 169w, https:\/\/webs.uab.cat\/gramp\/wp-content\/uploads\/sites\/531\/2024\/11\/001_OscarAleman-768x1365.jpg 768w, https:\/\/webs.uab.cat\/gramp\/wp-content\/uploads\/sites\/531\/2024\/11\/001_OscarAleman-864x1536.jpg 864w, https:\/\/webs.uab.cat\/gramp\/wp-content\/uploads\/sites\/531\/2024\/11\/001_OscarAleman.jpg 1148w\" sizes=\"auto, (max-width: 576px) 100vw, 576px\" \/><\/figure>\n<\/div>\n\n\n<p class=\"has-text-align-center has-large-font-size\"><strong>\u00d2scar Alem\u00e1n Mil\u00e1n<\/strong><\/p>\n\n\n\n<p class=\"has-text-align-center\">Doctorand<br>Departament de Geografia<br>Universitat Aut\u00f2noma de Barcelona<br>oscar.aleman@uab.cat<\/p>\n\n\n\n<div class=\"wp-block-buttons is-content-justification-center is-layout-flex wp-container-core-buttons-is-layout-16018d1d wp-block-buttons-is-layout-flex\">\n<div class=\"wp-block-button has-custom-width wp-block-button__width-75\"><a class=\"wp-block-button__link wp-element-button\" href=\"https:\/\/portalrecerca.uab.cat\/es\/persons\/oscar-aleman-milan\">Perfil de recerca<\/a><\/div>\n\n\n\n<div class=\"wp-block-button has-custom-width wp-block-button__width-75\"><a class=\"wp-block-button__link wp-element-button\" href=\"https:\/\/ddd.uab.cat\/search?ln=ca&amp;sc=1&amp;p=Aleman%2C+Oscar&amp;f=author&amp;action_search=Cerca&amp;c=artinf&amp;c=jorcon&amp;c=pubper&amp;c=llicol&amp;c=docrec&amp;c=matdid&amp;c=matcur&amp;c=docgra&amp;c=fonper\">Acc\u00e9s al DDD<\/a><\/div>\n<\/div>\n<\/div>\n\n\n\n<div class=\"wp-block-column has-gris-pubilla-background-color has-background is-layout-flow wp-block-column-is-layout-flow\">\n<div class=\"wp-block-group\"><div class=\"wp-block-group__inner-container is-layout-constrained wp-block-group-is-layout-constrained\"><div class=\"wp-block-image\">\n<figure class=\"aligncenter size-full\"><img decoding=\"async\" src=\"https:\/\/webs.uab.cat\/geografiaaplicada\/wp-content\/uploads\/sites\/530\/2024\/04\/Foto_Anna_Badia.jpeg\" alt=\"\" class=\"wp-image-75\" \/><\/figure>\n<\/div>\n\n\n<p class=\"has-text-align-center has-large-font-size\"><strong>Anna Badia Perpiny\u00e0<\/strong><\/p>\n<\/div><\/div>\n\n\n\n<p class=\"has-text-align-center\">Professora titular<br>Departament de Geografia<br>Universitat Aut\u00f2noma de Barcelona<br>anna.badia@uab.cat<\/p>\n\n\n\n<div class=\"wp-block-group\"><div class=\"wp-block-group__inner-container is-layout-constrained wp-block-group-is-layout-constrained\">\n<div class=\"wp-block-buttons is-content-justification-center is-layout-flex wp-container-core-buttons-is-layout-16018d1d wp-block-buttons-is-layout-flex\">\n<div class=\"wp-block-button has-custom-width wp-block-button__width-75\"><a class=\"wp-block-button__link has-text-align-center wp-element-button\" href=\"https:\/\/portalrecerca.uab.cat\/en\/persons\/anna-badia-perpinya-3\">Perfil de recerca<\/a><\/div>\n\n\n\n<div class=\"wp-block-button has-custom-width wp-block-button__width-75\"><a class=\"wp-block-button__link wp-element-button\" href=\"https:\/\/ddd.uab.cat\/search?ln=ca&amp;p=Badia%2C+Anna&amp;f=author&amp;action_search=Cerca&amp;c=Dip%C3%B2sit+Digital+de+Documents+de+la+UAB&amp;sf=&amp;so=d&amp;rm=&amp;rg=10&amp;sc=1&amp;of=hb\">Acc\u00e9s al DDD<\/a><\/div>\n<\/div>\n<\/div><\/div>\n<\/div>\n\n\n\n<div class=\"wp-block-column has-gris-pubilla-background-color has-background is-layout-flow wp-block-column-is-layout-flow\">\n<div class=\"wp-block-group\"><div class=\"wp-block-group__inner-container is-layout-constrained wp-block-group-is-layout-constrained\"><div class=\"wp-block-image\">\n<figure class=\"aligncenter size-full is-resized\"><img loading=\"lazy\" decoding=\"async\" width=\"1041\" height=\"1041\" src=\"https:\/\/webs.uab.cat\/gramp\/wp-content\/uploads\/sites\/531\/2025\/06\/fotoAshley.jpeg\" alt=\"\" class=\"wp-image-128\" style=\"object-fit:cover;width:250px;height:250px\" srcset=\"https:\/\/webs.uab.cat\/gramp\/wp-content\/uploads\/sites\/531\/2025\/06\/fotoAshley.jpeg 1041w, https:\/\/webs.uab.cat\/gramp\/wp-content\/uploads\/sites\/531\/2025\/06\/fotoAshley-300x300.jpeg 300w, https:\/\/webs.uab.cat\/gramp\/wp-content\/uploads\/sites\/531\/2025\/06\/fotoAshley-1024x1024.jpeg 1024w, https:\/\/webs.uab.cat\/gramp\/wp-content\/uploads\/sites\/531\/2025\/06\/fotoAshley-150x150.jpeg 150w, https:\/\/webs.uab.cat\/gramp\/wp-content\/uploads\/sites\/531\/2025\/06\/fotoAshley-768x768.jpeg 768w\" sizes=\"auto, (max-width: 1041px) 100vw, 1041px\" \/><\/figure>\n<\/div>\n\n\n<p class=\"has-text-align-center has-large-font-size\"><strong>Ashley Braunthal<\/strong><\/p>\n<\/div><\/div>\n\n\n\n<p class=\"has-text-align-center\">Doctoranda<br>Departament de Geografia<br>Universitat Aut\u00f2noma de Barcelona<br>ashley.braunthal@uab.cat<\/p>\n\n\n\n<div class=\"wp-block-group\"><div class=\"wp-block-group__inner-container is-layout-constrained wp-block-group-is-layout-constrained\">\n<div class=\"wp-block-buttons is-content-justification-center is-layout-flex wp-container-core-buttons-is-layout-16018d1d wp-block-buttons-is-layout-flex\">\n<div class=\"wp-block-button has-custom-width wp-block-button__width-75\"><a class=\"wp-block-button__link has-text-align-center wp-element-button\" href=\"https:\/\/portalrecerca.uab.cat\/en\/persons\/ashley-nicole-braunthal\">Perfil de recerca<\/a><\/div>\n\n\n\n<div class=\"wp-block-button has-custom-width wp-block-button__width-75\"><a class=\"wp-block-button__link wp-element-button\">Acc\u00e9s al DDD<\/a><\/div>\n<\/div>\n<\/div><\/div>\n<\/div>\n<\/div>\n\n\n\n<div class=\"wp-block-columns alignwide is-layout-flex wp-container-core-columns-is-layout-9d6595d7 wp-block-columns-is-layout-flex\">\n<div class=\"wp-block-column has-gris-pubilla-background-color has-background is-layout-flow wp-block-column-is-layout-flow\"><div class=\"wp-block-image\">\n<figure class=\"aligncenter size-full is-resized\"><img loading=\"lazy\" decoding=\"async\" width=\"512\" height=\"512\" src=\"https:\/\/webs.uab.cat\/gramp\/wp-content\/uploads\/sites\/531\/2024\/11\/image-5.png\" alt=\"\" class=\"wp-image-66\" style=\"object-fit:cover;width:250px;height:250px\" srcset=\"https:\/\/webs.uab.cat\/gramp\/wp-content\/uploads\/sites\/531\/2024\/11\/image-5.png 512w, https:\/\/webs.uab.cat\/gramp\/wp-content\/uploads\/sites\/531\/2024\/11\/image-5-300x300.png 300w, https:\/\/webs.uab.cat\/gramp\/wp-content\/uploads\/sites\/531\/2024\/11\/image-5-150x150.png 150w\" sizes=\"auto, (max-width: 512px) 100vw, 512px\" \/><\/figure>\n<\/div>\n\n\n<p class=\"has-text-align-center has-large-font-size\"><strong>Jordi Crist\u00f2bal Rossell\u00f3<\/strong><\/p>\n\n\n\n<p class=\"has-text-align-center\">Professor lector<br>Departament de Geografia<br>Universitat Aut\u00f2noma de Barcelona<br>jordi.cristobal@uab.cat<\/p>\n\n\n\n<div class=\"wp-block-buttons is-content-justification-center is-layout-flex wp-container-core-buttons-is-layout-16018d1d wp-block-buttons-is-layout-flex\">\n<div class=\"wp-block-button has-custom-width wp-block-button__width-75\"><a class=\"wp-block-button__link wp-element-button\" href=\"https:\/\/portalrecerca.uab.cat\/es\/persons\/jordi-cristobal-rossell%C3%B3\">Perfil de recerca<\/a><\/div>\n\n\n\n<div class=\"wp-block-button has-custom-width wp-block-button__width-75\"><a class=\"wp-block-button__link wp-element-button\" href=\"https:\/\/ddd.uab.cat\/search?ln=ca&amp;p=Cristobal%2C+Jordi&amp;f=author&amp;action_search=Cerca&amp;c=Dip%C3%B2sit+Digital+de+Documents+de+la+UAB&amp;sf=&amp;so=d&amp;rm=&amp;rg=10&amp;sc=1&amp;of=hb\">Acc\u00e9s al DDD<\/a><\/div>\n<\/div>\n<\/div>\n\n\n\n<div class=\"wp-block-column has-gris-pubilla-background-color has-background is-layout-flow wp-block-column-is-layout-flow\">\n<div class=\"wp-block-group\"><div class=\"wp-block-group__inner-container is-layout-constrained wp-block-group-is-layout-constrained\"><div class=\"wp-block-image\">\n<figure class=\"aligncenter size-full is-resized\"><img loading=\"lazy\" decoding=\"async\" width=\"1098\" height=\"1496\" src=\"https:\/\/webs.uab.cat\/gramp\/wp-content\/uploads\/sites\/531\/2024\/11\/005b_RaquelCunill.jpg\" alt=\"\" class=\"wp-image-68\" style=\"object-fit:cover;width:250px;height:250px\" srcset=\"https:\/\/webs.uab.cat\/gramp\/wp-content\/uploads\/sites\/531\/2024\/11\/005b_RaquelCunill.jpg 1098w, https:\/\/webs.uab.cat\/gramp\/wp-content\/uploads\/sites\/531\/2024\/11\/005b_RaquelCunill-220x300.jpg 220w, https:\/\/webs.uab.cat\/gramp\/wp-content\/uploads\/sites\/531\/2024\/11\/005b_RaquelCunill-752x1024.jpg 752w, https:\/\/webs.uab.cat\/gramp\/wp-content\/uploads\/sites\/531\/2024\/11\/005b_RaquelCunill-768x1046.jpg 768w\" sizes=\"auto, (max-width: 1098px) 100vw, 1098px\" \/><\/figure>\n<\/div>\n\n\n<p class=\"has-text-align-center has-large-font-size\"><strong>Raquel Cunill Artigas<\/strong><\/p>\n<\/div><\/div>\n\n\n\n<p class=\"has-text-align-center\">Professora associada<br>Departament de Geografia<br>Universitat Aut\u00f2noma de Barcelona<br>raquel.cunill@uab.cat<\/p>\n\n\n\n<div class=\"wp-block-group\"><div class=\"wp-block-group__inner-container is-layout-constrained wp-block-group-is-layout-constrained\">\n<div class=\"wp-block-buttons is-content-justification-center is-layout-flex wp-container-core-buttons-is-layout-16018d1d wp-block-buttons-is-layout-flex\">\n<div class=\"wp-block-button has-custom-width wp-block-button__width-75\"><a class=\"wp-block-button__link has-text-align-center wp-element-button\" href=\"https:\/\/portalrecerca.uab.cat\/es\/persons\/raquel-cunill-artigas-6\">Perfil de recerca<\/a><\/div>\n\n\n\n<div class=\"wp-block-button has-custom-width wp-block-button__width-75\"><a class=\"wp-block-button__link wp-element-button\" href=\"https:\/\/ddd.uab.cat\/search?ln=ca&amp;p=Cunill%2C+Raquel&amp;f=author&amp;action_search=Cerca&amp;c=Dip%C3%B2sit+Digital+de+Documents+de+la+UAB&amp;sf=&amp;so=d&amp;rm=&amp;rg=10&amp;sc=1&amp;of=hb\">Acc\u00e9s al DDD<\/a><\/div>\n<\/div>\n<\/div><\/div>\n<\/div>\n\n\n\n<div class=\"wp-block-column has-gris-pubilla-background-color has-background is-layout-flow wp-block-column-is-layout-flow\">\n<div class=\"wp-block-group\"><div class=\"wp-block-group__inner-container is-layout-constrained wp-block-group-is-layout-constrained\"><div class=\"wp-block-image\">\n<figure class=\"aligncenter size-full is-resized\"><img loading=\"lazy\" decoding=\"async\" width=\"160\" height=\"160\" src=\"https:\/\/webs.uab.cat\/gramp\/wp-content\/uploads\/sites\/531\/2024\/11\/image-6.png\" alt=\"\" class=\"wp-image-73\" style=\"object-fit:cover;width:250px;height:250px\" srcset=\"https:\/\/webs.uab.cat\/gramp\/wp-content\/uploads\/sites\/531\/2024\/11\/image-6.png 160w, https:\/\/webs.uab.cat\/gramp\/wp-content\/uploads\/sites\/531\/2024\/11\/image-6-150x150.png 150w\" sizes=\"auto, (max-width: 160px) 100vw, 160px\" \/><\/figure>\n<\/div>\n\n\n<p class=\"has-text-align-center has-large-font-size\"><strong>N\u00faria Garcia Quera<\/strong><\/p>\n<\/div><\/div>\n\n\n\n<p class=\"has-text-align-center\">Professora associada<br>Departament de Geografia<br>Universitat Aut\u00f2noma de Barcelona<br>nuria.garcia.quera@uab.cat<\/p>\n\n\n\n<div class=\"wp-block-group\"><div class=\"wp-block-group__inner-container is-layout-constrained wp-block-group-is-layout-constrained\">\n<div class=\"wp-block-buttons is-content-justification-center is-layout-flex wp-container-core-buttons-is-layout-16018d1d wp-block-buttons-is-layout-flex\">\n<div class=\"wp-block-button has-custom-width wp-block-button__width-75\"><a class=\"wp-block-button__link has-text-align-center wp-element-button\" href=\"https:\/\/portalrecerca.uab.cat\/en\/persons\/n%C3%BAria-garcia-quera\">Perfil de recerca<\/a><\/div>\n\n\n\n<div class=\"wp-block-button has-custom-width wp-block-button__width-75\"><a class=\"wp-block-button__link wp-element-button\" href=\"https:\/\/ddd.uab.cat\/search?f=author&amp;p=Garcia-Quera%2C%20N%C3%BAria&amp;sc=1&amp;ln=ca\">Acc\u00e9s al DDD<\/a><\/div>\n<\/div>\n<\/div><\/div>\n<\/div>\n<\/div>\n\n\n\n<div class=\"wp-block-columns alignwide is-layout-flex wp-container-core-columns-is-layout-9d6595d7 wp-block-columns-is-layout-flex\">\n<div class=\"wp-block-column has-gris-pubilla-background-color has-background is-layout-flow wp-block-column-is-layout-flow\"><div class=\"wp-block-image\">\n<figure class=\"aligncenter size-large is-resized\"><img loading=\"lazy\" decoding=\"async\" width=\"903\" height=\"1024\" src=\"https:\/\/webs.uab.cat\/gramp\/wp-content\/uploads\/sites\/531\/2024\/11\/008_JordiNadal-903x1024.jpg\" alt=\"\" class=\"wp-image-69\" style=\"object-fit:cover;width:250px;height:250px\" srcset=\"https:\/\/webs.uab.cat\/gramp\/wp-content\/uploads\/sites\/531\/2024\/11\/008_JordiNadal-903x1024.jpg 903w, https:\/\/webs.uab.cat\/gramp\/wp-content\/uploads\/sites\/531\/2024\/11\/008_JordiNadal-264x300.jpg 264w, https:\/\/webs.uab.cat\/gramp\/wp-content\/uploads\/sites\/531\/2024\/11\/008_JordiNadal-768x871.jpg 768w, https:\/\/webs.uab.cat\/gramp\/wp-content\/uploads\/sites\/531\/2024\/11\/008_JordiNadal.jpg 1085w\" sizes=\"auto, (max-width: 903px) 100vw, 903px\" \/><\/figure>\n<\/div>\n\n\n<p class=\"has-text-align-center has-large-font-size\"><strong>Jordi Nadal Tersa<\/strong><\/p>\n\n\n\n<p class=\"has-text-align-center\">Professor titular<br>Departament de Geografia<br>Universitat Aut\u00f2noma de Barcelona<br>jordi.nadal@uab.cat<\/p>\n\n\n\n<div class=\"wp-block-buttons is-content-justification-center is-layout-flex wp-container-core-buttons-is-layout-16018d1d wp-block-buttons-is-layout-flex\">\n<div class=\"wp-block-button has-custom-width wp-block-button__width-75\"><a class=\"wp-block-button__link wp-element-button\" href=\"https:\/\/portalrecerca.uab.cat\/en\/persons\/jordi-nadal-tersa-7\">Perfil de recerca<\/a><\/div>\n\n\n\n<div class=\"wp-block-button has-custom-width wp-block-button__width-75\"><a class=\"wp-block-button__link wp-element-button\" href=\"https:\/\/ddd.uab.cat\/search?ln=ca&amp;p=Nadal%2C+Jordi&amp;f=author&amp;action_search=Cerca&amp;c=Dip%C3%B2sit+Digital+de+Documents+de+la+UAB&amp;sf=&amp;so=d&amp;rm=&amp;rg=10&amp;sc=1&amp;of=hb\">Acc\u00e9s al DDD<\/a><\/div>\n<\/div>\n<\/div>\n\n\n\n<div class=\"wp-block-column has-gris-pubilla-background-color has-background is-layout-flow wp-block-column-is-layout-flow\">\n<div class=\"wp-block-group\"><div class=\"wp-block-group__inner-container is-layout-constrained wp-block-group-is-layout-constrained\"><div class=\"wp-block-image\">\n<figure class=\"aligncenter size-full is-resized\"><img loading=\"lazy\" decoding=\"async\" width=\"2560\" height=\"1707\" src=\"https:\/\/webs.uab.cat\/gramp\/wp-content\/uploads\/sites\/531\/2024\/11\/APM_PNAP-24-3-scaled.jpg\" alt=\"\" class=\"wp-image-44\" style=\"object-fit:cover;width:250px;height:250px\" srcset=\"https:\/\/webs.uab.cat\/gramp\/wp-content\/uploads\/sites\/531\/2024\/11\/APM_PNAP-24-3-scaled.jpg 2560w, https:\/\/webs.uab.cat\/gramp\/wp-content\/uploads\/sites\/531\/2024\/11\/APM_PNAP-24-3-300x200.jpg 300w, https:\/\/webs.uab.cat\/gramp\/wp-content\/uploads\/sites\/531\/2024\/11\/APM_PNAP-24-3-1024x683.jpg 1024w, https:\/\/webs.uab.cat\/gramp\/wp-content\/uploads\/sites\/531\/2024\/11\/APM_PNAP-24-3-768x512.jpg 768w, https:\/\/webs.uab.cat\/gramp\/wp-content\/uploads\/sites\/531\/2024\/11\/APM_PNAP-24-3-1536x1024.jpg 1536w, https:\/\/webs.uab.cat\/gramp\/wp-content\/uploads\/sites\/531\/2024\/11\/APM_PNAP-24-3-2048x1365.jpg 2048w, https:\/\/webs.uab.cat\/gramp\/wp-content\/uploads\/sites\/531\/2024\/11\/APM_PNAP-24-3-1200x800.jpg 1200w, https:\/\/webs.uab.cat\/gramp\/wp-content\/uploads\/sites\/531\/2024\/11\/APM_PNAP-24-3-1980x1320.jpg 1980w\" sizes=\"auto, (max-width: 2560px) 100vw, 2560px\" \/><\/figure>\n<\/div>\n\n\n<p class=\"has-text-align-center has-large-font-size\"><strong>Albert P\u00e8lachs Ma\u00f1osa<\/strong><\/p>\n<\/div><\/div>\n\n\n\n<p class=\"has-text-align-center\">Professor titular<br>Departament de Geografia<br>Universitat Aut\u00f2noma de Barcelona<br>albert.pelachs@uab.cat<\/p>\n\n\n\n<div class=\"wp-block-group\"><div class=\"wp-block-group__inner-container is-layout-constrained wp-block-group-is-layout-constrained\">\n<div class=\"wp-block-buttons is-content-justification-center is-layout-flex wp-container-core-buttons-is-layout-16018d1d wp-block-buttons-is-layout-flex\">\n<div class=\"wp-block-button has-custom-width wp-block-button__width-75\"><a class=\"wp-block-button__link wp-element-button\" href=\"https:\/\/ddd.uab.cat\/search?ln=ca&amp;p=Pelachs%2C+Albert&amp;f=author&amp;action_search=Cerca&amp;c=Dip%C3%B2sit+Digital+de+Documents+de+la+UAB&amp;sf=&amp;so=d&amp;rm=&amp;rg=10&amp;sc=1&amp;of=hb\">Acc\u00e9s al DDD<\/a><\/div>\n\n\n\n<div class=\"wp-block-button has-custom-width wp-block-button__width-75\"><a class=\"wp-block-button__link has-text-align-center wp-element-button\" href=\"https:\/\/portalrecerca.uab.cat\/en\/persons\/albert-p%C3%A8lachs\">Perfil de recerca<\/a><\/div>\n<\/div>\n<\/div><\/div>\n<\/div>\n\n\n\n<div class=\"wp-block-column has-gris-pubilla-background-color has-background is-layout-flow wp-block-column-is-layout-flow\">\n<div class=\"wp-block-group\"><div class=\"wp-block-group__inner-container is-layout-constrained wp-block-group-is-layout-constrained\"><div class=\"wp-block-image\">\n<figure class=\"aligncenter size-full is-resized\"><img loading=\"lazy\" decoding=\"async\" width=\"250\" height=\"250\" src=\"https:\/\/webs.uab.cat\/gramp\/wp-content\/uploads\/sites\/531\/2025\/06\/image.png\" alt=\"\" class=\"wp-image-131\" style=\"object-fit:cover;width:250px;height:250px\" srcset=\"https:\/\/webs.uab.cat\/gramp\/wp-content\/uploads\/sites\/531\/2025\/06\/image.png 250w, https:\/\/webs.uab.cat\/gramp\/wp-content\/uploads\/sites\/531\/2025\/06\/image-150x150.png 150w\" sizes=\"auto, (max-width: 250px) 100vw, 250px\" \/><\/figure>\n<\/div>\n\n\n<p class=\"has-text-align-center has-large-font-size\"><strong>Ramon P\u00e9rez Obiol<\/strong><\/p>\n<\/div><\/div>\n\n\n\n<p class=\"has-text-align-center\">Professor titular <br>Dpt. de Biologia Animal, Vegetal i Ecologia<br>Universitat Aut\u00f2noma de Barcelona<br>ramon.perez@uab.cat<\/p>\n\n\n\n<div class=\"wp-block-group\"><div class=\"wp-block-group__inner-container is-layout-constrained wp-block-group-is-layout-constrained\">\n<div class=\"wp-block-buttons is-content-justification-center is-layout-flex wp-container-core-buttons-is-layout-16018d1d wp-block-buttons-is-layout-flex\">\n<div class=\"wp-block-button has-custom-width wp-block-button__width-75\"><a class=\"wp-block-button__link has-text-align-center wp-element-button\" href=\"https:\/\/portalrecerca.uab.cat\/en\/persons\/ramon-perez-obiol-4\">Perfil de recerca<\/a><\/div>\n\n\n\n<div class=\"wp-block-button has-custom-width wp-block-button__width-75\"><a class=\"wp-block-button__link wp-element-button\" href=\"https:\/\/ddd.uab.cat\/search?ln=ca&amp;p=Perez-Obiol%2C+ramon&amp;f=author&amp;action_search=Cerca&amp;c=Dip%C3%B2sit+Digital+de+Documents+de+la+UAB&amp;sf=&amp;so=d&amp;rm=&amp;rg=10&amp;sc=1&amp;of=hb\">Acc\u00e9s al DDD<\/a><\/div>\n<\/div>\n<\/div><\/div>\n<\/div>\n<\/div>\n\n\n\n<div class=\"wp-block-columns alignwide is-layout-flex wp-container-core-columns-is-layout-9d6595d7 wp-block-columns-is-layout-flex\">\n<div class=\"wp-block-column has-gris-pubilla-background-color has-background is-layout-flow wp-block-column-is-layout-flow\"><div class=\"wp-block-image\">\n<figure class=\"aligncenter size-large is-resized\"><img loading=\"lazy\" decoding=\"async\" width=\"1024\" height=\"576\" src=\"https:\/\/webs.uab.cat\/gramp\/wp-content\/uploads\/sites\/531\/2024\/11\/011_MarcSanchez-1024x576.jpg\" alt=\"\" class=\"wp-image-72\" style=\"object-fit:cover;width:250px;height:250px\" srcset=\"https:\/\/webs.uab.cat\/gramp\/wp-content\/uploads\/sites\/531\/2024\/11\/011_MarcSanchez-1024x576.jpg 1024w, https:\/\/webs.uab.cat\/gramp\/wp-content\/uploads\/sites\/531\/2024\/11\/011_MarcSanchez-300x169.jpg 300w, https:\/\/webs.uab.cat\/gramp\/wp-content\/uploads\/sites\/531\/2024\/11\/011_MarcSanchez-768x432.jpg 768w, https:\/\/webs.uab.cat\/gramp\/wp-content\/uploads\/sites\/531\/2024\/11\/011_MarcSanchez-1536x864.jpg 1536w, https:\/\/webs.uab.cat\/gramp\/wp-content\/uploads\/sites\/531\/2024\/11\/011_MarcSanchez-2048x1152.jpg 2048w, https:\/\/webs.uab.cat\/gramp\/wp-content\/uploads\/sites\/531\/2024\/11\/011_MarcSanchez-1200x675.jpg 1200w, https:\/\/webs.uab.cat\/gramp\/wp-content\/uploads\/sites\/531\/2024\/11\/011_MarcSanchez-1980x1114.jpg 1980w\" sizes=\"auto, (max-width: 1024px) 100vw, 1024px\" \/><\/figure>\n<\/div>\n\n\n<p class=\"has-text-align-center has-large-font-size\"><strong>Marc S\u00e1nchez Morales<\/strong><\/p>\n\n\n\n<p class=\"has-text-align-center\">T\u00e8cnic de projecte<br>Departament de Geografia i Dpt. de Biologia Animal, Vegetal i Ecologia<br>Universitat Aut\u00f2noma de Barcelona<br>marc.sanchez.morales@uab.cat<\/p>\n\n\n\n<div class=\"wp-block-buttons is-content-justification-center is-layout-flex wp-container-core-buttons-is-layout-16018d1d wp-block-buttons-is-layout-flex\">\n<div class=\"wp-block-button has-custom-width wp-block-button__width-75\"><a class=\"wp-block-button__link wp-element-button\">Perfil de recerca<\/a><\/div>\n\n\n\n<div class=\"wp-block-button has-custom-width wp-block-button__width-75\"><a class=\"wp-block-button__link wp-element-button\" href=\"https:\/\/ddd.uab.cat\/search?ln=ca&amp;p=S%C3%A1nchez+Morales%2C+Marc&amp;f=author&amp;action_search=Cerca&amp;c=Dip%C3%B2sit+Digital+de+Documents+de+la+UAB&amp;sf=&amp;so=d&amp;rm=&amp;rg=10&amp;sc=1&amp;of=hb\">Acc\u00e9s al DDD<\/a><\/div>\n<\/div>\n<\/div>\n\n\n\n<div class=\"wp-block-column has-gris-pubilla-background-color has-background is-layout-flow wp-block-column-is-layout-flow\">\n<div class=\"wp-block-group\"><div class=\"wp-block-group__inner-container is-layout-constrained wp-block-group-is-layout-constrained\"><div class=\"wp-block-image\">\n<figure class=\"aligncenter size-full\"><img decoding=\"async\" src=\"https:\/\/webs.uab.cat\/geografiaaplicada\/wp-content\/uploads\/sites\/530\/2024\/04\/TULLA.jpg\" alt=\"\" class=\"wp-image-81\" \/><\/figure>\n<\/div>\n\n\n<p class=\"has-text-align-center has-large-font-size\"><strong>Antoni F. Tulla Pujol<\/strong><\/p>\n<\/div><\/div>\n\n\n\n<p class=\"has-text-align-center\">Professor em\u00e8rit<br>Departament de Geografia<br>Universitat Aut\u00f2noma de Barcelona<br>antoni.tulla@uab.cat<br><\/p>\n\n\n\n<div class=\"wp-block-group\"><div class=\"wp-block-group__inner-container is-layout-constrained wp-block-group-is-layout-constrained\">\n<div class=\"wp-block-buttons is-content-justification-center is-layout-flex wp-container-core-buttons-is-layout-16018d1d wp-block-buttons-is-layout-flex\">\n<div class=\"wp-block-button has-custom-width wp-block-button__width-75\"><a class=\"wp-block-button__link has-text-align-center wp-element-button\" href=\"https:\/\/portalrecerca.uab.cat\/es\/persons\/antoni-francisco-tulla-pujol-3\">Perfil de recerca<\/a><\/div>\n\n\n\n<div class=\"wp-block-button has-custom-width wp-block-button__width-75\"><a class=\"wp-block-button__link wp-element-button\" href=\"https:\/\/ddd.uab.cat\/search?ln=ca&amp;p=Tulla%2C+Antoni+F.&amp;f=author&amp;action_search=Cerca&amp;c=Dip%C3%B2sit+Digital+de+Documents+de+la+UAB&amp;sf=&amp;so=d&amp;rm=&amp;rg=10&amp;sc=1&amp;of=hb\">Acc\u00e9s al DDD<\/a><\/div>\n<\/div>\n<\/div><\/div>\n<\/div>\n\n\n\n<div class=\"wp-block-column has-blanc-coco-background-color has-background is-layout-flow wp-block-column-is-layout-flow\"><\/div>\n<\/div>\n","protected":false},"excerpt":{"rendered":"<p>\u00d2scar Alem\u00e1n Mil\u00e1n DoctorandDepartament de GeografiaUniversitat Aut\u00f2noma de Barcelonaoscar.aleman@uab.cat Anna Badia Perpiny\u00e0 Professora titularDepartament de GeografiaUniversitat Aut\u00f2noma de Barcelonaanna.badia@uab.cat Ashley Braunthal DoctorandaDepartament de GeografiaUniversitat Aut\u00f2noma de Barcelonaashley.braunthal@uab.cat Jordi Crist\u00f2bal Rossell\u00f3 Professor lectorDepartament de GeografiaUniversitat Aut\u00f2noma de Barcelonajordi.cristobal@uab.cat Raquel Cunill Artigas Professora associadaDepartament de GeografiaUniversitat Aut\u00f2noma de Barcelonaraquel.cunill@uab.cat N\u00faria Garcia Quera Professora associadaDepartament de GeografiaUniversitat Aut\u00f2noma [&hellip;]<\/p>\n","protected":false},"author":2819,"featured_media":0,"parent":0,"menu_order":0,"comment_status":"closed","ping_status":"closed","template":"","meta":{"footnotes":""},"class_list":["post-13","page","type-page","status-publish","hentry"],"_links":{"self":[{"href":"https:\/\/webs.uab.cat\/gramp\/wp-json\/wp\/v2\/pages\/13","targetHints":{"allow":["GET"]}}],"collection":[{"href":"https:\/\/webs.uab.cat\/gramp\/wp-json\/wp\/v2\/pages"}],"about":[{"href":"https:\/\/webs.uab.cat\/gramp\/wp-json\/wp\/v2\/types\/page"}],"author":[{"embeddable":true,"href":"https:\/\/webs.uab.cat\/gramp\/wp-json\/wp\/v2\/users\/2819"}],"replies":[{"embeddable":true,"href":"https:\/\/webs.uab.cat\/gramp\/wp-json\/wp\/v2\/comments?post=13"}],"version-history":[{"count":7,"href":"https:\/\/webs.uab.cat\/gramp\/wp-json\/wp\/v2\/pages\/13\/revisions"}],"predecessor-version":[{"id":132,"href":"https:\/\/webs.uab.cat\/gramp\/wp-json\/wp\/v2\/pages\/13\/revisions\/132"}],"wp:attachment":[{"href":"https:\/\/webs.uab.cat\/gramp\/wp-json\/wp\/v2\/media?parent=13"}],"curies":[{"name":"wp","href":"https:\/\/api.w.org\/{rel}","templated":true}]}}