{"id":18,"date":"2024-10-30T10:48:48","date_gmt":"2024-10-30T08:48:48","guid":{"rendered":"https:\/\/webs.uab.cat\/gramp\/?page_id=18"},"modified":"2024-11-18T14:39:26","modified_gmt":"2024-11-18T12:39:26","slug":"tesis","status":"publish","type":"page","link":"https:\/\/webs.uab.cat\/gramp\/tesis\/","title":{"rendered":"Tesis"},"content":{"rendered":"\n<h2 class=\"wp-block-heading alignwide has-text-align-left has-verd-tropic-color has-text-color has-link-color has-larger-font-size wp-elements-ba7009d66568eca2d5e1b2bdac510b79\" style=\"font-style:normal;font-weight:800;text-transform:uppercase\">2024<\/h2>\n\n\n\n<div class=\"wp-block-columns alignwide is-layout-flex wp-container-core-columns-is-layout-9d6595d7 wp-block-columns-is-layout-flex\">\n<div class=\"wp-block-column has-gris-pubilla-background-color has-background is-layout-flow wp-block-column-is-layout-flow\">\n<p class=\"has-text-align-center has-large-font-size\"><strong>Josep Manel Rodr\u00edguez<\/strong><\/p>\n\n\n<div class=\"wp-block-image\">\n<figure class=\"aligncenter size-large is-resized\"><img loading=\"lazy\" decoding=\"async\" width=\"1024\" height=\"768\" src=\"https:\/\/webs.uab.cat\/gramp\/wp-content\/uploads\/sites\/531\/2024\/11\/TesiPepoAssaig-1024x768.jpg\" alt=\"\" class=\"wp-image-38\" style=\"object-fit:cover;width:250px;height:250px\" srcset=\"https:\/\/webs.uab.cat\/gramp\/wp-content\/uploads\/sites\/531\/2024\/11\/TesiPepoAssaig-1024x768.jpg 1024w, https:\/\/webs.uab.cat\/gramp\/wp-content\/uploads\/sites\/531\/2024\/11\/TesiPepoAssaig-300x225.jpg 300w, https:\/\/webs.uab.cat\/gramp\/wp-content\/uploads\/sites\/531\/2024\/11\/TesiPepoAssaig-768x576.jpg 768w, https:\/\/webs.uab.cat\/gramp\/wp-content\/uploads\/sites\/531\/2024\/11\/TesiPepoAssaig-1536x1152.jpg 1536w, https:\/\/webs.uab.cat\/gramp\/wp-content\/uploads\/sites\/531\/2024\/11\/TesiPepoAssaig-2048x1536.jpg 2048w, https:\/\/webs.uab.cat\/gramp\/wp-content\/uploads\/sites\/531\/2024\/11\/TesiPepoAssaig-1200x900.jpg 1200w, https:\/\/webs.uab.cat\/gramp\/wp-content\/uploads\/sites\/531\/2024\/11\/TesiPepoAssaig-1980x1485.jpg 1980w\" sizes=\"auto, (max-width: 1024px) 100vw, 1024px\" \/><\/figure>\n<\/div>\n\n\n<ul class=\"wp-block-list\">\n<li><strong>T\u00edtol:<\/strong> <em>Din\u00e0mica del paisatge als Pirineus al llarg dels \u00faltims 10.300 anys. Aproximaci\u00f3<br>paleoecol\u00f2gica a les torberes de l\u2019Estany de la Bassa i dels Clots de Rialba (Pallars<br>Sobir\u00e0, Lleida)<\/em><\/li>\n\n\n\n<li><strong>Director: <\/strong>Marc S\u00e1nchez Morales<\/li>\n\n\n\n<li><strong>Defensa:<\/strong> 04 de novembre de 2024<\/li>\n<\/ul>\n<\/div>\n\n\n\n<div class=\"wp-block-column is-layout-flow wp-block-column-is-layout-flow\"><\/div>\n\n\n\n<div class=\"wp-block-column is-layout-flow wp-block-column-is-layout-flow\"><\/div>\n<\/div>\n\n\n\n<h2 class=\"wp-block-heading alignwide has-text-align-left has-verd-tropic-color has-text-color has-link-color has-larger-font-size wp-elements-d102dafc9332b7ae6a84483b0b42bc80\" style=\"font-style:normal;font-weight:800;text-transform:uppercase\">2023<\/h2>\n\n\n\n<div class=\"wp-block-columns alignwide is-layout-flex wp-container-core-columns-is-layout-9d6595d7 wp-block-columns-is-layout-flex\">\n<div class=\"wp-block-column has-gris-pubilla-background-color has-background is-layout-flow wp-block-column-is-layout-flow\">\n<p class=\"has-text-align-center has-large-font-size\"><strong>N\u00faria Garcia-Quera<\/strong><\/p>\n\n\n<div class=\"wp-block-image\">\n<figure class=\"aligncenter size-full is-resized\"><img decoding=\"async\" src=\"https:\/\/webs.uab.cat\/geografiaaplicada\/wp-content\/uploads\/sites\/530\/2024\/10\/image.png\" alt=\"\" class=\"wp-image-220\" style=\"object-fit:cover;width:250px;height:250px\" \/><\/figure>\n<\/div>\n\n\n<ul class=\"wp-block-list\">\n<li><strong>T\u00edtol:<\/strong> <em><a href=\"http:\/\/hdl.handle.net\/10803\/689935\">Els top\u00f2nims del Pallars Sobir\u00e0 i la seva etimologia. Una proposta metodol\u00f2gica interdisciplin\u00e0ria<\/a><\/em><\/li>\n\n\n\n<li><strong>Directors: <\/strong>Francesc Bernat Baltrons i Albert P\u00e8lachs Ma\u00f1osa<\/li>\n\n\n\n<li><strong>Defensa:<\/strong> 06 d&#8217;octubre de 2023<\/li>\n<\/ul>\n<\/div>\n\n\n\n<div class=\"wp-block-column is-layout-flow wp-block-column-is-layout-flow\"><\/div>\n\n\n\n<div class=\"wp-block-column is-layout-flow wp-block-column-is-layout-flow\"><\/div>\n<\/div>\n\n\n\n<h2 class=\"wp-block-heading alignwide has-text-align-left has-verd-tropic-color has-text-color has-link-color has-larger-font-size wp-elements-4fcc2e60eb377c5ed2f03c3243a604b1\" style=\"font-style:normal;font-weight:800;text-transform:uppercase\">2022<\/h2>\n\n\n\n<div class=\"wp-block-columns alignwide is-layout-flex wp-container-core-columns-is-layout-9d6595d7 wp-block-columns-is-layout-flex\">\n<div class=\"wp-block-column has-gris-pubilla-background-color has-background is-layout-flow wp-block-column-is-layout-flow\">\n<p class=\"has-text-align-center has-large-font-size\"><strong>Marc S\u00e1nchez Morales<\/strong><\/p>\n\n\n<div class=\"wp-block-image\">\n<figure class=\"aligncenter size-full is-resized\"><img decoding=\"async\" src=\"https:\/\/webs.uab.cat\/geografiaaplicada\/wp-content\/uploads\/sites\/530\/2024\/04\/20200714_130501-2.jpg\" alt=\"\" class=\"wp-image-78\" style=\"object-fit:cover;width:250px;height:250px\" \/><\/figure>\n<\/div>\n\n\n<ul class=\"wp-block-list\">\n<li><strong>T\u00edtol:<\/strong> <em><a href=\"http:\/\/hdl.handle.net\/10803\/688435\">Landscape dynamics during the last 17,550 years in Cantabria, northern Iberian Peninsula. Approaches from palaeoecology<\/a><\/em><\/li>\n\n\n\n<li><strong>Directors: <\/strong>Ramon P\u00e9rez-Obiol i Albert P\u00e8lachs Ma\u00f1osa<\/li>\n\n\n\n<li><strong>Defensa:<\/strong> 28 de febrer de 2022<\/li>\n<\/ul>\n<\/div>\n\n\n\n<div class=\"wp-block-column is-layout-flow wp-block-column-is-layout-flow\"><\/div>\n\n\n\n<div class=\"wp-block-column is-layout-flow wp-block-column-is-layout-flow\"><\/div>\n<\/div>\n\n\n\n<h2 class=\"wp-block-heading alignwide has-text-align-left has-verd-tropic-color has-text-color has-link-color has-larger-font-size wp-elements-c8d2036c294dddf821148b1c079089d6\" style=\"font-style:normal;font-weight:800;text-transform:uppercase\">2010<\/h2>\n\n\n\n<div class=\"wp-block-columns alignwide is-layout-flex wp-container-core-columns-is-layout-9d6595d7 wp-block-columns-is-layout-flex\">\n<div class=\"wp-block-column has-gris-pubilla-background-color has-background is-layout-flow wp-block-column-is-layout-flow\">\n<p class=\"has-text-align-center has-large-font-size\"><strong>Raquel Cunill Artigas<\/strong><\/p>\n\n\n<div class=\"wp-block-image\">\n<figure class=\"aligncenter size-full is-resized\"><img decoding=\"async\" src=\"https:\/\/webs.uab.cat\/geografiaaplicada\/wp-content\/uploads\/sites\/530\/2024\/10\/image-3.png\" alt=\"\" class=\"wp-image-223\" style=\"object-fit:cover;width:250px;height:250px\" \/><\/figure>\n<\/div>\n\n\n<ul class=\"wp-block-list\">\n<li><strong>T\u00edtol:<\/strong> <em><a href=\"http:\/\/Estudi interdisciplinari de l'evoluci\u00f3 del l\u00edmit superior del bosc durant el per\u00edode holoc\u00e8nic a la zona de Plaus de Bold\u00eds-Montarenyo, Pirineu central catal\u00e0. Pedoantracologia, palinologia, carbons sedimentaris i fonts documentals\">Estudi interdisciplinari de l&#8217;evoluci\u00f3 del l\u00edmit superior del bosc durant el per\u00edode holoc\u00e8nic a la zona de Plaus de Bold\u00eds-Montarenyo, Pirineu central catal\u00e0.<br>Pedoantracologia, palinologia, carbons sedimentaris i fonts documentals<\/a><\/em><\/li>\n\n\n\n<li><strong>Director: <\/strong>Joan Manuel Soriano L\u00f3pez<\/li>\n\n\n\n<li><strong>Defensa:<\/strong> 21 de juny de 2010<\/li>\n<\/ul>\n<\/div>\n\n\n\n<div class=\"wp-block-column is-layout-flow wp-block-column-is-layout-flow\"><\/div>\n\n\n\n<div class=\"wp-block-column is-layout-flow wp-block-column-is-layout-flow\"><\/div>\n<\/div>\n\n\n\n<h2 class=\"wp-block-heading alignwide has-text-align-left has-verd-tropic-color has-text-color has-link-color has-larger-font-size wp-elements-6533fd78def50db3556e98963a183a9f\" style=\"font-style:normal;font-weight:800;text-transform:uppercase\">2004<\/h2>\n\n\n\n<div class=\"wp-block-columns alignwide is-layout-flex wp-container-core-columns-is-layout-9d6595d7 wp-block-columns-is-layout-flex\">\n<div class=\"wp-block-column has-gris-pubilla-background-color has-background is-layout-flow wp-block-column-is-layout-flow\">\n<p class=\"has-text-align-center has-large-font-size\"><strong>Albert P\u00e8lachs Ma\u00f1osa<\/strong><\/p>\n\n\n<div class=\"wp-block-image\">\n<figure class=\"aligncenter size-large is-resized\"><img loading=\"lazy\" decoding=\"async\" width=\"1024\" height=\"683\" src=\"https:\/\/webs.uab.cat\/gramp\/wp-content\/uploads\/sites\/531\/2024\/11\/APM_PNAP-24-3-1024x683.jpg\" alt=\"\" class=\"wp-image-44\" style=\"object-fit:cover;width:250px;height:250px\" srcset=\"https:\/\/webs.uab.cat\/gramp\/wp-content\/uploads\/sites\/531\/2024\/11\/APM_PNAP-24-3-1024x683.jpg 1024w, https:\/\/webs.uab.cat\/gramp\/wp-content\/uploads\/sites\/531\/2024\/11\/APM_PNAP-24-3-300x200.jpg 300w, https:\/\/webs.uab.cat\/gramp\/wp-content\/uploads\/sites\/531\/2024\/11\/APM_PNAP-24-3-768x512.jpg 768w, https:\/\/webs.uab.cat\/gramp\/wp-content\/uploads\/sites\/531\/2024\/11\/APM_PNAP-24-3-1536x1024.jpg 1536w, https:\/\/webs.uab.cat\/gramp\/wp-content\/uploads\/sites\/531\/2024\/11\/APM_PNAP-24-3-2048x1365.jpg 2048w, https:\/\/webs.uab.cat\/gramp\/wp-content\/uploads\/sites\/531\/2024\/11\/APM_PNAP-24-3-1200x800.jpg 1200w, https:\/\/webs.uab.cat\/gramp\/wp-content\/uploads\/sites\/531\/2024\/11\/APM_PNAP-24-3-1980x1320.jpg 1980w\" sizes=\"auto, (max-width: 1024px) 100vw, 1024px\" \/><\/figure>\n<\/div>\n\n\n<ul class=\"wp-block-list\">\n<li><strong>T\u00edtol:<\/strong> <em><a href=\"http:\/\/www.tdx.cat\/TDX-0119105-162806\">Deu mil anys de geohist\u00f2ria ambiental al pirineu central catal\u00e0. Aplicaci\u00f3 de t\u00e8cniques paleogeogr\u00e0fiques per a l&#8217;estudi del territori i el paisatge a la Coma de Burg i a la Vallferrera<\/a><\/em><\/li>\n\n\n\n<li><strong>Director: <\/strong>Joan Manuel Soriano L\u00f3pez<\/li>\n\n\n\n<li><strong>Defensa:<\/strong> 17 de juny de 2004<\/li>\n<\/ul>\n<\/div>\n\n\n\n<div class=\"wp-block-column is-layout-flow wp-block-column-is-layout-flow\"><\/div>\n\n\n\n<div class=\"wp-block-column is-layout-flow wp-block-column-is-layout-flow\"><\/div>\n<\/div>\n\n\n\n<h2 class=\"wp-block-heading alignwide has-text-align-left has-verd-tropic-color has-text-color has-link-color has-larger-font-size wp-elements-f7b36b4213f994885053dd605c321794\" style=\"font-style:normal;font-weight:800;text-transform:uppercase\">2002<\/h2>\n\n\n\n<div class=\"wp-block-columns alignwide is-layout-flex wp-container-core-columns-is-layout-9d6595d7 wp-block-columns-is-layout-flex\">\n<div class=\"wp-block-column has-gris-pubilla-background-color has-background is-layout-flow wp-block-column-is-layout-flow\">\n<p class=\"has-text-align-center has-large-font-size\"><strong>Jordi Nadal Tersa<\/strong><\/p>\n\n\n<div class=\"wp-block-image\">\n<figure class=\"aligncenter size-full is-resized\"><img decoding=\"async\" src=\"https:\/\/webs.uab.cat\/geografiaaplicada\/wp-content\/uploads\/sites\/530\/2024\/04\/foto-dni-2-3.jpg\" alt=\"\" class=\"wp-image-71\" style=\"object-fit:cover;width:250px;height:250px\" \/><\/figure>\n<\/div>\n\n\n<ul class=\"wp-block-list\">\n<li><strong>T\u00edtol:<\/strong> <em><a href=\"https:\/\/ddd.uab.cat\/record\/37629\">Evoluci\u00f3 del paisatge de la muntanya mitjana mediterr\u00e0nia. Variacions en la fertilitat del s\u00f2l i en l&#8217;exportaci\u00f3 de nutrients al mass\u00eds de Sant Lloren\u00e7 del Munt i la Serra de l&#8217;Obac (serralada prelitoral catalana)<\/a><\/em><\/li>\n\n\n\n<li><strong>Director: <\/strong>Joan Manuel Soriano L\u00f3pez<\/li>\n\n\n\n<li><strong>Defensa:<\/strong> 19 de desembre de 2002<\/li>\n<\/ul>\n<\/div>\n\n\n\n<div class=\"wp-block-column is-layout-flow wp-block-column-is-layout-flow\"><\/div>\n\n\n\n<div class=\"wp-block-column is-layout-flow wp-block-column-is-layout-flow\"><\/div>\n<\/div>\n\n\n\n<h2 class=\"wp-block-heading alignwide has-text-align-left has-verd-tropic-color has-text-color has-link-color has-larger-font-size wp-elements-a054e4f5cc9d4c9098a113e03b643439\" style=\"font-style:normal;font-weight:800;text-transform:uppercase\">2000<\/h2>\n\n\n\n<div class=\"wp-block-columns alignwide is-layout-flex wp-container-core-columns-is-layout-9d6595d7 wp-block-columns-is-layout-flex\">\n<div class=\"wp-block-column has-gris-pubilla-background-color has-background is-layout-flow wp-block-column-is-layout-flow\">\n<p class=\"has-text-align-center has-large-font-size\"><strong>David Molina Gallart<\/strong><\/p>\n\n\n<div class=\"wp-block-image\">\n<figure class=\"aligncenter size-large is-resized\"><img loading=\"lazy\" decoding=\"async\" width=\"1024\" height=\"575\" src=\"https:\/\/webs.uab.cat\/gramp\/wp-content\/uploads\/sites\/531\/2024\/11\/IMG_2458-1024x575.jpg\" alt=\"\" class=\"wp-image-36\" style=\"object-fit:cover;width:250px;height:250px\" srcset=\"https:\/\/webs.uab.cat\/gramp\/wp-content\/uploads\/sites\/531\/2024\/11\/IMG_2458-1024x575.jpg 1024w, https:\/\/webs.uab.cat\/gramp\/wp-content\/uploads\/sites\/531\/2024\/11\/IMG_2458-300x169.jpg 300w, https:\/\/webs.uab.cat\/gramp\/wp-content\/uploads\/sites\/531\/2024\/11\/IMG_2458-768x432.jpg 768w, https:\/\/webs.uab.cat\/gramp\/wp-content\/uploads\/sites\/531\/2024\/11\/IMG_2458-1536x863.jpg 1536w, https:\/\/webs.uab.cat\/gramp\/wp-content\/uploads\/sites\/531\/2024\/11\/IMG_2458-2048x1151.jpg 2048w, https:\/\/webs.uab.cat\/gramp\/wp-content\/uploads\/sites\/531\/2024\/11\/IMG_2458-1200x674.jpg 1200w, https:\/\/webs.uab.cat\/gramp\/wp-content\/uploads\/sites\/531\/2024\/11\/IMG_2458-1980x1113.jpg 1980w\" sizes=\"auto, (max-width: 1024px) 100vw, 1024px\" \/><\/figure>\n<\/div>\n\n\n<ul class=\"wp-block-list\">\n<li><strong>T\u00edtol:<\/strong> <em><a href=\"http:\/\/www.tdx.cat\/TDX-0918101-143334\">Conservaci\u00f3 i degradaci\u00f3 de s\u00f2ls a les \u00e0rees de muntanya en proc\u00e9s d&#8217;abandonament. La fertilitat del s\u00f2l al Parc Natural del Cad\u00ed-Moixer\u00f3<\/a><\/em><\/li>\n\n\n\n<li><strong>Director: <\/strong>Manuel de Mir\u00f3 Orell<\/li>\n\n\n\n<li><strong>Defensa:<\/strong> 13 de setembre de 2000<\/li>\n<\/ul>\n<\/div>\n\n\n\n<div class=\"wp-block-column is-layout-flow wp-block-column-is-layout-flow\"><\/div>\n\n\n\n<div class=\"wp-block-column is-layout-flow wp-block-column-is-layout-flow\"><\/div>\n<\/div>\n\n\n\n<h2 class=\"wp-block-heading alignwide has-text-align-left has-verd-tropic-color has-text-color has-link-color has-larger-font-size wp-elements-48e7c94e037707e7e33de31a5a6d8588\" style=\"font-style:normal;font-weight:800;text-transform:uppercase\">1992<\/h2>\n\n\n\n<div class=\"wp-block-columns alignwide is-layout-flex wp-container-core-columns-is-layout-9d6595d7 wp-block-columns-is-layout-flex\">\n<div class=\"wp-block-column has-gris-pubilla-background-color has-background is-layout-flow wp-block-column-is-layout-flow\">\n<p class=\"has-text-align-center has-large-font-size\"><strong>Joan Manuel Soriano L\u00f3pez<\/strong><\/p>\n\n\n<div class=\"wp-block-image\">\n<figure class=\"aligncenter size-large is-resized\"><img decoding=\"async\" src=\"https:\/\/webs.uab.cat\/geografiaaplicada\/wp-content\/uploads\/sites\/530\/2024\/10\/image-2-1024x1024.png\" alt=\"\" class=\"wp-image-222\" style=\"object-fit:cover;width:250px;height:250px\" \/><\/figure>\n<\/div>\n\n\n<ul class=\"wp-block-list\">\n<li><strong>T\u00edtol:<\/strong> <em>Efectes del despoblament sobre el medi f\u00edsic d&#8217;un territori de muntanya (Tuix\u00e9n, Parc Natural Cad\u00ed-Moixer\u00f3): estudi de la variaci\u00f3 de la fertilitat del s\u00f2l en camps de conreu abandonats<\/em><\/li>\n\n\n\n<li><strong>Director: <\/strong>Manuel de Mir\u00f3 Orell<\/li>\n\n\n\n<li><strong>Defensa:<\/strong> 1994<\/li>\n<\/ul>\n<\/div>\n\n\n\n<div class=\"wp-block-column is-layout-flow wp-block-column-is-layout-flow\"><\/div>\n\n\n\n<div class=\"wp-block-column is-layout-flow wp-block-column-is-layout-flow\"><\/div>\n<\/div>\n","protected":false},"excerpt":{"rendered":"<p>2024 Josep Manel Rodr\u00edguez 2023 N\u00faria Garcia-Quera 2022 Marc S\u00e1nchez Morales 2010 Raquel Cunill Artigas 2004 Albert P\u00e8lachs Ma\u00f1osa 2002 Jordi Nadal Tersa 2000 David Molina Gallart 1992 Joan Manuel Soriano L\u00f3pez<\/p>\n","protected":false},"author":2819,"featured_media":0,"parent":0,"menu_order":0,"comment_status":"closed","ping_status":"closed","template":"","meta":{"footnotes":""},"class_list":["post-18","page","type-page","status-publish","hentry"],"_links":{"self":[{"href":"https:\/\/webs.uab.cat\/gramp\/wp-json\/wp\/v2\/pages\/18","targetHints":{"allow":["GET"]}}],"collection":[{"href":"https:\/\/webs.uab.cat\/gramp\/wp-json\/wp\/v2\/pages"}],"about":[{"href":"https:\/\/webs.uab.cat\/gramp\/wp-json\/wp\/v2\/types\/page"}],"author":[{"embeddable":true,"href":"https:\/\/webs.uab.cat\/gramp\/wp-json\/wp\/v2\/users\/2819"}],"replies":[{"embeddable":true,"href":"https:\/\/webs.uab.cat\/gramp\/wp-json\/wp\/v2\/comments?post=18"}],"version-history":[{"count":4,"href":"https:\/\/webs.uab.cat\/gramp\/wp-json\/wp\/v2\/pages\/18\/revisions"}],"predecessor-version":[{"id":45,"href":"https:\/\/webs.uab.cat\/gramp\/wp-json\/wp\/v2\/pages\/18\/revisions\/45"}],"wp:attachment":[{"href":"https:\/\/webs.uab.cat\/gramp\/wp-json\/wp\/v2\/media?parent=18"}],"curies":[{"name":"wp","href":"https:\/\/api.w.org\/{rel}","templated":true}]}}