{"id":134,"date":"2024-01-18T15:04:22","date_gmt":"2024-01-18T15:04:22","guid":{"rendered":"https:\/\/webs.uab.cat\/grampo-sappo\/?page_id=134"},"modified":"2024-03-11T11:03:12","modified_gmt":"2024-03-11T11:03:12","slug":"projectes-orient","status":"publish","type":"page","link":"https:\/\/webs.uab.cat\/grampo-sappo\/projectes-orient\/","title":{"rendered":"Projectes Orient"},"content":{"rendered":"\n<div class=\"wp-block-columns alignwide is-layout-flex wp-container-core-columns-is-layout-9d6595d7 wp-block-columns-is-layout-flex\">\n<div class=\"wp-block-column is-layout-flow wp-block-column-is-layout-flow\">\n<p>El grup de recerca\u00a0<a href=\"https:\/\/webs.uab.cat\/grampo-sappo\/\">SAPPO-GRAMPO<\/a> desenvolupa un conjunt de projectes que es porten a terme en cooperaci\u00f3 amb institucions i equips de recerca d&#8217;\u00e0mbit internacional, al <a href=\"https:\/\/webs.uab.cat\/grampo-sappo\/kurdista-iraquia\/\" data-type=\"link\" data-id=\"https:\/\/webs.uab.cat\/grampo-sappo\/kurdista-iraquia\/\">Kurdistan iraqui\u00e0<\/a> i a <a href=\"https:\/\/webs.uab.cat\/grampo-sappo\/siria\/\" data-type=\"link\" data-id=\"https:\/\/webs.uab.cat\/grampo-sappo\/siria\/\">Siria<\/a>:<\/p>\n<\/div>\n<\/div>\n\n\n\n<div class=\"wp-block-columns alignwide is-layout-flex wp-container-core-columns-is-layout-9d6595d7 wp-block-columns-is-layout-flex\">\n<div class=\"wp-block-column is-layout-flow wp-block-column-is-layout-flow\">\n<div class=\"wp-block-columns alignwide is-layout-flex wp-container-core-columns-is-layout-9d6595d7 wp-block-columns-is-layout-flex\">\n<div class=\"wp-block-column is-layout-flow wp-block-column-is-layout-flow\">\n<div class=\"wp-block-cover\" style=\"min-height:283px;aspect-ratio:unset;\"><span aria-hidden=\"true\" class=\"wp-block-cover__background has-background-dim\"><\/span><img loading=\"lazy\" decoding=\"async\" width=\"809\" height=\"542\" class=\"wp-block-cover__image-background wp-image-350\" alt=\"\" src=\"https:\/\/webs.uab.cat\/grampo-sappo\/wp-content\/uploads\/sites\/386\/2024\/03\/Lashkir.jpg\" style=\"object-position:11% 51%\" data-object-fit=\"cover\" data-object-position=\"11% 51%\" srcset=\"https:\/\/webs.uab.cat\/grampo-sappo\/wp-content\/uploads\/sites\/386\/2024\/03\/Lashkir.jpg 809w, https:\/\/webs.uab.cat\/grampo-sappo\/wp-content\/uploads\/sites\/386\/2024\/03\/Lashkir-300x201.jpg 300w, https:\/\/webs.uab.cat\/grampo-sappo\/wp-content\/uploads\/sites\/386\/2024\/03\/Lashkir-768x515.jpg 768w\" sizes=\"auto, (max-width: 809px) 100vw, 809px\" \/><div class=\"wp-block-cover__inner-container is-layout-flow wp-block-cover-is-layout-flow\">\n<p class=\"has-text-align-center has-large-font-size\"><strong><mark style=\"background-color:var(--color-blanc)\" class=\"has-inline-color\">KURDISTAN IRAQUI\u00c0<\/mark><\/strong><\/p>\n<\/div><\/div>\n\n\n\n<div class=\"wp-block-columns is-layout-flex wp-container-core-columns-is-layout-9d6595d7 wp-block-columns-is-layout-flex\">\n<div class=\"wp-block-column is-layout-flow wp-block-column-is-layout-flow\">\n<ul class=\"wp-block-list\">\n<li>Gir Lashkir<\/li>\n\n\n\n<li>Banahilk<\/li>\n\n\n\n<li>Gali Chnaran<\/li>\n<\/ul>\n<\/div>\n\n\n\n<div class=\"wp-block-column is-layout-flow wp-block-column-is-layout-flow\">\n<div class=\"wp-block-buttons is-content-justification-center is-layout-flex wp-container-core-buttons-is-layout-16018d1d wp-block-buttons-is-layout-flex\">\n<div class=\"wp-block-button\"><a class=\"wp-block-button__link wp-element-button\" href=\"https:\/\/webs.uab.cat\/grampo-sappo\/kurdista-iraquia\/\">+ informaci\u00f3<\/a><\/div>\n<\/div>\n<\/div>\n<\/div>\n<\/div>\n\n\n\n<div class=\"wp-block-column is-layout-flow wp-block-column-is-layout-flow\">\n<div class=\"wp-block-cover\" style=\"min-height:283px;aspect-ratio:unset;\"><span aria-hidden=\"true\" class=\"wp-block-cover__background has-background-dim\"><\/span><img loading=\"lazy\" decoding=\"async\" width=\"1741\" height=\"1860\" class=\"wp-block-cover__image-background wp-image-353\" alt=\"\" src=\"https:\/\/webs.uab.cat\/grampo-sappo\/wp-content\/uploads\/sites\/386\/2024\/03\/HALULA.jpg\" style=\"object-position:57% 54%\" data-object-fit=\"cover\" data-object-position=\"57% 54%\" srcset=\"https:\/\/webs.uab.cat\/grampo-sappo\/wp-content\/uploads\/sites\/386\/2024\/03\/HALULA.jpg 1741w, https:\/\/webs.uab.cat\/grampo-sappo\/wp-content\/uploads\/sites\/386\/2024\/03\/HALULA-281x300.jpg 281w, https:\/\/webs.uab.cat\/grampo-sappo\/wp-content\/uploads\/sites\/386\/2024\/03\/HALULA-958x1024.jpg 958w, https:\/\/webs.uab.cat\/grampo-sappo\/wp-content\/uploads\/sites\/386\/2024\/03\/HALULA-768x820.jpg 768w, https:\/\/webs.uab.cat\/grampo-sappo\/wp-content\/uploads\/sites\/386\/2024\/03\/HALULA-1438x1536.jpg 1438w, https:\/\/webs.uab.cat\/grampo-sappo\/wp-content\/uploads\/sites\/386\/2024\/03\/HALULA-1200x1282.jpg 1200w\" sizes=\"auto, (max-width: 1741px) 100vw, 1741px\" \/><div class=\"wp-block-cover__inner-container is-layout-flow wp-block-cover-is-layout-flow\">\n<p class=\"has-text-align-center has-large-font-size\"><strong><mark style=\"background-color:var(--color-blanc)\" class=\"has-inline-color\">SIRIA<\/mark><\/strong><\/p>\n<\/div><\/div>\n\n\n\n<div class=\"wp-block-columns is-layout-flex wp-container-core-columns-is-layout-9d6595d7 wp-block-columns-is-layout-flex\">\n<div class=\"wp-block-column is-layout-flow wp-block-column-is-layout-flow\">\n<ul class=\"wp-block-list\">\n<li>Tell Halula<\/li>\n\n\n\n<li>Chagar Bazar<\/li>\n<\/ul>\n<\/div>\n\n\n\n<div class=\"wp-block-column is-layout-flow wp-block-column-is-layout-flow\">\n<div class=\"wp-block-buttons is-horizontal is-content-justification-center is-layout-flex wp-container-core-buttons-is-layout-937ffba9 wp-block-buttons-is-layout-flex\">\n<div class=\"wp-block-button\"><a class=\"wp-block-button__link wp-element-button\" href=\"https:\/\/webs.uab.cat\/grampo-sappo\/siria\/\">+ informaci\u00f3<\/a><\/div>\n<\/div>\n<\/div>\n<\/div>\n<\/div>\n<\/div>\n<\/div>\n<\/div>\n","protected":false},"excerpt":{"rendered":"<p>El grup de recerca\u00a0SAPPO-GRAMPO desenvolupa un conjunt de projectes que es porten a terme en cooperaci\u00f3 amb institucions i equips de recerca d&#8217;\u00e0mbit internacional, al Kurdistan iraqui\u00e0 i a Siria:<\/p>\n","protected":false},"author":2843,"featured_media":0,"parent":0,"menu_order":0,"comment_status":"closed","ping_status":"closed","template":"","meta":{"footnotes":""},"class_list":["post-134","page","type-page","status-publish","hentry"],"_links":{"self":[{"href":"https:\/\/webs.uab.cat\/grampo-sappo\/wp-json\/wp\/v2\/pages\/134","targetHints":{"allow":["GET"]}}],"collection":[{"href":"https:\/\/webs.uab.cat\/grampo-sappo\/wp-json\/wp\/v2\/pages"}],"about":[{"href":"https:\/\/webs.uab.cat\/grampo-sappo\/wp-json\/wp\/v2\/types\/page"}],"author":[{"embeddable":true,"href":"https:\/\/webs.uab.cat\/grampo-sappo\/wp-json\/wp\/v2\/users\/2843"}],"replies":[{"embeddable":true,"href":"https:\/\/webs.uab.cat\/grampo-sappo\/wp-json\/wp\/v2\/comments?post=134"}],"version-history":[{"count":8,"href":"https:\/\/webs.uab.cat\/grampo-sappo\/wp-json\/wp\/v2\/pages\/134\/revisions"}],"predecessor-version":[{"id":481,"href":"https:\/\/webs.uab.cat\/grampo-sappo\/wp-json\/wp\/v2\/pages\/134\/revisions\/481"}],"wp:attachment":[{"href":"https:\/\/webs.uab.cat\/grampo-sappo\/wp-json\/wp\/v2\/media?parent=134"}],"curies":[{"name":"wp","href":"https:\/\/api.w.org\/{rel}","templated":true}]}}

<div class="wp-block-columns alignwide is-layout-flex wp-container-core-columns-is-layout-9d6595d7 wp-block-columns-is-layout-flex">
<div class="wp-block-column is-layout-flow wp-block-column-is-layout-flow">
<p>El grup de recerca <a href="https://webs.uab.cat/grampo-sappo/">SAPPO-GRAMPO</a> desenvolupa un conjunt de projectes que es porten a terme en cooperació amb institucions i equips de recerca d&#8217;àmbit internacional, al <a href="https://webs.uab.cat/grampo-sappo/kurdista-iraquia/" data-type="link" data-id="https://webs.uab.cat/grampo-sappo/kurdista-iraquia/">Kurdistan iraquià</a> i a <a href="https://webs.uab.cat/grampo-sappo/siria/" data-type="link" data-id="https://webs.uab.cat/grampo-sappo/siria/">Siria</a>:</p>
</div>
</div>



<div class="wp-block-columns alignwide is-layout-flex wp-container-core-columns-is-layout-9d6595d7 wp-block-columns-is-layout-flex">
<div class="wp-block-column is-layout-flow wp-block-column-is-layout-flow">
<div class="wp-block-columns alignwide is-layout-flex wp-container-core-columns-is-layout-9d6595d7 wp-block-columns-is-layout-flex">
<div class="wp-block-column is-layout-flow wp-block-column-is-layout-flow">
<div class="wp-block-cover" style="min-height:283px;aspect-ratio:unset;"><span aria-hidden="true" class="wp-block-cover__background has-background-dim"></span><img loading="lazy" decoding="async" width="809" height="542" class="wp-block-cover__image-background wp-image-350" alt="" src="https://webs.uab.cat/grampo-sappo/wp-content/uploads/sites/386/2024/03/Lashkir.jpg" style="object-position:11% 51%" data-object-fit="cover" data-object-position="11% 51%" srcset="https://webs.uab.cat/grampo-sappo/wp-content/uploads/sites/386/2024/03/Lashkir.jpg 809w, https://webs.uab.cat/grampo-sappo/wp-content/uploads/sites/386/2024/03/Lashkir-300x201.jpg 300w, https://webs.uab.cat/grampo-sappo/wp-content/uploads/sites/386/2024/03/Lashkir-768x515.jpg 768w" sizes="auto, (max-width: 809px) 100vw, 809px" /><div class="wp-block-cover__inner-container is-layout-flow wp-block-cover-is-layout-flow">
<p class="has-text-align-center has-large-font-size"><strong><mark style="background-color:var(--color-blanc)" class="has-inline-color">KURDISTAN IRAQUIÀ</mark></strong></p>
</div></div>



<div class="wp-block-columns is-layout-flex wp-container-core-columns-is-layout-9d6595d7 wp-block-columns-is-layout-flex">
<div class="wp-block-column is-layout-flow wp-block-column-is-layout-flow">
<ul class="wp-block-list">
<li>Gir Lashkir</li>



<li>Banahilk</li>



<li>Gali Chnaran</li>
</ul>
</div>



<div class="wp-block-column is-layout-flow wp-block-column-is-layout-flow">
<div class="wp-block-buttons is-content-justification-center is-layout-flex wp-container-core-buttons-is-layout-16018d1d wp-block-buttons-is-layout-flex">
<div class="wp-block-button"><a class="wp-block-button__link wp-element-button" href="https://webs.uab.cat/grampo-sappo/kurdista-iraquia/">+ informació</a></div>
</div>
</div>
</div>
</div>



<div class="wp-block-column is-layout-flow wp-block-column-is-layout-flow">
<div class="wp-block-cover" style="min-height:283px;aspect-ratio:unset;"><span aria-hidden="true" class="wp-block-cover__background has-background-dim"></span><img loading="lazy" decoding="async" width="1741" height="1860" class="wp-block-cover__image-background wp-image-353" alt="" src="https://webs.uab.cat/grampo-sappo/wp-content/uploads/sites/386/2024/03/HALULA.jpg" style="object-position:57% 54%" data-object-fit="cover" data-object-position="57% 54%" srcset="https://webs.uab.cat/grampo-sappo/wp-content/uploads/sites/386/2024/03/HALULA.jpg 1741w, https://webs.uab.cat/grampo-sappo/wp-content/uploads/sites/386/2024/03/HALULA-281x300.jpg 281w, https://webs.uab.cat/grampo-sappo/wp-content/uploads/sites/386/2024/03/HALULA-958x1024.jpg 958w, https://webs.uab.cat/grampo-sappo/wp-content/uploads/sites/386/2024/03/HALULA-768x820.jpg 768w, https://webs.uab.cat/grampo-sappo/wp-content/uploads/sites/386/2024/03/HALULA-1438x1536.jpg 1438w, https://webs.uab.cat/grampo-sappo/wp-content/uploads/sites/386/2024/03/HALULA-1200x1282.jpg 1200w" sizes="auto, (max-width: 1741px) 100vw, 1741px" /><div class="wp-block-cover__inner-container is-layout-flow wp-block-cover-is-layout-flow">
<p class="has-text-align-center has-large-font-size"><strong><mark style="background-color:var(--color-blanc)" class="has-inline-color">SIRIA</mark></strong></p>
</div></div>



<div class="wp-block-columns is-layout-flex wp-container-core-columns-is-layout-9d6595d7 wp-block-columns-is-layout-flex">
<div class="wp-block-column is-layout-flow wp-block-column-is-layout-flow">
<ul class="wp-block-list">
<li>Tell Halula</li>



<li>Chagar Bazar</li>
</ul>
</div>



<div class="wp-block-column is-layout-flow wp-block-column-is-layout-flow">
<div class="wp-block-buttons is-horizontal is-content-justification-center is-layout-flex wp-container-core-buttons-is-layout-937ffba9 wp-block-buttons-is-layout-flex">
<div class="wp-block-button"><a class="wp-block-button__link wp-element-button" href="https://webs.uab.cat/grampo-sappo/siria/">+ informació</a></div>
</div>
</div>
</div>
</div>
</div>
</div>
</div>

<p>El grup de recerca SAPPO-GRAMPO desenvolupa un conjunt de projectes que es porten a terme en cooperació amb institucions i equips de recerca d&#8217;àmbit internacional, al Kurdistan iraquià i a Siria:</p>
