{"id":194,"date":"2024-01-25T11:55:18","date_gmt":"2024-01-25T11:55:18","guid":{"rendered":"https:\/\/webs.uab.cat\/grampo-sappo\/?page_id=194"},"modified":"2024-03-11T10:46:49","modified_gmt":"2024-03-11T10:46:49","slug":"ebre","status":"publish","type":"page","link":"https:\/\/webs.uab.cat\/grampo-sappo\/ebre\/","title":{"rendered":"Ebre"},"content":{"rendered":"\n<h2 class=\"wp-block-heading alignwide\">Projecte a l&#8217;Ebre i al mass\u00eds dels Ports<\/h2>\n\n\n\n<div class=\"wp-block-columns alignwide is-layout-flex wp-container-core-columns-is-layout-9d6595d7 wp-block-columns-is-layout-flex\">\n<div class=\"wp-block-column is-layout-flow wp-block-column-is-layout-flow\">\n<p class=\"has-drop-cap\">El projecte arqueol\u00f2gic que desenvolupem a l&#8217;\u00e0rea de l&#8217;Ebre porta per t\u00edtol &#8220;<strong>Evoluci\u00f3 del poblament prehist\u00f2ric al tram inferior de l&#8217;Ebre i al mass\u00eds dels Ports<\/strong>&#8221; (CLT 2022\/000141). Aquest parteix de la confrontaci\u00f3 de les din\u00e0miques poblacionals, productives i socio-econ\u00f2miques entre la vall fluvial i les ocupacions muntanyenques en el transcurs de l\u2019Epipaleol\u00edtic fins el Bronze Mitj\u00e0 (<em>c<\/em>. 11.000-1200 cal. BC). <\/p>\n\n\n\n<p>Aquest projecte \u00e9s la continu\u00eftat de part dels dos projectes anteriors:<\/p>\n\n\n\n<ul class=\"wp-block-list\">\n<li>CLT 2014\/100633. <em>Interacci\u00f3 entre els ambients fluvials i les primeres societats agr\u00edcoles. Contribuci\u00f3 al seu coneixement a partir de l\u2019an\u00e0lisi arqueol\u00f2gic de la Vall de l\u2019Ebre (sector Ribera d\u2019Ebre) i la Noguera Pallaresa (sector Gerri de la Sal).<\/em> <\/li>\n\n\n\n<li>CLT 2018\/00035: <em>Rius, Assentaments i mineria prehist\u00f2rica: Recerca a les valls del Ter, Ebre i Gav\u00e0<\/em>; pret\u00e9n cobrir la investigaci\u00f3 de les problem\u00e0tiques de la Prehist\u00f2ria Recent a la vall inferior de l\u2019Ebre.<\/li>\n<\/ul>\n\n\n\n<p>Els jaciments estudiats s\u00f3n un punt clau distribu\u00eft per aquest territori i les \u00e0rees muntanyenques lim\u00edtrofes de la vall: des de l\u2019establiment de les ocupacions a l\u2019aire lliure mitjan\u00e7ant l\u2019estudi de les terrasses fluvials i els seus materials per a poder detectar noves ocupacions; la determinaci\u00f3 de les ocupacions i \u00e0rees d\u2019activitat en l\u2019extrem de l\u2019antiga l\u00ednia de costa del Delta de l\u2019Ebre; fins la identificaci\u00f3 de les seq\u00fc\u00e8ncies completes i la seva extensi\u00f3 en les ocupacions en cavitat d\u2019El Port i de la Serra de Card\u00f3.<\/p>\n<\/div>\n<\/div>\n\n\n\n<figure class=\"wp-block-image alignwide size-large\"><img loading=\"lazy\" decoding=\"async\" width=\"1024\" height=\"386\" src=\"https:\/\/webs.uab.cat\/grampo-sappo\/wp-content\/uploads\/sites\/386\/2024\/03\/FIGURA-1-1024x386.jpg\" alt=\"\" class=\"wp-image-376\" srcset=\"https:\/\/webs.uab.cat\/grampo-sappo\/wp-content\/uploads\/sites\/386\/2024\/03\/FIGURA-1-1024x386.jpg 1024w, https:\/\/webs.uab.cat\/grampo-sappo\/wp-content\/uploads\/sites\/386\/2024\/03\/FIGURA-1-300x113.jpg 300w, https:\/\/webs.uab.cat\/grampo-sappo\/wp-content\/uploads\/sites\/386\/2024\/03\/FIGURA-1-768x290.jpg 768w, https:\/\/webs.uab.cat\/grampo-sappo\/wp-content\/uploads\/sites\/386\/2024\/03\/FIGURA-1-1536x579.jpg 1536w, https:\/\/webs.uab.cat\/grampo-sappo\/wp-content\/uploads\/sites\/386\/2024\/03\/FIGURA-1-2048x773.jpg 2048w, https:\/\/webs.uab.cat\/grampo-sappo\/wp-content\/uploads\/sites\/386\/2024\/03\/FIGURA-1-1200x453.jpg 1200w, https:\/\/webs.uab.cat\/grampo-sappo\/wp-content\/uploads\/sites\/386\/2024\/03\/FIGURA-1-1980x747.jpg 1980w\" sizes=\"auto, (max-width: 1024px) 100vw, 1024px\" \/><figcaption class=\"wp-element-caption\">Contrast entre les terrasses fluvials de l&#8217;Ebre i les muntanyes d&#8217;El Port i la Serra del Card\u00f3.<\/figcaption><\/figure>\n\n\n\n<div class=\"wp-block-columns alignwide is-layout-flex wp-container-core-columns-is-layout-9d6595d7 wp-block-columns-is-layout-flex\">\n<div class=\"wp-block-column is-layout-flow wp-block-column-is-layout-flow\">\n<p>Les diverses anal\u00edtiques proposades juntament amb el pla de treball establert permetran aportar nova informaci\u00f3 clau sobre els canvis del patr\u00f3 de mobilitat en el rang cronol\u00f2gic treballat, establir la funcionalitat dels espais intervinguts, els canvis tecnol\u00f2gics de les diferents produccions d\u2019objectes i el processat de mat\u00e8ries minerals i bi\u00f2tiques; i la gesti\u00f3 i obtenci\u00f3 de les mat\u00e8ries primeres per part de les comunitats humanes.<\/p>\n\n\n\n<h3 class=\"wp-block-heading\">Els <strong>objectius concrets<\/strong> per la recerca de la vall inferior de l\u2019Ebre s\u00f3n:<\/h3>\n<\/div>\n<\/div>\n\n\n\n<div class=\"wp-block-columns alignwide is-layout-flex wp-container-core-columns-is-layout-829b1d53 wp-block-columns-is-layout-flex\" style=\"margin-bottom:0\">\n<div class=\"wp-block-column has-verd-tropic-background-color has-text-color has-background has-link-color wp-elements-0ebb5fc89f249fd80748c876ff6a7368 is-layout-flow wp-block-column-is-layout-flow\" style=\"color:#000000;padding-top:2em;padding-right:2em;padding-bottom:2em;padding-left:2em\">\n<h2 class=\"wp-block-heading has-text-align-center\" id=\"single\" style=\"font-size:40px\"><strong>1<\/strong><\/h2>\n\n\n\n<p class=\"has-blanc-coco-color has-text-color has-link-color has-normal-font-size wp-elements-f4b7865860c4960ded71a1ec32f820e9\"><strong>Incrementar el coneixement de la prehist\u00f2ria recent a la Vall de l\u2019Ebre.<\/strong><\/p>\n\n\n\n<p class=\"has-small-font-size\">Ens centrem, principalment en l&#8217;estudi dels primers pagesos (Neol\u00edtic) i de les primeres societats complexes (Edat del Bronze).<\/p>\n<\/div>\n\n\n\n<div class=\"wp-block-column has-verd-tropic-background-color has-text-color has-background has-link-color wp-elements-543c62ca1e651acb82191920b3e62417 is-layout-flow wp-block-column-is-layout-flow\" style=\"color:#000000;padding-top:2em;padding-right:2em;padding-bottom:2em;padding-left:2em\">\n<h2 class=\"wp-block-heading has-text-align-center\" id=\"family\" style=\"font-size:40px\"><strong>2<\/strong><\/h2>\n\n\n\n<p class=\"has-blanc-coco-color has-text-color has-link-color has-normal-font-size wp-elements-973e6c0e460ea248222dab2c50c54d41\"><strong>Completar la definici\u00f3 i primera caracteritzaci\u00f3 dels jaciments a l\u2019aire lliure<\/strong> <strong>prehist\u00f2rics<\/strong>.<\/p>\n\n\n\n<p>Es porta a terme gr\u00e0cies a un treball sistem\u00e0tic de recollida i estudi de la documentaci\u00f3 existent i a l&#8217;excavaci\u00f3 de nous jaciments.<\/p>\n<\/div>\n\n\n\n<div class=\"wp-block-column has-verd-tropic-background-color has-text-color has-background has-link-color wp-elements-eb47f577d61b55369878298ad6b82e9f is-layout-flow wp-block-column-is-layout-flow\" style=\"color:#000000;padding-top:2em;padding-right:2em;padding-bottom:2em;padding-left:2em\">\n<h2 class=\"wp-block-heading has-text-align-center\" id=\"patron\" style=\"font-size:40px\">3<\/h2>\n\n\n\n<p class=\"has-blanc-coco-color has-text-color has-link-color has-normal-font-size wp-elements-6c4a476edb698a039986f598fe47cb8a\"><strong>Definir a partir de la introducci\u00f3 de t\u00e8cniques geoestad\u00edstiques les \u00e0rees d\u2019activitat i realitzar propostes funcionals associades a l\u2019explotaci\u00f3 dels recursos abi\u00f2tics aix\u00ed com establir possibles xarxes de circulaci\u00f3.<\/strong><\/p>\n<\/div>\n<\/div>\n\n\n\n<div class=\"wp-block-columns alignwide is-layout-flex wp-container-core-columns-is-layout-829b1d53 wp-block-columns-is-layout-flex\" style=\"margin-bottom:0\">\n<div class=\"wp-block-column has-verd-tropic-background-color has-text-color has-background has-link-color wp-elements-9095faadcf79502f7175eabb75f466e0 is-layout-flow wp-block-column-is-layout-flow\" style=\"color:#000000;padding-top:2em;padding-right:2em;padding-bottom:2em;padding-left:2em\">\n<h2 class=\"wp-block-heading has-text-align-center\" id=\"single\" style=\"font-size:40px\">4<\/h2>\n\n\n\n<p class=\"has-blanc-coco-color has-text-color has-link-color has-normal-font-size wp-elements-fccc479504900af31d6be3cfe9c65f0a\"><strong>Caracteritzar les din\u00e0miques de formaci\u00f3 d\u2019un assentament a l\u2019aire lliure  i la funcionalitat d\u2019ocupacions en coves i abrics.<\/strong><\/p>\n\n\n\n<p>Aquestes dades serviran per establir un marc comparatiu amb la resta d\u2019ocupacions conegudes per aquestes cronologies.<\/p>\n<\/div>\n\n\n\n<div class=\"wp-block-column has-verd-tropic-background-color has-text-color has-background has-link-color wp-elements-408c740d58ef27d21c8bb9242bf5c091 is-layout-flow wp-block-column-is-layout-flow\" style=\"color:#000000;padding-top:2em;padding-right:2em;padding-bottom:2em;padding-left:2em\">\n<h2 class=\"wp-block-heading has-text-align-center\" id=\"family\" style=\"font-size:40px\">5<\/h2>\n\n\n\n<p class=\"has-blanc-coco-color has-text-color has-link-color has-normal-font-size wp-elements-10127d0dfdf76fd16437719fcf41a599\"><strong>Avaluar la complementarietat d\u2019assentaments i les din\u00e0miques associades al patr\u00f3 de mobilitat i de sedentaritzaci\u00f3 <\/strong><\/p>\n\n\n\n<p>Es relacionen els grups agricultors i ramaders amb la captaci\u00f3 de recursos de mat\u00e8ries primeres aix\u00ed com el seu treball i \u00fas.<\/p>\n<\/div>\n\n\n\n<div class=\"wp-block-column has-verd-tropic-background-color has-text-color has-background has-link-color wp-elements-aee73a8708e5010e38769c350ce797a6 is-layout-flow wp-block-column-is-layout-flow\" style=\"color:#000000;padding-top:2em;padding-right:2em;padding-bottom:2em;padding-left:2em\">\n<h2 class=\"wp-block-heading has-text-align-center\" id=\"patron\" style=\"font-size:40px\">6<\/h2>\n\n\n\n<p class=\"has-blanc-coco-color has-text-color has-link-color has-normal-font-size wp-elements-e086c6d7aae2f4ced241b3d840dcfe04\"><strong>Establir les estrat\u00e8gies econ\u00f2miques, socials i tecnol\u00f2giques aix\u00ed com els processos d\u2019interacci\u00f3 entre poblacions <\/strong><\/p>\n\n\n\n<p>Es concreta a trav\u00e9s de l&#8217;estudi tecnol\u00f2gic i d&#8217;\u00fas de les mat\u00e8ries primeres no bi\u00f2tiques.<\/p>\n<\/div>\n<\/div>\n\n\n\n<div class=\"wp-block-columns alignwide is-layout-flex wp-container-core-columns-is-layout-9d6595d7 wp-block-columns-is-layout-flex\">\n<div class=\"wp-block-column is-layout-flow wp-block-column-is-layout-flow\">\n<h2 class=\"wp-block-heading\">Articles cient\u00edfics relacionats<\/h2>\n\n\n\n<p>En construcci\u00f3\u2026<\/p>\n<\/div>\n<\/div>\n","protected":false},"excerpt":{"rendered":"<p>Projecte a l&#8217;Ebre i al mass\u00eds dels Ports El projecte arqueol\u00f2gic que desenvolupem a l&#8217;\u00e0rea de l&#8217;Ebre porta per t\u00edtol &#8220;Evoluci\u00f3 del poblament prehist\u00f2ric al tram inferior de l&#8217;Ebre i al mass\u00eds dels Ports&#8221; (CLT 2022\/000141). Aquest parteix de la confrontaci\u00f3 de les din\u00e0miques poblacionals, productives i socio-econ\u00f2miques entre la vall fluvial i les ocupacions [&hellip;]<\/p>\n","protected":false},"author":2843,"featured_media":0,"parent":0,"menu_order":0,"comment_status":"closed","ping_status":"closed","template":"","meta":{"footnotes":""},"class_list":["post-194","page","type-page","status-publish","hentry"],"_links":{"self":[{"href":"https:\/\/webs.uab.cat\/grampo-sappo\/wp-json\/wp\/v2\/pages\/194","targetHints":{"allow":["GET"]}}],"collection":[{"href":"https:\/\/webs.uab.cat\/grampo-sappo\/wp-json\/wp\/v2\/pages"}],"about":[{"href":"https:\/\/webs.uab.cat\/grampo-sappo\/wp-json\/wp\/v2\/types\/page"}],"author":[{"embeddable":true,"href":"https:\/\/webs.uab.cat\/grampo-sappo\/wp-json\/wp\/v2\/users\/2843"}],"replies":[{"embeddable":true,"href":"https:\/\/webs.uab.cat\/grampo-sappo\/wp-json\/wp\/v2\/comments?post=194"}],"version-history":[{"count":12,"href":"https:\/\/webs.uab.cat\/grampo-sappo\/wp-json\/wp\/v2\/pages\/194\/revisions"}],"predecessor-version":[{"id":464,"href":"https:\/\/webs.uab.cat\/grampo-sappo\/wp-json\/wp\/v2\/pages\/194\/revisions\/464"}],"wp:attachment":[{"href":"https:\/\/webs.uab.cat\/grampo-sappo\/wp-json\/wp\/v2\/media?parent=194"}],"curies":[{"name":"wp","href":"https:\/\/api.w.org\/{rel}","templated":true}]}}

<h2 class="wp-block-heading alignwide">Projecte a l&#8217;Ebre i al massís dels Ports</h2>



<div class="wp-block-columns alignwide is-layout-flex wp-container-core-columns-is-layout-9d6595d7 wp-block-columns-is-layout-flex">
<div class="wp-block-column is-layout-flow wp-block-column-is-layout-flow">
<p class="has-drop-cap">El projecte arqueològic que desenvolupem a l&#8217;àrea de l&#8217;Ebre porta per títol &#8220;<strong>Evolució del poblament prehistòric al tram inferior de l&#8217;Ebre i al massís dels Ports</strong>&#8221; (CLT 2022/000141). Aquest parteix de la confrontació de les dinàmiques poblacionals, productives i socio-econòmiques entre la vall fluvial i les ocupacions muntanyenques en el transcurs de l’Epipaleolític fins el Bronze Mitjà (<em>c</em>. 11.000-1200 cal. BC). </p>



<p>Aquest projecte és la continuïtat de part dels dos projectes anteriors:</p>



<ul class="wp-block-list">
<li>CLT 2014/100633. <em>Interacció entre els ambients fluvials i les primeres societats agrícoles. Contribució al seu coneixement a partir de l’anàlisi arqueològic de la Vall de l’Ebre (sector Ribera d’Ebre) i la Noguera Pallaresa (sector Gerri de la Sal).</em> </li>



<li>CLT 2018/00035: <em>Rius, Assentaments i mineria prehistòrica: Recerca a les valls del Ter, Ebre i Gavà</em>; pretén cobrir la investigació de les problemàtiques de la Prehistòria Recent a la vall inferior de l’Ebre.</li>
</ul>



<p>Els jaciments estudiats són un punt clau distribuït per aquest territori i les àrees muntanyenques limítrofes de la vall: des de l’establiment de les ocupacions a l’aire lliure mitjançant l’estudi de les terrasses fluvials i els seus materials per a poder detectar noves ocupacions; la determinació de les ocupacions i àrees d’activitat en l’extrem de l’antiga línia de costa del Delta de l’Ebre; fins la identificació de les seqüències completes i la seva extensió en les ocupacions en cavitat d’El Port i de la Serra de Cardó.</p>
</div>
</div>



<figure class="wp-block-image alignwide size-large"><img loading="lazy" decoding="async" width="1024" height="386" src="https://webs.uab.cat/grampo-sappo/wp-content/uploads/sites/386/2024/03/FIGURA-1-1024x386.jpg" alt="" class="wp-image-376" srcset="https://webs.uab.cat/grampo-sappo/wp-content/uploads/sites/386/2024/03/FIGURA-1-1024x386.jpg 1024w, https://webs.uab.cat/grampo-sappo/wp-content/uploads/sites/386/2024/03/FIGURA-1-300x113.jpg 300w, https://webs.uab.cat/grampo-sappo/wp-content/uploads/sites/386/2024/03/FIGURA-1-768x290.jpg 768w, https://webs.uab.cat/grampo-sappo/wp-content/uploads/sites/386/2024/03/FIGURA-1-1536x579.jpg 1536w, https://webs.uab.cat/grampo-sappo/wp-content/uploads/sites/386/2024/03/FIGURA-1-2048x773.jpg 2048w, https://webs.uab.cat/grampo-sappo/wp-content/uploads/sites/386/2024/03/FIGURA-1-1200x453.jpg 1200w, https://webs.uab.cat/grampo-sappo/wp-content/uploads/sites/386/2024/03/FIGURA-1-1980x747.jpg 1980w" sizes="auto, (max-width: 1024px) 100vw, 1024px" /><figcaption class="wp-element-caption">Contrast entre les terrasses fluvials de l&#8217;Ebre i les muntanyes d&#8217;El Port i la Serra del Cardó.</figcaption></figure>



<div class="wp-block-columns alignwide is-layout-flex wp-container-core-columns-is-layout-9d6595d7 wp-block-columns-is-layout-flex">
<div class="wp-block-column is-layout-flow wp-block-column-is-layout-flow">
<p>Les diverses analítiques proposades juntament amb el pla de treball establert permetran aportar nova informació clau sobre els canvis del patró de mobilitat en el rang cronològic treballat, establir la funcionalitat dels espais intervinguts, els canvis tecnològics de les diferents produccions d’objectes i el processat de matèries minerals i biòtiques; i la gestió i obtenció de les matèries primeres per part de les comunitats humanes.</p>



<h3 class="wp-block-heading">Els <strong>objectius concrets</strong> per la recerca de la vall inferior de l’Ebre són:</h3>
</div>
</div>



<div class="wp-block-columns alignwide is-layout-flex wp-container-core-columns-is-layout-829b1d53 wp-block-columns-is-layout-flex" style="margin-bottom:0">
<div class="wp-block-column has-verd-tropic-background-color has-text-color has-background has-link-color wp-elements-0ebb5fc89f249fd80748c876ff6a7368 is-layout-flow wp-block-column-is-layout-flow" style="color:#000000;padding-top:2em;padding-right:2em;padding-bottom:2em;padding-left:2em">
<h2 class="wp-block-heading has-text-align-center" id="single" style="font-size:40px"><strong>1</strong></h2>



<p class="has-blanc-coco-color has-text-color has-link-color has-normal-font-size wp-elements-f4b7865860c4960ded71a1ec32f820e9"><strong>Incrementar el coneixement de la prehistòria recent a la Vall de l’Ebre.</strong></p>



<p class="has-small-font-size">Ens centrem, principalment en l&#8217;estudi dels primers pagesos (Neolític) i de les primeres societats complexes (Edat del Bronze).</p>
</div>



<div class="wp-block-column has-verd-tropic-background-color has-text-color has-background has-link-color wp-elements-543c62ca1e651acb82191920b3e62417 is-layout-flow wp-block-column-is-layout-flow" style="color:#000000;padding-top:2em;padding-right:2em;padding-bottom:2em;padding-left:2em">
<h2 class="wp-block-heading has-text-align-center" id="family" style="font-size:40px"><strong>2</strong></h2>



<p class="has-blanc-coco-color has-text-color has-link-color has-normal-font-size wp-elements-973e6c0e460ea248222dab2c50c54d41"><strong>Completar la definició i primera caracterització dels jaciments a l’aire lliure</strong> <strong>prehistòrics</strong>.</p>



<p>Es porta a terme gràcies a un treball sistemàtic de recollida i estudi de la documentació existent i a l&#8217;excavació de nous jaciments.</p>
</div>



<div class="wp-block-column has-verd-tropic-background-color has-text-color has-background has-link-color wp-elements-eb47f577d61b55369878298ad6b82e9f is-layout-flow wp-block-column-is-layout-flow" style="color:#000000;padding-top:2em;padding-right:2em;padding-bottom:2em;padding-left:2em">
<h2 class="wp-block-heading has-text-align-center" id="patron" style="font-size:40px">3</h2>



<p class="has-blanc-coco-color has-text-color has-link-color has-normal-font-size wp-elements-6c4a476edb698a039986f598fe47cb8a"><strong>Definir a partir de la introducció de tècniques geoestadístiques les àrees d’activitat i realitzar propostes funcionals associades a l’explotació dels recursos abiòtics així com establir possibles xarxes de circulació.</strong></p>
</div>
</div>



<div class="wp-block-columns alignwide is-layout-flex wp-container-core-columns-is-layout-829b1d53 wp-block-columns-is-layout-flex" style="margin-bottom:0">
<div class="wp-block-column has-verd-tropic-background-color has-text-color has-background has-link-color wp-elements-9095faadcf79502f7175eabb75f466e0 is-layout-flow wp-block-column-is-layout-flow" style="color:#000000;padding-top:2em;padding-right:2em;padding-bottom:2em;padding-left:2em">
<h2 class="wp-block-heading has-text-align-center" id="single" style="font-size:40px">4</h2>



<p class="has-blanc-coco-color has-text-color has-link-color has-normal-font-size wp-elements-fccc479504900af31d6be3cfe9c65f0a"><strong>Caracteritzar les dinàmiques de formació d’un assentament a l’aire lliure  i la funcionalitat d’ocupacions en coves i abrics.</strong></p>



<p>Aquestes dades serviran per establir un marc comparatiu amb la resta d’ocupacions conegudes per aquestes cronologies.</p>
</div>



<div class="wp-block-column has-verd-tropic-background-color has-text-color has-background has-link-color wp-elements-408c740d58ef27d21c8bb9242bf5c091 is-layout-flow wp-block-column-is-layout-flow" style="color:#000000;padding-top:2em;padding-right:2em;padding-bottom:2em;padding-left:2em">
<h2 class="wp-block-heading has-text-align-center" id="family" style="font-size:40px">5</h2>



<p class="has-blanc-coco-color has-text-color has-link-color has-normal-font-size wp-elements-10127d0dfdf76fd16437719fcf41a599"><strong>Avaluar la complementarietat d’assentaments i les dinàmiques associades al patró de mobilitat i de sedentarització </strong></p>



<p>Es relacionen els grups agricultors i ramaders amb la captació de recursos de matèries primeres així com el seu treball i ús.</p>
</div>



<div class="wp-block-column has-verd-tropic-background-color has-text-color has-background has-link-color wp-elements-aee73a8708e5010e38769c350ce797a6 is-layout-flow wp-block-column-is-layout-flow" style="color:#000000;padding-top:2em;padding-right:2em;padding-bottom:2em;padding-left:2em">
<h2 class="wp-block-heading has-text-align-center" id="patron" style="font-size:40px">6</h2>



<p class="has-blanc-coco-color has-text-color has-link-color has-normal-font-size wp-elements-e086c6d7aae2f4ced241b3d840dcfe04"><strong>Establir les estratègies econòmiques, socials i tecnològiques així com els processos d’interacció entre poblacions </strong></p>



<p>Es concreta a través de l&#8217;estudi tecnològic i d&#8217;ús de les matèries primeres no biòtiques.</p>
</div>
</div>



<div class="wp-block-columns alignwide is-layout-flex wp-container-core-columns-is-layout-9d6595d7 wp-block-columns-is-layout-flex">
<div class="wp-block-column is-layout-flow wp-block-column-is-layout-flow">
<h2 class="wp-block-heading">Articles científics relacionats</h2>



<p>En construcció…</p>
</div>
</div>

<p>Projecte a l&#8217;Ebre i al massís dels Ports El projecte arqueològic que desenvolupem a l&#8217;àrea de l&#8217;Ebre porta per títol &#8220;Evolució del poblament prehistòric al tram inferior de l&#8217;Ebre i al massís dels Ports&#8221; (CLT 2022/000141). Aquest parteix de la confrontació de les dinàmiques poblacionals, productives i socio-econòmiques entre la vall fluvial i les ocupacions [&hellip;]</p>
