{"id":336,"date":"2015-05-13T10:27:26","date_gmt":"2015-05-13T10:27:26","guid":{"rendered":"http:\/\/geografia.uab.cat\/grats\/?page_id=6"},"modified":"2024-03-14T14:06:32","modified_gmt":"2024-03-14T12:06:32","slug":"grup-de-recerca-en-aigua-territori-i-sostenibilitat-grats","status":"publish","type":"page","link":"https:\/\/webs.uab.cat\/grats\/","title":{"rendered":"Presentaci\u00f3"},"content":{"rendered":"<p style=\"text-align: justify\">El Grup de Recerca en Aigua, Territori i Sostenibilitat (GRATS) t\u00e9 com a objectiu augmentar els coneixements sobre les relacions entre urbanisme, nous usos de l&#8217;aigua i riscos del cicle hidrol\u00f2gic en un context de noves pol\u00edtiques cap a la sostenibilitat. El GRATS vol proporcionar una dimensi\u00f3 geogr\u00e0fica i hist\u00f2rica dels aspectes ambientals relacionats amb la gesti\u00f3 de l&#8217;aigua, especialment en un context urb\u00e0.<\/p>\n<p style=\"text-align: justify\">L&#8217;investigador principal \u00e9s David Saur\u00ed, que lidera un equip multidisciplinari, format majorit\u00e0riament per ge\u00f2grafs, ambient\u00f2legs, soci\u00f2legs i historiadors. El grup acumula una llarga traject\u00f2ria, avalada per una notable producci\u00f3 cient\u00edfica\u00a0 aix\u00ed com per una pres\u00e8ncia destacada a congressos i seminaris i la participaci\u00f3 a projectes de recerca (internacionals i nacionals).<\/p>\n<p style=\"text-align: justify\">Des de l&#8217;any 2005 el GRATS t\u00e9 el reconeixement de la Generalitat de Catalunya de grup de recerca consolidat i de qualitat. Est\u00e0 vinculat al <a href=\"https:\/\/www.uab.cat\/ca\/geografia\" target=\"_blank\" rel=\"noopener\">Departament de Geografia<\/a> de la Universitat Aut\u00f2noma de Barcelona (UAB), al Grup de Recerca de Medi Ambient i Tecnologies de la Informaci\u00f3 Geogr\u00e0fica (<a href=\"http:\/\/web2.udg.edu\/aigua\/\" target=\"_blank\" rel=\"noopener\">GRMATIG<\/a>) de la Universitat de Girona (UdG), \u00a0 a l&#8217;Institut de Ci\u00e8ncia i Tecnologia Ambientals (<a href=\"http:\/\/icta.uab.cat\/\" target=\"_blank\" rel=\"noopener\">ICTA<\/a>) de la UAB i a l&#8217;Internet Interdisciplinary Institute (<a href=\"http:\/\/in3.uoc.edu\/opencms_portalin3\/opencms\/ca\/index.html\" target=\"_blank\" rel=\"noopener\">IN3<\/a>) de la Universitat Oberta de Catalunya (UOC). Aquest reconeixement (amb finan\u00e7ament) ha estat renovat pel per\u00edode 2014-2016.<\/p>\n","protected":false},"excerpt":{"rendered":"<p>El Grup de Recerca en Aigua, Territori i Sostenibilitat (GRATS) t\u00e9 com a objectiu augmentar els coneixements sobre les relacions entre urbanisme, nous usos de l&#8217;aigua i riscos del cicle hidrol\u00f2gic en un context de noves pol\u00edtiques cap a la sostenibilitat. El GRATS vol proporcionar una dimensi\u00f3 geogr\u00e0fica i hist\u00f2rica dels aspectes ambientals relacionats amb [&hellip;]<\/p>\n","protected":false},"author":2826,"featured_media":0,"parent":0,"menu_order":0,"comment_status":"closed","ping_status":"closed","template":"","meta":{"footnotes":""},"class_list":["post-336","page","type-page","status-publish","hentry"],"_links":{"self":[{"href":"https:\/\/webs.uab.cat\/grats\/wp-json\/wp\/v2\/pages\/336","targetHints":{"allow":["GET"]}}],"collection":[{"href":"https:\/\/webs.uab.cat\/grats\/wp-json\/wp\/v2\/pages"}],"about":[{"href":"https:\/\/webs.uab.cat\/grats\/wp-json\/wp\/v2\/types\/page"}],"author":[{"embeddable":true,"href":"https:\/\/webs.uab.cat\/grats\/wp-json\/wp\/v2\/users\/2826"}],"replies":[{"embeddable":true,"href":"https:\/\/webs.uab.cat\/grats\/wp-json\/wp\/v2\/comments?post=336"}],"version-history":[{"count":3,"href":"https:\/\/webs.uab.cat\/grats\/wp-json\/wp\/v2\/pages\/336\/revisions"}],"predecessor-version":[{"id":374,"href":"https:\/\/webs.uab.cat\/grats\/wp-json\/wp\/v2\/pages\/336\/revisions\/374"}],"wp:attachment":[{"href":"https:\/\/webs.uab.cat\/grats\/wp-json\/wp\/v2\/media?parent=336"}],"curies":[{"name":"wp","href":"https:\/\/api.w.org\/{rel}","templated":true}]}}