{"id":1043,"date":"2024-06-18T11:53:27","date_gmt":"2024-06-18T11:53:27","guid":{"rendered":"https:\/\/webs.uab.cat\/greab\/ignasi-galtes-vicente-2\/"},"modified":"2024-07-19T09:00:27","modified_gmt":"2024-07-19T09:00:27","slug":"ignasi-galtes-vicente-2","status":"publish","type":"page","link":"https:\/\/webs.uab.cat\/greab\/es\/ignasi-galtes-vicente-2\/","title":{"rendered":"Ignasi Galt\u00e9s Vicente"},"content":{"rendered":"\n<div class=\"wp-block-media-text alignwide is-stacked-on-mobile\" style=\"grid-template-columns:26% auto\"><figure class=\"wp-block-media-text__media\"><img loading=\"lazy\" decoding=\"async\" width=\"1024\" height=\"1024\" src=\"https:\/\/webs.uab.cat\/greab\/wp-content\/uploads\/sites\/182\/2024\/07\/fotos-57-1024x1024.png\" alt=\"\" class=\"wp-image-2016 size-full\" srcset=\"https:\/\/webs.uab.cat\/greab\/wp-content\/uploads\/sites\/182\/2024\/07\/fotos-57-1024x1024.png 1024w, https:\/\/webs.uab.cat\/greab\/wp-content\/uploads\/sites\/182\/2024\/07\/fotos-57-300x300.png 300w, https:\/\/webs.uab.cat\/greab\/wp-content\/uploads\/sites\/182\/2024\/07\/fotos-57-150x150.png 150w, https:\/\/webs.uab.cat\/greab\/wp-content\/uploads\/sites\/182\/2024\/07\/fotos-57-768x768.png 768w, https:\/\/webs.uab.cat\/greab\/wp-content\/uploads\/sites\/182\/2024\/07\/fotos-57-1536x1536.png 1536w, https:\/\/webs.uab.cat\/greab\/wp-content\/uploads\/sites\/182\/2024\/07\/fotos-57-1200x1200.png 1200w, https:\/\/webs.uab.cat\/greab\/wp-content\/uploads\/sites\/182\/2024\/07\/fotos-57-1980x1980.png 1980w, https:\/\/webs.uab.cat\/greab\/wp-content\/uploads\/sites\/182\/2024\/07\/fotos-57.png 2000w\" sizes=\"auto, (max-width: 1024px) 100vw, 1024px\" \/><\/figure><div class=\"wp-block-media-text__content\">\n<p><strong><a href=\"https:\/\/orcid.org\/0000-0002-5758-2668\" target=\"_blank\" rel=\"noreferrer noopener\">ORCID iD: 0000-0002-5758-2668<\/a><\/strong><\/p>\n\n\n\n<p>Licenciado en Medicina y Cirug\u00eda en 1996, soy m\u00e9dico forense desde 1999 (cuerpo de m\u00e9dicos forenses, Ministerio de Justicia). En 2008 obtuve el Doctorado en Antropolog\u00eda Biol\u00f3gica por la Universidad Aut\u00f3noma de Barcelona (UAB), con la tesis \u201cEstudio morfofuncional del radio humano: morfog\u00e9nesis, biomec\u00e1nica y evoluci\u00f3n\u201d, dirigido por la Dra. Assumpci\u00f3 Malgosa y el Dr. Joan Manyosa. Actualmente trabajo en el Instituto de Medicina Legal y Ciencias Forenses de Catalu\u00f1a (IMLCFC), y soy profesor asociado en medicina forense y legal de la UAB. Mi campo de especializaci\u00f3n es la antropolog\u00eda forense. <\/p>\n<\/div><\/div>\n\n\n\n<div class=\"wp-block-buttons alignwide is-content-justification-center is-layout-flex wp-container-core-buttons-is-layout-16018d1d wp-block-buttons-is-layout-flex\">\n<div class=\"wp-block-button is-style-outline is-style-outline--1\"><a class=\"wp-block-button__link wp-element-button\" href=\"https:\/\/portalrecerca.uab.cat\/en\/persons\/joan-ignasi-galtes-vicente-7\" target=\"_blank\" rel=\"noreferrer noopener\">https:\/\/portalrecerca.uab.cat\/en\/persons\/joan-ignasi-galtes-vicente-7<\/a><\/div>\n<\/div>\n\n\n\n<div class=\"wp-block-group alignfull has-background\" style=\"background-color:#f2f0e9\"><div class=\"wp-block-group__inner-container is-layout-flow wp-block-group-is-layout-flow\">\n<div class=\"wp-block-columns alignwide are-vertically-aligned-center is-layout-flex wp-container-core-columns-is-layout-9d6595d7 wp-block-columns-is-layout-flex\">\n<div class=\"wp-block-column is-layout-flow wp-block-column-is-layout-flow\" style=\"flex-basis:50%\">\n<p class=\"has-text-color\" style=\"color:#000000;font-size:30px;line-height:1.1\"><strong>Principales \u00e1reas de investigaci\u00f3n<\/strong><\/p>\n\n\n\n<p><\/p>\n<\/div>\n<\/div>\n\n\n\n<div class=\"wp-block-columns alignwide is-layout-flex wp-container-core-columns-is-layout-9d6595d7 wp-block-columns-is-layout-flex\">\n<div class=\"wp-block-column is-layout-flow wp-block-column-is-layout-flow\">\n<ul class=\"wp-block-list\">\n<li>Patolog\u00eda forense<\/li>\n\n\n\n<li>Tafonom\u00eda<\/li>\n\n\n\n<li>Lesiones traum\u00e1ticas en hueso humano: traumatismo contundente, traumatismo por arma blanca y por arma de fuego. <\/li>\n<\/ul>\n<\/div>\n<\/div>\n\n\n\n<div style=\"height:40px\" aria-hidden=\"true\" class=\"wp-block-spacer\"><\/div>\n<\/div><\/div>\n","protected":false},"excerpt":{"rendered":"<p>ORCID iD: 0000-0002-5758-2668 Licenciado en Medicina y Cirug\u00eda en 1996, soy m\u00e9dico forense desde 1999 (cuerpo de m\u00e9dicos forenses, Ministerio de Justicia). En 2008 obtuve el Doctorado en Antropolog\u00eda Biol\u00f3gica por la Universidad Aut\u00f3noma de Barcelona (UAB), con la tesis \u201cEstudio morfofuncional del radio humano: morfog\u00e9nesis, biomec\u00e1nica y evoluci\u00f3n\u201d, dirigido por la Dra. Assumpci\u00f3 Malgosa [&hellip;]<\/p>\n","protected":false},"author":2921,"featured_media":0,"parent":0,"menu_order":0,"comment_status":"closed","ping_status":"closed","template":"","meta":{"footnotes":""},"class_list":["post-1043","page","type-page","status-publish","hentry"],"_links":{"self":[{"href":"https:\/\/webs.uab.cat\/greab\/es\/wp-json\/wp\/v2\/pages\/1043","targetHints":{"allow":["GET"]}}],"collection":[{"href":"https:\/\/webs.uab.cat\/greab\/es\/wp-json\/wp\/v2\/pages"}],"about":[{"href":"https:\/\/webs.uab.cat\/greab\/es\/wp-json\/wp\/v2\/types\/page"}],"author":[{"embeddable":true,"href":"https:\/\/webs.uab.cat\/greab\/es\/wp-json\/wp\/v2\/users\/2921"}],"replies":[{"embeddable":true,"href":"https:\/\/webs.uab.cat\/greab\/es\/wp-json\/wp\/v2\/comments?post=1043"}],"version-history":[{"count":7,"href":"https:\/\/webs.uab.cat\/greab\/es\/wp-json\/wp\/v2\/pages\/1043\/revisions"}],"predecessor-version":[{"id":2020,"href":"https:\/\/webs.uab.cat\/greab\/es\/wp-json\/wp\/v2\/pages\/1043\/revisions\/2020"}],"wp:attachment":[{"href":"https:\/\/webs.uab.cat\/greab\/es\/wp-json\/wp\/v2\/media?parent=1043"}],"curies":[{"name":"wp","href":"https:\/\/api.w.org\/{rel}","templated":true}]}}

Ignasi Galtés Vicente

<div class="wp-block-media-text alignwide is-stacked-on-mobile" style="grid-template-columns:26% auto"><figure class="wp-block-media-text__media"><img loading="lazy" decoding="async" width="1024" height="1024" src="https://webs.uab.cat/greab/wp-content/uploads/sites/182/2024/07/fotos-57-1024x1024.png" alt="" class="wp-image-2016 size-full" srcset="https://webs.uab.cat/greab/wp-content/uploads/sites/182/2024/07/fotos-57-1024x1024.png 1024w, https://webs.uab.cat/greab/wp-content/uploads/sites/182/2024/07/fotos-57-300x300.png 300w, https://webs.uab.cat/greab/wp-content/uploads/sites/182/2024/07/fotos-57-150x150.png 150w, https://webs.uab.cat/greab/wp-content/uploads/sites/182/2024/07/fotos-57-768x768.png 768w, https://webs.uab.cat/greab/wp-content/uploads/sites/182/2024/07/fotos-57-1536x1536.png 1536w, https://webs.uab.cat/greab/wp-content/uploads/sites/182/2024/07/fotos-57-1200x1200.png 1200w, https://webs.uab.cat/greab/wp-content/uploads/sites/182/2024/07/fotos-57-1980x1980.png 1980w, https://webs.uab.cat/greab/wp-content/uploads/sites/182/2024/07/fotos-57.png 2000w" sizes="auto, (max-width: 1024px) 100vw, 1024px" /></figure><div class="wp-block-media-text__content">
<p><strong><a href="https://orcid.org/0000-0002-5758-2668" target="_blank" rel="noreferrer noopener">ORCID iD: 0000-0002-5758-2668</a></strong></p>



<p>Licenciado en Medicina y Cirugía en 1996, soy médico forense desde 1999 (cuerpo de médicos forenses, Ministerio de Justicia). En 2008 obtuve el Doctorado en Antropología Biológica por la Universidad Autónoma de Barcelona (UAB), con la tesis “Estudio morfofuncional del radio humano: morfogénesis, biomecánica y evolución”, dirigido por la Dra. Assumpció Malgosa y el Dr. Joan Manyosa. Actualmente trabajo en el Instituto de Medicina Legal y Ciencias Forenses de Cataluña (IMLCFC), y soy profesor asociado en medicina forense y legal de la UAB. Mi campo de especialización es la antropología forense. </p>
</div></div>



<div class="wp-block-buttons alignwide is-content-justification-center is-layout-flex wp-container-core-buttons-is-layout-16018d1d wp-block-buttons-is-layout-flex">
<div class="wp-block-button is-style-outline is-style-outline--1"><a class="wp-block-button__link wp-element-button" href="https://portalrecerca.uab.cat/en/persons/joan-ignasi-galtes-vicente-7" target="_blank" rel="noreferrer noopener">https://portalrecerca.uab.cat/en/persons/joan-ignasi-galtes-vicente-7</a></div>
</div>



<div class="wp-block-group alignfull has-background" style="background-color:#f2f0e9"><div class="wp-block-group__inner-container is-layout-flow wp-block-group-is-layout-flow">
<div class="wp-block-columns alignwide are-vertically-aligned-center is-layout-flex wp-container-core-columns-is-layout-9d6595d7 wp-block-columns-is-layout-flex">
<div class="wp-block-column is-layout-flow wp-block-column-is-layout-flow" style="flex-basis:50%">
<p class="has-text-color" style="color:#000000;font-size:30px;line-height:1.1"><strong>Principales áreas de investigación</strong></p>



<p></p>
</div>
</div>



<div class="wp-block-columns alignwide is-layout-flex wp-container-core-columns-is-layout-9d6595d7 wp-block-columns-is-layout-flex">
<div class="wp-block-column is-layout-flow wp-block-column-is-layout-flow">
<ul class="wp-block-list">
<li>Patología forense</li>



<li>Tafonomía</li>



<li>Lesiones traumáticas en hueso humano: traumatismo contundente, traumatismo por arma blanca y por arma de fuego. </li>
</ul>
</div>
</div>



<div style="height:40px" aria-hidden="true" class="wp-block-spacer"></div>
</div></div>

<p>ORCID iD: 0000-0002-5758-2668 Licenciado en Medicina y Cirugía en 1996, soy médico forense desde 1999 (cuerpo de médicos forenses, Ministerio de Justicia). En 2008 obtuve el Doctorado en Antropología Biológica por la Universidad Autónoma de Barcelona (UAB), con la tesis “Estudio morfofuncional del radio humano: morfogénesis, biomecánica y evolución”, dirigido por la Dra. Assumpció Malgosa [&hellip;]</p>
