{"id":1049,"date":"2024-06-18T12:35:21","date_gmt":"2024-06-18T12:35:21","guid":{"rendered":"https:\/\/webs.uab.cat\/greab\/maria-molina-moreno-2\/"},"modified":"2024-07-19T08:16:52","modified_gmt":"2024-07-19T08:16:52","slug":"maria-molina-moreno-2","status":"publish","type":"page","link":"https:\/\/webs.uab.cat\/greab\/es\/maria-molina-moreno-2\/","title":{"rendered":"Maria Molina Moreno"},"content":{"rendered":"\n<div class=\"wp-block-media-text alignwide is-stacked-on-mobile\" style=\"grid-template-columns:25% auto\"><figure class=\"wp-block-media-text__media\"><img loading=\"lazy\" decoding=\"async\" width=\"1024\" height=\"1024\" src=\"https:\/\/webs.uab.cat\/greab\/wp-content\/uploads\/sites\/182\/2024\/06\/fotos-17-1024x1024.png\" alt=\"\" class=\"wp-image-817 size-full\" srcset=\"https:\/\/webs.uab.cat\/greab\/wp-content\/uploads\/sites\/182\/2024\/06\/fotos-17-1024x1024.png 1024w, https:\/\/webs.uab.cat\/greab\/wp-content\/uploads\/sites\/182\/2024\/06\/fotos-17-300x300.png 300w, https:\/\/webs.uab.cat\/greab\/wp-content\/uploads\/sites\/182\/2024\/06\/fotos-17-150x150.png 150w, https:\/\/webs.uab.cat\/greab\/wp-content\/uploads\/sites\/182\/2024\/06\/fotos-17-768x768.png 768w, https:\/\/webs.uab.cat\/greab\/wp-content\/uploads\/sites\/182\/2024\/06\/fotos-17-1536x1536.png 1536w, https:\/\/webs.uab.cat\/greab\/wp-content\/uploads\/sites\/182\/2024\/06\/fotos-17-1200x1200.png 1200w, https:\/\/webs.uab.cat\/greab\/wp-content\/uploads\/sites\/182\/2024\/06\/fotos-17-1980x1980.png 1980w, https:\/\/webs.uab.cat\/greab\/wp-content\/uploads\/sites\/182\/2024\/06\/fotos-17.png 2000w\" sizes=\"auto, (max-width: 1024px) 100vw, 1024px\" \/><\/figure><div class=\"wp-block-media-text__content\">\n<p><a href=\"https:\/\/orcid.org\/0000-0001-9914-2567\" target=\"_blank\" rel=\"noreferrer noopener\"><strong>ORCID iD: 0000-0001-9914-2567<\/strong><\/a><\/p>\n\n\n\n<p>Como investigadora postdoctoral Juan de la Cierva en el GREAB, me dedico tanto a la investigaci\u00f3n como a la docencia en el \u00e1rea de la antropolog\u00eda biol\u00f3gica y forense. Mi trayectoria investigadora se ha centrado en los estudios de las primeras etapas de vida en poblaciones arqueol\u00f3gicas de distintos contextos de la Pen\u00ednsula Ib\u00e9rica y el Mediterr\u00e1neo, desde la Edad de Bronce hasta la \u00e9poca medieval. Especialmente dirigidos a explorar la microanatom\u00eda del hueso en la etapa perinatal, mis trabajos tienen un enfoque multidisciplinar, en el que confluyen la antropolog\u00eda f\u00edsica, la paleohistolog\u00eda y la histotafonom\u00eda de restos \u00f3seos humanos procedentes de inhumaciones y cremaciones.<\/p>\n<\/div><\/div>\n\n\n\n<div class=\"wp-block-buttons is-layout-flex wp-block-buttons-is-layout-flex\">\n<div class=\"wp-block-button is-style-outline is-style-outline--1\"><a class=\"wp-block-button__link has-text-align-center wp-element-button\" href=\"https:\/\/portalrecerca.uab.cat\/en\/persons\/maria-molina-moreno\" target=\"_blank\" rel=\"noreferrer noopener\">https:\/\/portalrecerca.uab.cat\/en\/persons\/maria-molina-moreno<\/a><\/div>\n<\/div>\n\n\n\n<div class=\"wp-block-group alignfull has-background\" style=\"background-color:#f2f0e9\"><div class=\"wp-block-group__inner-container is-layout-flow wp-block-group-is-layout-flow\">\n<div class=\"wp-block-columns alignwide are-vertically-aligned-center is-layout-flex wp-container-core-columns-is-layout-9d6595d7 wp-block-columns-is-layout-flex\">\n<div class=\"wp-block-column is-layout-flow wp-block-column-is-layout-flow\" style=\"flex-basis:50%\">\n<p class=\"has-text-color\" style=\"color:#000000;font-size:30px;line-height:1.1\"><strong>Principales \u00e1reas de investigaci\u00f3n<\/strong><\/p>\n\n\n\n<p><\/p>\n<\/div>\n\n\n\n<div class=\"wp-block-column is-layout-flow wp-block-column-is-layout-flow\" style=\"flex-basis:50%\"><\/div>\n<\/div>\n\n\n\n<div class=\"wp-block-columns alignwide is-layout-flex wp-container-core-columns-is-layout-9d6595d7 wp-block-columns-is-layout-flex\">\n<div class=\"wp-block-column is-layout-flow wp-block-column-is-layout-flow\">\n<ul class=\"wp-block-list\">\n<li>Arqueobiolog\u00eda<\/li>\n\n\n\n<li>Histotafonom\u00eda<\/li>\n\n\n\n<li>Esqueleto inmaduro<\/li>\n<\/ul>\n<\/div>\n<\/div>\n<\/div><\/div>\n","protected":false},"excerpt":{"rendered":"<p>ORCID iD: 0000-0001-9914-2567 Como investigadora postdoctoral Juan de la Cierva en el GREAB, me dedico tanto a la investigaci\u00f3n como a la docencia en el \u00e1rea de la antropolog\u00eda biol\u00f3gica y forense. Mi trayectoria investigadora se ha centrado en los estudios de las primeras etapas de vida en poblaciones arqueol\u00f3gicas de distintos contextos de la [&hellip;]<\/p>\n","protected":false},"author":2921,"featured_media":0,"parent":0,"menu_order":0,"comment_status":"closed","ping_status":"closed","template":"","meta":{"footnotes":""},"class_list":["post-1049","page","type-page","status-publish","hentry"],"_links":{"self":[{"href":"https:\/\/webs.uab.cat\/greab\/es\/wp-json\/wp\/v2\/pages\/1049","targetHints":{"allow":["GET"]}}],"collection":[{"href":"https:\/\/webs.uab.cat\/greab\/es\/wp-json\/wp\/v2\/pages"}],"about":[{"href":"https:\/\/webs.uab.cat\/greab\/es\/wp-json\/wp\/v2\/types\/page"}],"author":[{"embeddable":true,"href":"https:\/\/webs.uab.cat\/greab\/es\/wp-json\/wp\/v2\/users\/2921"}],"replies":[{"embeddable":true,"href":"https:\/\/webs.uab.cat\/greab\/es\/wp-json\/wp\/v2\/comments?post=1049"}],"version-history":[{"count":3,"href":"https:\/\/webs.uab.cat\/greab\/es\/wp-json\/wp\/v2\/pages\/1049\/revisions"}],"predecessor-version":[{"id":1985,"href":"https:\/\/webs.uab.cat\/greab\/es\/wp-json\/wp\/v2\/pages\/1049\/revisions\/1985"}],"wp:attachment":[{"href":"https:\/\/webs.uab.cat\/greab\/es\/wp-json\/wp\/v2\/media?parent=1049"}],"curies":[{"name":"wp","href":"https:\/\/api.w.org\/{rel}","templated":true}]}}

<div class="wp-block-media-text alignwide is-stacked-on-mobile" style="grid-template-columns:25% auto"><figure class="wp-block-media-text__media"><img loading="lazy" decoding="async" width="1024" height="1024" src="https://webs.uab.cat/greab/wp-content/uploads/sites/182/2024/06/fotos-17-1024x1024.png" alt="" class="wp-image-817 size-full" srcset="https://webs.uab.cat/greab/wp-content/uploads/sites/182/2024/06/fotos-17-1024x1024.png 1024w, https://webs.uab.cat/greab/wp-content/uploads/sites/182/2024/06/fotos-17-300x300.png 300w, https://webs.uab.cat/greab/wp-content/uploads/sites/182/2024/06/fotos-17-150x150.png 150w, https://webs.uab.cat/greab/wp-content/uploads/sites/182/2024/06/fotos-17-768x768.png 768w, https://webs.uab.cat/greab/wp-content/uploads/sites/182/2024/06/fotos-17-1536x1536.png 1536w, https://webs.uab.cat/greab/wp-content/uploads/sites/182/2024/06/fotos-17-1200x1200.png 1200w, https://webs.uab.cat/greab/wp-content/uploads/sites/182/2024/06/fotos-17-1980x1980.png 1980w, https://webs.uab.cat/greab/wp-content/uploads/sites/182/2024/06/fotos-17.png 2000w" sizes="auto, (max-width: 1024px) 100vw, 1024px" /></figure><div class="wp-block-media-text__content">
<p><a href="https://orcid.org/0000-0001-9914-2567" target="_blank" rel="noreferrer noopener"><strong>ORCID iD: 0000-0001-9914-2567</strong></a></p>



<p>Como investigadora postdoctoral Juan de la Cierva en el GREAB, me dedico tanto a la investigación como a la docencia en el área de la antropología biológica y forense. Mi trayectoria investigadora se ha centrado en los estudios de las primeras etapas de vida en poblaciones arqueológicas de distintos contextos de la Península Ibérica y el Mediterráneo, desde la Edad de Bronce hasta la época medieval. Especialmente dirigidos a explorar la microanatomía del hueso en la etapa perinatal, mis trabajos tienen un enfoque multidisciplinar, en el que confluyen la antropología física, la paleohistología y la histotafonomía de restos óseos humanos procedentes de inhumaciones y cremaciones.</p>
</div></div>



<div class="wp-block-buttons is-layout-flex wp-block-buttons-is-layout-flex">
<div class="wp-block-button is-style-outline is-style-outline--1"><a class="wp-block-button__link has-text-align-center wp-element-button" href="https://portalrecerca.uab.cat/en/persons/maria-molina-moreno" target="_blank" rel="noreferrer noopener">https://portalrecerca.uab.cat/en/persons/maria-molina-moreno</a></div>
</div>



<div class="wp-block-group alignfull has-background" style="background-color:#f2f0e9"><div class="wp-block-group__inner-container is-layout-flow wp-block-group-is-layout-flow">
<div class="wp-block-columns alignwide are-vertically-aligned-center is-layout-flex wp-container-core-columns-is-layout-9d6595d7 wp-block-columns-is-layout-flex">
<div class="wp-block-column is-layout-flow wp-block-column-is-layout-flow" style="flex-basis:50%">
<p class="has-text-color" style="color:#000000;font-size:30px;line-height:1.1"><strong>Principales áreas de investigación</strong></p>



<p></p>
</div>



<div class="wp-block-column is-layout-flow wp-block-column-is-layout-flow" style="flex-basis:50%"></div>
</div>



<div class="wp-block-columns alignwide is-layout-flex wp-container-core-columns-is-layout-9d6595d7 wp-block-columns-is-layout-flex">
<div class="wp-block-column is-layout-flow wp-block-column-is-layout-flow">
<ul class="wp-block-list">
<li>Arqueobiología</li>



<li>Histotafonomía</li>



<li>Esqueleto inmaduro</li>
</ul>
</div>
</div>
</div></div>

<p>ORCID iD: 0000-0001-9914-2567 Como investigadora postdoctoral Juan de la Cierva en el GREAB, me dedico tanto a la investigación como a la docencia en el área de la antropología biológica y forense. Mi trayectoria investigadora se ha centrado en los estudios de las primeras etapas de vida en poblaciones arqueológicas de distintos contextos de la [&hellip;]</p>
