{"id":1321,"date":"2024-07-01T13:28:10","date_gmt":"2024-07-01T13:28:10","guid":{"rendered":"https:\/\/webs.uab.cat\/greab\/albert-isidro-llorens\/"},"modified":"2024-07-01T13:30:48","modified_gmt":"2024-07-01T13:30:48","slug":"albert-isidro-llorens","status":"publish","type":"page","link":"https:\/\/webs.uab.cat\/greab\/es\/albert-isidro-llorens\/","title":{"rendered":"Albert Isidro Llorens"},"content":{"rendered":"\n<div class=\"wp-block-media-text alignwide is-stacked-on-mobile\" style=\"grid-template-columns:26% auto\"><figure class=\"wp-block-media-text__media\"><img loading=\"lazy\" decoding=\"async\" width=\"1024\" height=\"1024\" src=\"https:\/\/webs.uab.cat\/greab\/wp-content\/uploads\/sites\/182\/2024\/07\/fotos-29-1024x1024.png\" alt=\"\" class=\"wp-image-1318 size-full\" srcset=\"https:\/\/webs.uab.cat\/greab\/wp-content\/uploads\/sites\/182\/2024\/07\/fotos-29-1024x1024.png 1024w, https:\/\/webs.uab.cat\/greab\/wp-content\/uploads\/sites\/182\/2024\/07\/fotos-29-300x300.png 300w, https:\/\/webs.uab.cat\/greab\/wp-content\/uploads\/sites\/182\/2024\/07\/fotos-29-150x150.png 150w, https:\/\/webs.uab.cat\/greab\/wp-content\/uploads\/sites\/182\/2024\/07\/fotos-29-768x768.png 768w, https:\/\/webs.uab.cat\/greab\/wp-content\/uploads\/sites\/182\/2024\/07\/fotos-29-1536x1536.png 1536w, https:\/\/webs.uab.cat\/greab\/wp-content\/uploads\/sites\/182\/2024\/07\/fotos-29-1200x1200.png 1200w, https:\/\/webs.uab.cat\/greab\/wp-content\/uploads\/sites\/182\/2024\/07\/fotos-29-1980x1980.png 1980w, https:\/\/webs.uab.cat\/greab\/wp-content\/uploads\/sites\/182\/2024\/07\/fotos-29.png 2000w\" sizes=\"auto, (max-width: 1024px) 100vw, 1024px\" \/><\/figure><div class=\"wp-block-media-text__content\">\n<p><strong><strong><a href=\"https:\/\/orcid.org\/0000-0001-8784-2945\" target=\"_blank\" rel=\"noreferrer noopener\">ORCID iD: 0000-0001-8784-2945<\/a><\/strong><\/strong><\/p>\n\n\n\n<p>Soy consultor s\u00e9nior del Servicio de Cirug\u00eda Ortop\u00e9dica y Traumatolog\u00eda del Hospital Universitario Sagrat Cor de Barcelona, \u200b\u200bTutor de Residentes MIR (acreditaci\u00f3n externa) y Profesor Asociado del Departamento de Cirug\u00eda de la Facultad de Medicina de la UB (acreditaci\u00f3n como Profesor Lector en Ciencias de la Salud). Aunque mi labor docente est\u00e1 centralizada en la ense\u00f1anza de la Cirug\u00eda Ortop\u00e9dica y Traumatolog\u00eda, tanto para estudiantes de pregrado como para residentes de COT, mi labor investigadora est\u00e1 en el campo de la Paleopatolog\u00eda. Desde los a\u00f1os 90 he estado colaborando de forma peri\u00f3dica con la Unidad de Antropolog\u00eda Biol\u00f3gica de la Universidad Aut\u00f3noma de Barcelona y el Museo Egipcio de Barcelona.<\/p>\n<\/div><\/div>\n\n<div class=\"wp-block-group alignfull has-background\" style=\"background-color:#f2f0e9\"><div class=\"wp-block-group__inner-container is-layout-flow wp-block-group-is-layout-flow\">\n<div class=\"wp-block-columns alignwide are-vertically-aligned-center is-layout-flex wp-container-core-columns-is-layout-9d6595d7 wp-block-columns-is-layout-flex\">\n<div class=\"wp-block-column is-layout-flow wp-block-column-is-layout-flow\" style=\"flex-basis:50%\">\n<p class=\"has-text-color\" style=\"color:#000000;font-size:30px;line-height:1.1\"><strong>Principales \u00e1reas de investigaci\u00f3n<\/strong><\/p>\n\n\n\n<p><\/p>\n<\/div>\n\n\n\n<div class=\"wp-block-column is-layout-flow wp-block-column-is-layout-flow\" style=\"flex-basis:50%\"><\/div>\n<\/div>\n\n\n\n<div class=\"wp-block-columns alignwide is-layout-flex wp-container-core-columns-is-layout-9d6595d7 wp-block-columns-is-layout-flex\">\n<div class=\"wp-block-column is-layout-flow wp-block-column-is-layout-flow\">\n<ul class=\"wp-block-list\">\n<li>Paleopatolog\u00eda.<\/li>\n\n\n\n<li>Evoluci\u00f3n del c\u00e1ncer a partir de restos antiguos.<\/li>\n\n\n\n<li>Tumores \u00f3seos y de tejidos blandos: diagn\u00f3stico precoz, radiolog\u00eda especial y tratamiento quir\u00fargico.<\/li>\n<\/ul>\n<\/div>\n<\/div>\n\n\n\n<div style=\"height:40px\" aria-hidden=\"true\" class=\"wp-block-spacer\"><\/div>\n<\/div><\/div>\n","protected":false},"excerpt":{"rendered":"<p>ORCID iD: 0000-0001-8784-2945 Soy consultor s\u00e9nior del Servicio de Cirug\u00eda Ortop\u00e9dica y Traumatolog\u00eda del Hospital Universitario Sagrat Cor de Barcelona, \u200b\u200bTutor de Residentes MIR (acreditaci\u00f3n externa) y Profesor Asociado del Departamento de Cirug\u00eda de la Facultad de Medicina de la UB (acreditaci\u00f3n como Profesor Lector en Ciencias de la Salud). Aunque mi labor docente est\u00e1 [&hellip;]<\/p>\n","protected":false},"author":2921,"featured_media":0,"parent":0,"menu_order":0,"comment_status":"closed","ping_status":"closed","template":"","meta":{"footnotes":""},"class_list":["post-1321","page","type-page","status-publish","hentry"],"_links":{"self":[{"href":"https:\/\/webs.uab.cat\/greab\/es\/wp-json\/wp\/v2\/pages\/1321","targetHints":{"allow":["GET"]}}],"collection":[{"href":"https:\/\/webs.uab.cat\/greab\/es\/wp-json\/wp\/v2\/pages"}],"about":[{"href":"https:\/\/webs.uab.cat\/greab\/es\/wp-json\/wp\/v2\/types\/page"}],"author":[{"embeddable":true,"href":"https:\/\/webs.uab.cat\/greab\/es\/wp-json\/wp\/v2\/users\/2921"}],"replies":[{"embeddable":true,"href":"https:\/\/webs.uab.cat\/greab\/es\/wp-json\/wp\/v2\/comments?post=1321"}],"version-history":[{"count":3,"href":"https:\/\/webs.uab.cat\/greab\/es\/wp-json\/wp\/v2\/pages\/1321\/revisions"}],"predecessor-version":[{"id":1324,"href":"https:\/\/webs.uab.cat\/greab\/es\/wp-json\/wp\/v2\/pages\/1321\/revisions\/1324"}],"wp:attachment":[{"href":"https:\/\/webs.uab.cat\/greab\/es\/wp-json\/wp\/v2\/media?parent=1321"}],"curies":[{"name":"wp","href":"https:\/\/api.w.org\/{rel}","templated":true}]}}

<div class="wp-block-media-text alignwide is-stacked-on-mobile" style="grid-template-columns:26% auto"><figure class="wp-block-media-text__media"><img loading="lazy" decoding="async" width="1024" height="1024" src="https://webs.uab.cat/greab/wp-content/uploads/sites/182/2024/07/fotos-29-1024x1024.png" alt="" class="wp-image-1318 size-full" srcset="https://webs.uab.cat/greab/wp-content/uploads/sites/182/2024/07/fotos-29-1024x1024.png 1024w, https://webs.uab.cat/greab/wp-content/uploads/sites/182/2024/07/fotos-29-300x300.png 300w, https://webs.uab.cat/greab/wp-content/uploads/sites/182/2024/07/fotos-29-150x150.png 150w, https://webs.uab.cat/greab/wp-content/uploads/sites/182/2024/07/fotos-29-768x768.png 768w, https://webs.uab.cat/greab/wp-content/uploads/sites/182/2024/07/fotos-29-1536x1536.png 1536w, https://webs.uab.cat/greab/wp-content/uploads/sites/182/2024/07/fotos-29-1200x1200.png 1200w, https://webs.uab.cat/greab/wp-content/uploads/sites/182/2024/07/fotos-29-1980x1980.png 1980w, https://webs.uab.cat/greab/wp-content/uploads/sites/182/2024/07/fotos-29.png 2000w" sizes="auto, (max-width: 1024px) 100vw, 1024px" /></figure><div class="wp-block-media-text__content">
<p><strong><strong><a href="https://orcid.org/0000-0001-8784-2945" target="_blank" rel="noreferrer noopener">ORCID iD: 0000-0001-8784-2945</a></strong></strong></p>



<p>Soy consultor sénior del Servicio de Cirugía Ortopédica y Traumatología del Hospital Universitario Sagrat Cor de Barcelona, ​​Tutor de Residentes MIR (acreditación externa) y Profesor Asociado del Departamento de Cirugía de la Facultad de Medicina de la UB (acreditación como Profesor Lector en Ciencias de la Salud). Aunque mi labor docente está centralizada en la enseñanza de la Cirugía Ortopédica y Traumatología, tanto para estudiantes de pregrado como para residentes de COT, mi labor investigadora está en el campo de la Paleopatología. Desde los años 90 he estado colaborando de forma periódica con la Unidad de Antropología Biológica de la Universidad Autónoma de Barcelona y el Museo Egipcio de Barcelona.</p>
</div></div>

<div class="wp-block-group alignfull has-background" style="background-color:#f2f0e9"><div class="wp-block-group__inner-container is-layout-flow wp-block-group-is-layout-flow">
<div class="wp-block-columns alignwide are-vertically-aligned-center is-layout-flex wp-container-core-columns-is-layout-9d6595d7 wp-block-columns-is-layout-flex">
<div class="wp-block-column is-layout-flow wp-block-column-is-layout-flow" style="flex-basis:50%">
<p class="has-text-color" style="color:#000000;font-size:30px;line-height:1.1"><strong>Principales áreas de investigación</strong></p>



<p></p>
</div>



<div class="wp-block-column is-layout-flow wp-block-column-is-layout-flow" style="flex-basis:50%"></div>
</div>



<div class="wp-block-columns alignwide is-layout-flex wp-container-core-columns-is-layout-9d6595d7 wp-block-columns-is-layout-flex">
<div class="wp-block-column is-layout-flow wp-block-column-is-layout-flow">
<ul class="wp-block-list">
<li>Paleopatología.</li>



<li>Evolución del cáncer a partir de restos antiguos.</li>



<li>Tumores óseos y de tejidos blandos: diagnóstico precoz, radiología especial y tratamiento quirúrgico.</li>
</ul>
</div>
</div>



<div style="height:40px" aria-hidden="true" class="wp-block-spacer"></div>
</div></div>

<p>ORCID iD: 0000-0001-8784-2945 Soy consultor sénior del Servicio de Cirugía Ortopédica y Traumatología del Hospital Universitario Sagrat Cor de Barcelona, ​​Tutor de Residentes MIR (acreditación externa) y Profesor Asociado del Departamento de Cirugía de la Facultad de Medicina de la UB (acreditación como Profesor Lector en Ciencias de la Salud). Aunque mi labor docente está [&hellip;]</p>
