{"id":1232,"date":"2024-06-27T13:59:41","date_gmt":"2024-06-27T13:59:41","guid":{"rendered":"https:\/\/webs.uab.cat\/greab\/maria-magdalena-gaya-vidal\/"},"modified":"2024-07-02T17:31:30","modified_gmt":"2024-07-02T17:31:30","slug":"maria-magdalena-gaya-vidal","status":"publish","type":"page","link":"https:\/\/webs.uab.cat\/greab\/maria-magdalena-gaya-vidal\/","title":{"rendered":"Maria Magdalena Gay\u00e0 Vidal"},"content":{"rendered":"\n<div class=\"wp-block-media-text alignwide is-stacked-on-mobile\" style=\"grid-template-columns:28% auto\"><figure class=\"wp-block-media-text__media\"><img loading=\"lazy\" decoding=\"async\" width=\"1024\" height=\"1024\" src=\"https:\/\/webs.uab.cat\/greab\/wp-content\/uploads\/sites\/182\/2024\/06\/fotos-26-1-1024x1024.png\" alt=\"\" class=\"wp-image-1158 size-full\" srcset=\"https:\/\/webs.uab.cat\/greab\/wp-content\/uploads\/sites\/182\/2024\/06\/fotos-26-1-1024x1024.png 1024w, https:\/\/webs.uab.cat\/greab\/wp-content\/uploads\/sites\/182\/2024\/06\/fotos-26-1-300x300.png 300w, https:\/\/webs.uab.cat\/greab\/wp-content\/uploads\/sites\/182\/2024\/06\/fotos-26-1-150x150.png 150w, https:\/\/webs.uab.cat\/greab\/wp-content\/uploads\/sites\/182\/2024\/06\/fotos-26-1-768x768.png 768w, https:\/\/webs.uab.cat\/greab\/wp-content\/uploads\/sites\/182\/2024\/06\/fotos-26-1-1536x1536.png 1536w, https:\/\/webs.uab.cat\/greab\/wp-content\/uploads\/sites\/182\/2024\/06\/fotos-26-1-1200x1200.png 1200w, https:\/\/webs.uab.cat\/greab\/wp-content\/uploads\/sites\/182\/2024\/06\/fotos-26-1-1980x1980.png 1980w, https:\/\/webs.uab.cat\/greab\/wp-content\/uploads\/sites\/182\/2024\/06\/fotos-26-1.png 2000w\" sizes=\"auto, (max-width: 1024px) 100vw, 1024px\" \/><\/figure><div class=\"wp-block-media-text__content\">\n<p><strong><a href=\"https:\/\/orcid.org\/0000-0002-7042-8948\" target=\"_blank\" rel=\"noreferrer noopener\">ORCID iD: 0000-0002-7042-8948<\/a><\/strong><\/p>\n\n\n\n<p>I have a degree in Biology from the University of Barcelona (2005) and a Master&#8217;s Degree in Biological Anthropology (Univ. Toulouse III). My PhD focused on the study of two Native American populations in Bolivia. Afterwards, I did a Master&#8217;s Degree in Bioinformatics, where I searched for signatures of positive selection in the human lineage in the Evolutionary Genomics Group of the IMIM (PRBB, Barcelona). I conducted a postdoctorate at the IBB-Universitat Aut\u00f2noma de Barcelona (2012-2014), working on a project focused on human polymorphic investments. I joined the group of human evolutionary genetics (HUMEVOL) of CIBIO, in Porto, Portugal (2014-2024), to study populations from different African regions (Angola, Mozambique, S\u00e3o Tom\u00e9 and Pr\u00edncipe), addressing questions about the population history of these regions, as well as analyzing the oral microbiome.<\/p>\n\n\n\n<p>Since 2024 I have been a lecturer at the Biological Anthropology Unit UAB. My research focuses on studying different aspects of human genetic variability. I am particularly interested in reconstructing the history of populations and investigating how they have adapted to new environments to understand what factors influence the oral microbiome.<\/p>\n\n\n\n<div class=\"wp-block-buttons is-layout-flex wp-block-buttons-is-layout-flex\">\n<div class=\"wp-block-button is-style-outline is-style-outline--1\"><a class=\"wp-block-button__link wp-element-button\" href=\"https:\/\/portalrecerca.uab.cat\/es\/persons\/maria-magdalena-gaya-vidal\" target=\"_blank\" rel=\"noreferrer noopener\">https:\/\/portalrecerca.uab.cat\/es\/persons\/maria-magdalena-gaya-vidal<\/a><\/div>\n<\/div>\n<\/div><\/div>\n\n<div class=\"wp-block-group alignfull has-background\" style=\"background-color:#f2f0e9\"><div class=\"wp-block-group__inner-container is-layout-flow wp-block-group-is-layout-flow\">\n<div class=\"wp-block-columns alignwide are-vertically-aligned-center is-layout-flex wp-container-core-columns-is-layout-9d6595d7 wp-block-columns-is-layout-flex\">\n<div class=\"wp-block-column is-layout-flow wp-block-column-is-layout-flow\" style=\"flex-basis:50%\">\n<p class=\"has-text-color\" style=\"color:#000000;font-size:30px;line-height:1.1\"><strong>Main areas of research<\/strong><\/p>\n\n\n\n<p><\/p>\n<\/div>\n\n\n\n<div class=\"wp-block-column is-layout-flow wp-block-column-is-layout-flow\" style=\"flex-basis:50%\"><\/div>\n<\/div>\n\n\n\n<div class=\"wp-block-columns alignwide is-layout-flex wp-container-core-columns-is-layout-9d6595d7 wp-block-columns-is-layout-flex\">\n<div class=\"wp-block-column is-layout-flow wp-block-column-is-layout-flow\">\n<ul class=\"wp-block-list\">\n<li>Human population genomics <\/li>\n\n\n\n<li>Study of the human microbiome <\/li>\n<\/ul>\n<\/div>\n<\/div>\n\n\n\n<div style=\"height:40px\" aria-hidden=\"true\" class=\"wp-block-spacer\"><\/div>\n<\/div><\/div>\n","protected":false},"excerpt":{"rendered":"<p>Main areas of research<\/p>\n","protected":false},"author":2921,"featured_media":0,"parent":0,"menu_order":0,"comment_status":"closed","ping_status":"closed","template":"","meta":{"footnotes":""},"class_list":["post-1232","page","type-page","status-publish","hentry"],"_links":{"self":[{"href":"https:\/\/webs.uab.cat\/greab\/wp-json\/wp\/v2\/pages\/1232","targetHints":{"allow":["GET"]}}],"collection":[{"href":"https:\/\/webs.uab.cat\/greab\/wp-json\/wp\/v2\/pages"}],"about":[{"href":"https:\/\/webs.uab.cat\/greab\/wp-json\/wp\/v2\/types\/page"}],"author":[{"embeddable":true,"href":"https:\/\/webs.uab.cat\/greab\/wp-json\/wp\/v2\/users\/2921"}],"replies":[{"embeddable":true,"href":"https:\/\/webs.uab.cat\/greab\/wp-json\/wp\/v2\/comments?post=1232"}],"version-history":[{"count":11,"href":"https:\/\/webs.uab.cat\/greab\/wp-json\/wp\/v2\/pages\/1232\/revisions"}],"predecessor-version":[{"id":1444,"href":"https:\/\/webs.uab.cat\/greab\/wp-json\/wp\/v2\/pages\/1232\/revisions\/1444"}],"wp:attachment":[{"href":"https:\/\/webs.uab.cat\/greab\/wp-json\/wp\/v2\/media?parent=1232"}],"curies":[{"name":"wp","href":"https:\/\/api.w.org\/{rel}","templated":true}]}}