{"id":71,"date":"2009-05-25T13:54:57","date_gmt":"2009-05-25T13:54:57","guid":{"rendered":"https:\/\/webs.uab.cat\/greab\/private-funded-projects\/"},"modified":"2025-05-30T14:57:55","modified_gmt":"2025-05-30T14:57:55","slug":"private-funded-projects","status":"publish","type":"page","link":"https:\/\/webs.uab.cat\/greab\/private-funded-projects\/","title":{"rendered":"Private funded projects"},"content":{"rendered":"\n<h2 class=\"wp-block-heading alignwide\">Last 5 years<\/h2>\n\n\n\n<div class=\"wp-block-columns alignwide is-layout-flex wp-container-core-columns-is-layout-9d6595d7 wp-block-columns-is-layout-flex\">\n<div class=\"wp-block-column is-layout-flow wp-block-column-is-layout-flow\">\n<blockquote class=\"wp-block-quote is-layout-flow wp-block-quote-is-layout-flow\">\n<p><strong>Estudio histol\u00f3gico y paleogen\u00f3mico de los perinatales de Camp de Les Lloses<\/strong><\/p>\n<cite>Principal investigator: Cristina Santos and Assumpci\u00f3 Malgosa<br><strong>Funding entity:<\/strong> Fundaci\u00f3n PALARC<br><strong>Period:<\/strong> 2022-2023<\/cite><\/blockquote>\n<\/div>\n\n\n\n<div class=\"wp-block-column is-layout-flow wp-block-column-is-layout-flow\">\n<blockquote class=\"wp-block-quote is-layout-flow wp-block-quote-is-layout-flow\">\n<p><strong><strong><strong>Conjunt Monumental d\u2019Ol\u00e8rdola (Ol\u00e8rdola, Alt Pened\u00e8s, Barcelona, Catalunya)<\/strong><\/strong><\/strong><\/p>\n<cite><strong>Period:<\/strong> 28\/09\/22\u00a0&#8211;\u00a031\/12\/23<br><strong><strong>Funding entity<\/strong>:<\/strong>\u00a0Fundaci\u00f3n Palarq, Paleontolog\u00eda y Arqueolog\u00eda\u00a0<br><strong>Reference:\u00a0<\/strong>Conjunt Monumental d\u2019Ol\u00e8rdola (Ol\u00e8rdola, Alt Pened\u00e8s, Barcelona, Catalunya)<br><strong>Principal investigator:<\/strong> M. Eul\u00e0lia Subir\u00e0<\/cite><\/blockquote>\n<\/div>\n<\/div>\n\n\n\n<div class=\"wp-block-columns alignwide is-layout-flex wp-container-core-columns-is-layout-9d6595d7 wp-block-columns-is-layout-flex\">\n<div class=\"wp-block-column is-layout-flow wp-block-column-is-layout-flow\">\n<blockquote class=\"wp-block-quote is-layout-flow wp-block-quote-is-layout-flow\">\n<p><strong><strong><strong>Conjunto monumental del Castell de Besora y las epidemias de la Edad Media<\/strong><\/strong><\/strong><\/p>\n<cite><strong>Principal investigator:<\/strong>  Cristina Santos<br>Funding entity:\u00a0Fundaci\u00f3n PALARC<br>Period:\u00a02025<\/cite><\/blockquote>\n<\/div>\n<\/div>\n","protected":false},"excerpt":{"rendered":"<p>Last 5 years Estudio histol\u00f3gico y paleogen\u00f3mico de los perinatales de Camp de Les Lloses Conjunt Monumental d\u2019Ol\u00e8rdola (Ol\u00e8rdola, Alt Pened\u00e8s, Barcelona, Catalunya) Conjunto monumental del Castell de Besora y las epidemias de la Edad Media<\/p>\n","protected":false},"author":20,"featured_media":0,"parent":0,"menu_order":0,"comment_status":"closed","ping_status":"closed","template":"","meta":{"footnotes":""},"class_list":["post-71","page","type-page","status-publish","hentry"],"_links":{"self":[{"href":"https:\/\/webs.uab.cat\/greab\/wp-json\/wp\/v2\/pages\/71","targetHints":{"allow":["GET"]}}],"collection":[{"href":"https:\/\/webs.uab.cat\/greab\/wp-json\/wp\/v2\/pages"}],"about":[{"href":"https:\/\/webs.uab.cat\/greab\/wp-json\/wp\/v2\/types\/page"}],"author":[{"embeddable":true,"href":"https:\/\/webs.uab.cat\/greab\/wp-json\/wp\/v2\/users\/20"}],"replies":[{"embeddable":true,"href":"https:\/\/webs.uab.cat\/greab\/wp-json\/wp\/v2\/comments?post=71"}],"version-history":[{"count":5,"href":"https:\/\/webs.uab.cat\/greab\/wp-json\/wp\/v2\/pages\/71\/revisions"}],"predecessor-version":[{"id":2329,"href":"https:\/\/webs.uab.cat\/greab\/wp-json\/wp\/v2\/pages\/71\/revisions\/2329"}],"wp:attachment":[{"href":"https:\/\/webs.uab.cat\/greab\/wp-json\/wp\/v2\/media?parent=71"}],"curies":[{"name":"wp","href":"https:\/\/api.w.org\/{rel}","templated":true}]}}