{"id":225,"date":"2017-12-15T13:34:09","date_gmt":"2017-12-15T13:34:09","guid":{"rendered":"https:\/\/webs.uab.cat\/greal\/julia-lavernia-grau\/"},"modified":"2022-07-26T17:23:07","modified_gmt":"2022-07-26T17:23:07","slug":"julia-lavernia-grau","status":"publish","type":"page","link":"https:\/\/webs.uab.cat\/greal\/julia-lavernia-grau\/","title":{"rendered":"J\u00falia Lav\u00e8rnia Grau"},"content":{"rendered":"<p class=\"rtejustify\"><img loading=\"lazy\" decoding=\"async\" class=\" size-full wp-image-222\" alt=\"julia_lavernia_1.jpg\" src=\"https:\/\/webs.uab.cat\/greal\/wp-content\/uploads\/sites\/69\/2017\/12\/julia_lavernia_1.jpg\" style=\"width:184px; height:184px; float:left\" width=\"184\" height=\"184\" srcset=\"https:\/\/webs.uab.cat\/greal\/wp-content\/uploads\/sites\/69\/2017\/12\/julia_lavernia_1.jpg 184w, https:\/\/webs.uab.cat\/greal\/wp-content\/uploads\/sites\/69\/2017\/12\/julia_lavernia_1-150x150.jpg 150w\" sizes=\"auto, (max-width: 184px) 100vw, 184px\" \/>Professora de Prim\u00e0ria<\/p>\n<p class=\"rtejustify\">Adre\u00e7a electr\u00f2nica: Julia.Lavernia@campus.uab.cat<br \/>\nMestra d\u2019Educaci\u00f3 Musical i Prim\u00e0ria per la Universitat Aut\u00f2noma de Barcelona i estudiant del M\u00e0ster en Did\u00e0ctica de la Llengua i la Literatura de la UAB.<\/p>\n<p class=\"rtejustify\">Ha treballat en diferents centres p\u00fablics com a especialista de m\u00fasica i tutora. Des del 2004 est\u00e0 al c\u00e0rrec d\u2019una aula d\u2019acollida de prim\u00e0ria realitzant l\u2019atenci\u00f3 a l\u2019alumnat nouvingut i l\u2019assessorament al professorat. Ha estat Coordinadora de Llengua i Cohesi\u00f3 Social i ha dut a terme diferents projectes d\u2019innovaci\u00f3 pedag\u00f2gica relacionats amb l\u2019aprenentatge del catal\u00e0 en ambients multiculturals i el guiatge del proc\u00e9s d\u2019integraci\u00f3 de l\u2019alumnat nouvingut a nivell acad\u00e8mic, emocional, i social. Ha realitzat l\u2019adaptaci\u00f3 pedag\u00f2gica i musical de llibres de text d\u2019Educaci\u00f3 Prim\u00e0ria per a diferents editorials; ha coordinat diferents propostes educatives en associacions culturals i en centres d\u2019educaci\u00f3 per a adults relacionades amb l\u2019expressi\u00f3 escrita, els mitjans de comunicaci\u00f3, la salut, l\u2019educaci\u00f3 emocional, el medi ambient i el lleure. Les seves l\u00ednies de recerca estan vinculades a l\u2019adquisici\u00f3 de la compet\u00e8ncia comunicativa en catal\u00e0 i l\u2019\u00fas social de la llengua en l\u2019alumnat a l\u2019escola.<\/p>\n<p>&nbsp;<\/p>\n","protected":false},"excerpt":{"rendered":"<p>Professora de Prim\u00e0ria Adre\u00e7a electr\u00f2nica: Julia.Lavernia@campus.uab.cat Mestra d\u2019Educaci\u00f3 Musical i Prim\u00e0ria per la Universitat Aut\u00f2noma de Barcelona i estudiant del M\u00e0ster en Did\u00e0ctica de la Llengua i la Literatura de la UAB. Ha treballat en diferents centres p\u00fablics com a especialista de m\u00fasica i tutora. Des del 2004 est\u00e0 al c\u00e0rrec d\u2019una aula d\u2019acollida de [&hellip;]<\/p>\n","protected":false},"author":20,"featured_media":0,"parent":0,"menu_order":0,"comment_status":"closed","ping_status":"closed","template":"","meta":{"footnotes":""},"class_list":["post-225","page","type-page","status-publish","hentry"],"_links":{"self":[{"href":"https:\/\/webs.uab.cat\/greal\/wp-json\/wp\/v2\/pages\/225","targetHints":{"allow":["GET"]}}],"collection":[{"href":"https:\/\/webs.uab.cat\/greal\/wp-json\/wp\/v2\/pages"}],"about":[{"href":"https:\/\/webs.uab.cat\/greal\/wp-json\/wp\/v2\/types\/page"}],"author":[{"embeddable":true,"href":"https:\/\/webs.uab.cat\/greal\/wp-json\/wp\/v2\/users\/20"}],"replies":[{"embeddable":true,"href":"https:\/\/webs.uab.cat\/greal\/wp-json\/wp\/v2\/comments?post=225"}],"version-history":[{"count":1,"href":"https:\/\/webs.uab.cat\/greal\/wp-json\/wp\/v2\/pages\/225\/revisions"}],"predecessor-version":[{"id":320,"href":"https:\/\/webs.uab.cat\/greal\/wp-json\/wp\/v2\/pages\/225\/revisions\/320"}],"wp:attachment":[{"href":"https:\/\/webs.uab.cat\/greal\/wp-json\/wp\/v2\/media?parent=225"}],"curies":[{"name":"wp","href":"https:\/\/api.w.org\/{rel}","templated":true}]}}

Júlia Lavèrnia Grau

<p class="rtejustify"><img loading="lazy" decoding="async" class=" size-full wp-image-222" alt="julia_lavernia_1.jpg" src="https://webs.uab.cat/greal/wp-content/uploads/sites/69/2017/12/julia_lavernia_1.jpg" style="width:184px; height:184px; float:left" width="184" height="184" srcset="https://webs.uab.cat/greal/wp-content/uploads/sites/69/2017/12/julia_lavernia_1.jpg 184w, https://webs.uab.cat/greal/wp-content/uploads/sites/69/2017/12/julia_lavernia_1-150x150.jpg 150w" sizes="auto, (max-width: 184px) 100vw, 184px" />Professora de Primària</p>
<p class="rtejustify">Adreça electrònica: Julia.Lavernia@campus.uab.cat<br />
Mestra d’Educació Musical i Primària per la Universitat Autònoma de Barcelona i estudiant del Màster en Didàctica de la Llengua i la Literatura de la UAB.</p>
<p class="rtejustify">Ha treballat en diferents centres públics com a especialista de música i tutora. Des del 2004 està al càrrec d’una aula d’acollida de primària realitzant l’atenció a l’alumnat nouvingut i l’assessorament al professorat. Ha estat Coordinadora de Llengua i Cohesió Social i ha dut a terme diferents projectes d’innovació pedagògica relacionats amb l’aprenentatge del català en ambients multiculturals i el guiatge del procés d’integració de l’alumnat nouvingut a nivell acadèmic, emocional, i social. Ha realitzat l’adaptació pedagògica i musical de llibres de text d’Educació Primària per a diferents editorials; ha coordinat diferents propostes educatives en associacions culturals i en centres d’educació per a adults relacionades amb l’expressió escrita, els mitjans de comunicació, la salut, l’educació emocional, el medi ambient i el lleure. Les seves línies de recerca estan vinculades a l’adquisició de la competència comunicativa en català i l’ús social de la llengua en l’alumnat a l’escola.</p>
<p>&nbsp;</p>

<p>Professora de Primària Adreça electrònica: Julia.Lavernia@campus.uab.cat Mestra d’Educació Musical i Primària per la Universitat Autònoma de Barcelona i estudiant del Màster en Didàctica de la Llengua i la Literatura de la UAB. Ha treballat en diferents centres públics com a especialista de música i tutora. Des del 2004 està al càrrec d’una aula d’acollida de [&hellip;]</p>
