{"id":83,"date":"2017-11-30T14:21:21","date_gmt":"2017-11-30T14:21:21","guid":{"rendered":"https:\/\/webs.uab.cat\/greal\/contacte\/"},"modified":"2017-11-30T14:21:21","modified_gmt":"2017-11-30T14:21:21","slug":"contacte","status":"publish","type":"page","link":"https:\/\/webs.uab.cat\/greal\/contacte\/","title":{"rendered":"Contacte"},"content":{"rendered":"<p class=\"rtecenter\"><strong>GRUP GREAL<\/strong><br \/>\nUNIVERSITAT AUT\u00d2NOMA DE BARCELONA<br \/>\n<strong><a href=\"http:\/\/www.uab.cat\/departament\/didactica-llengua-literatura-ciencies-socials\/\" target=\"_blank\" rel=\"noopener\">Departament de Did\u00e0ctica de la Llengua i la Literatura, i de les Ci\u00e8ncies Socials<\/a><\/strong><br \/>\nEdifici G5- 131 Campus de la UAB<br \/>\n08193 Bellaterra (Cerdanyola del Vall\u00e8s)<br \/>\nBARCELONA<\/p>\n<p class=\"rtecenter\">Tel\u00e8fons de contacte: 93 581 16 78 &#8211; 93 581 18 78<\/p>\n<p class=\"rtecenter\"><strong><a href=\"https:\/\/www.google.es\/maps\/place\/Departament+de+Did%C3%A0ctica+de+la+Llengua+i+la+Literatura+i+de+les+Ci%C3%A8ncies+Socials\/@41.5055839,2.103141,15z\/data=!4m5!3m4!1s0x0:0xc2edfc7f004ea62d!8m2!3d41.5055839!4d2.103141\" target=\"_blank\" rel=\"noopener\">Google maps<\/a><\/strong><\/p>\n","protected":false},"excerpt":{"rendered":"<p>GRUP GREAL UNIVERSITAT AUT\u00d2NOMA DE BARCELONA Departament de Did\u00e0ctica de la Llengua i la Literatura, i de les Ci\u00e8ncies Socials Edifici G5- 131 Campus de la UAB 08193 Bellaterra (Cerdanyola del Vall\u00e8s) BARCELONA Tel\u00e8fons de contacte: 93 581 16 78 &#8211; 93 581 18 78 Google maps<\/p>\n","protected":false},"author":20,"featured_media":0,"parent":0,"menu_order":0,"comment_status":"closed","ping_status":"closed","template":"","meta":{"footnotes":""},"class_list":["post-83","page","type-page","status-publish","hentry"],"_links":{"self":[{"href":"https:\/\/webs.uab.cat\/greal\/wp-json\/wp\/v2\/pages\/83","targetHints":{"allow":["GET"]}}],"collection":[{"href":"https:\/\/webs.uab.cat\/greal\/wp-json\/wp\/v2\/pages"}],"about":[{"href":"https:\/\/webs.uab.cat\/greal\/wp-json\/wp\/v2\/types\/page"}],"author":[{"embeddable":true,"href":"https:\/\/webs.uab.cat\/greal\/wp-json\/wp\/v2\/users\/20"}],"replies":[{"embeddable":true,"href":"https:\/\/webs.uab.cat\/greal\/wp-json\/wp\/v2\/comments?post=83"}],"version-history":[{"count":0,"href":"https:\/\/webs.uab.cat\/greal\/wp-json\/wp\/v2\/pages\/83\/revisions"}],"wp:attachment":[{"href":"https:\/\/webs.uab.cat\/greal\/wp-json\/wp\/v2\/media?parent=83"}],"curies":[{"name":"wp","href":"https:\/\/api.w.org\/{rel}","templated":true}]}}