{"id":94,"date":"2017-12-04T14:39:14","date_gmt":"2017-12-04T14:39:14","guid":{"rendered":"https:\/\/webs.uab.cat\/greal\/birello\/"},"modified":"2022-07-26T17:19:11","modified_gmt":"2022-07-26T17:19:11","slug":"birello","status":"publish","type":"page","link":"https:\/\/webs.uab.cat\/greal\/birello\/","title":{"rendered":"Marilisa Birello"},"content":{"rendered":"\n<p><img loading=\"lazy\" decoding=\"async\" class=\" size-full wp-image-88\" style=\"width: 184px; height: 184px; float: left;\" src=\"https:\/\/webs.uab.cat\/greal\/wp-content\/uploads\/sites\/69\/2017\/12\/marilisa02_1_0.jpg\" alt=\"marilisa02_1_0.jpg\" width=\"184\" height=\"184\" srcset=\"https:\/\/webs.uab.cat\/greal\/wp-content\/uploads\/sites\/69\/2017\/12\/marilisa02_1_0.jpg 184w, https:\/\/webs.uab.cat\/greal\/wp-content\/uploads\/sites\/69\/2017\/12\/marilisa02_1_0-150x150.jpg 150w\" sizes=\"auto, (max-width: 184px) 100vw, 184px\" \/>Investigadora post doctoral al Departament de Did\u00e0ctica de la Llengua i de la Literatura i de les Ci\u00e8ncies Socials de la UAB.<\/p>\n\n\n\n<p>Adre\u00e7a electr\u00f2nica: marilisa.birello@gmail.com<\/p>\n\n\n\n<p>\u00c9s llicenciada en Filologia Hisp\u00e0nica per la Universitat de Ven\u00e8cia i la Universitat de Barcelona. Va fer el M\u00e0ster de Formaci\u00f3n de profesores de espa\u00f1ol como lengua extranjera a la Universitat de Barcelona. \u00c9s doctora, amb menci\u00f3 Doctor europeu, en Filosof\u00eda i Ci\u00e8ncies de l\u2019Educaci\u00f3 per la Universitat de Barcelona, amb la tesi La alternancia de lengua en la clase de italiano lengua extranjera. Su uso en las interacciones en subgrupos de alumnos adultos en Catalu\u00f1a.<br>Ha participat i participa en diversos projectes de recerca competitius sobre la pr\u00e0ctica reflexiva en l\u2019\u00e0mbit de l\u2019aprenentatge i l\u2019ensenyament de lleng\u00fces a diferents universitats catalanes i internacionals. Actualment forma part del grup de recerca GREAL de la Universitat Aut\u00f2noma de Barcelona i del grup PLURAL de la Universitat de Barcelona. Ha publicat diversos treballs i ha col\u00b7laborat en projectes editorials per a l\u2019aprenentatge de l\u2019itali\u00e0. Despr\u00e9s d\u2019una llarga experi\u00e8ncia com a professora d\u2019itali\u00e0 llengua estrangera, actualment treballa com a investigadora post doctoral al Departament de Did\u00e0ctica de la Llengua i de la Literatura i de les Ci\u00e8ncies Socials de la Universitat Aut\u00f2noma de Barcelona. Les seves l\u00ednies de recerca comprenen la formaci\u00f3 del professorat, el contacte de lleng\u00fces i l\u2019an\u00e0lisi de les interaccions a les aules en contextos pluriling\u00fces i multiculturals.<\/p>\n\n\n\n<p>&nbsp;<\/p>\n\n\n\n<p><img loading=\"lazy\" decoding=\"async\" class=\" size-full wp-image-91\" style=\"width: 50px; height: 50px;\" src=\"https:\/\/webs.uab.cat\/greal\/wp-content\/uploads\/sites\/69\/2017\/12\/llibret.fw_.png\" alt=\"llibret.fw_.png\" width=\"50\" height=\"50\"><a href=\"http:\/\/grupsderecerca.uab.cat\/greal\/ca\/publicacionsbirello\">Publicacions<\/a><\/p>\n","protected":false},"excerpt":{"rendered":"<p>Investigadora post doctoral al Departament de Did\u00e0ctica de la Llengua i de la Literatura i de les Ci\u00e8ncies Socials de la UAB. Adre\u00e7a electr\u00f2nica: marilisa.birello@gmail.com \u00c9s llicenciada en Filologia Hisp\u00e0nica per la Universitat de Ven\u00e8cia i la Universitat de Barcelona. Va fer el M\u00e0ster de Formaci\u00f3n de profesores de espa\u00f1ol como lengua extranjera a la [&hellip;]<\/p>\n","protected":false},"author":20,"featured_media":0,"parent":0,"menu_order":0,"comment_status":"closed","ping_status":"closed","template":"","meta":{"footnotes":""},"class_list":["post-94","page","type-page","status-publish","hentry"],"_links":{"self":[{"href":"https:\/\/webs.uab.cat\/greal\/wp-json\/wp\/v2\/pages\/94","targetHints":{"allow":["GET"]}}],"collection":[{"href":"https:\/\/webs.uab.cat\/greal\/wp-json\/wp\/v2\/pages"}],"about":[{"href":"https:\/\/webs.uab.cat\/greal\/wp-json\/wp\/v2\/types\/page"}],"author":[{"embeddable":true,"href":"https:\/\/webs.uab.cat\/greal\/wp-json\/wp\/v2\/users\/20"}],"replies":[{"embeddable":true,"href":"https:\/\/webs.uab.cat\/greal\/wp-json\/wp\/v2\/comments?post=94"}],"version-history":[{"count":1,"href":"https:\/\/webs.uab.cat\/greal\/wp-json\/wp\/v2\/pages\/94\/revisions"}],"predecessor-version":[{"id":300,"href":"https:\/\/webs.uab.cat\/greal\/wp-json\/wp\/v2\/pages\/94\/revisions\/300"}],"wp:attachment":[{"href":"https:\/\/webs.uab.cat\/greal\/wp-json\/wp\/v2\/media?parent=94"}],"curies":[{"name":"wp","href":"https:\/\/api.w.org\/{rel}","templated":true}]}}