{"id":192,"date":"2023-10-06T11:55:35","date_gmt":"2023-10-06T09:55:35","guid":{"rendered":"https:\/\/webs.uab.cat\/grecs\/wp-content\/uploads\/sites\/422\/2023\/10\/Javier-Rodrigo-Sanchez-2.jpg"},"modified":"2023-11-30T19:35:26","modified_gmt":"2023-11-30T17:35:26","slug":"javier-rodrigo-sanchez-2","status":"inherit","type":"attachment","link":"https:\/\/webs.uab.cat\/grecs\/membres\/javier-rodrigo-sanchez-2\/","title":{"rendered":"Javier Rodrigo S\u00e1nchez"},"author":2653,"featured_media":0,"comment_status":"closed","ping_status":"closed","template":"","meta":[],"class_list":["post-192","attachment","type-attachment","status-inherit","hentry"],"description":{"rendered":"<p class=\"attachment\"><a href='https:\/\/webs.uab.cat\/grecs\/wp-content\/uploads\/sites\/422\/2023\/10\/Javier-Rodrigo-Sanchez-2-scaled.jpg'><img loading=\"lazy\" decoding=\"async\" width=\"277\" height=\"300\" src=\"https:\/\/webs.uab.cat\/grecs\/wp-content\/uploads\/sites\/422\/2023\/10\/Javier-Rodrigo-Sanchez-2-277x300.jpg\" class=\"attachment-medium size-medium\" alt=\"\" srcset=\"https:\/\/webs.uab.cat\/grecs\/wp-content\/uploads\/sites\/422\/2023\/10\/Javier-Rodrigo-Sanchez-2-277x300.jpg 277w, https:\/\/webs.uab.cat\/grecs\/wp-content\/uploads\/sites\/422\/2023\/10\/Javier-Rodrigo-Sanchez-2-946x1024.jpg 946w, https:\/\/webs.uab.cat\/grecs\/wp-content\/uploads\/sites\/422\/2023\/10\/Javier-Rodrigo-Sanchez-2-768x832.jpg 768w, https:\/\/webs.uab.cat\/grecs\/wp-content\/uploads\/sites\/422\/2023\/10\/Javier-Rodrigo-Sanchez-2-1418x1536.jpg 1418w, https:\/\/webs.uab.cat\/grecs\/wp-content\/uploads\/sites\/422\/2023\/10\/Javier-Rodrigo-Sanchez-2-1891x2048.jpg 1891w, https:\/\/webs.uab.cat\/grecs\/wp-content\/uploads\/sites\/422\/2023\/10\/Javier-Rodrigo-Sanchez-2-1200x1299.jpg 1200w, https:\/\/webs.uab.cat\/grecs\/wp-content\/uploads\/sites\/422\/2023\/10\/Javier-Rodrigo-Sanchez-2-1980x2144.jpg 1980w\" sizes=\"auto, (max-width: 277px) 100vw, 277px\" \/><\/a><\/p>\n<p style=\"text-align: justify\"><strong>Javier Rodrigo <\/strong> \u00e9s investigador ICREA Acad\u00e8mia i catedr\u00e0tic acreditat a la Universitat Aut\u00f2noma de Barcelona. Doctor en Hist\u00f2ria a l&#8217;Institut Universitari Europeu de Flor\u00e8ncia, \u00e9s l&#8217;autor entre altres treballs de <em>Cautivos. Campos de concentraci\u00f3n en la Espa\u00f1a franquista<\/em> (2005), <em>Hasta la ra\u00edz. Violencia durante la guerra civil y la dictadura franquista<\/em> (2008), <em>Cruzada, Paz, Memoria. La guerra civil en sus relatos<\/em> (2013), o <em>La guerra fascista. Italia en la guerra civil espa\u00f1ola, 1936-1939<\/em> (2016, ed. en angl\u00e8s 2021). Editor o coeditor de diversos llibres col\u00b7lectius sobre la hist\u00f2ria europea de la viol\u00e8ncia col\u00b7lectiva com <em>Tierras de nadie. La Primera Guerra Mundial y sus consecuencias <\/em>(2014); <em>Pol\u00edticas de la violencia. Europa siglo XX<\/em> (2014); <em>Europa desgarrada. Guerra, ocupaci\u00f3n y violencia 1900-1950 <\/em>(2018); <em>Fascist Warfare, 1922-1945. Aggression, Occupation, Annihilation <\/em>(2019), \u00e9s el coautor amb David Alegre del monumental <em>Comunidades rotas. Una historia global de las guerras civiles, 1917-2017<\/em> (2019, ed. en angl\u00e8s 2024). Els seus darrers llibres s\u00f3n <em>General\u00edsimo. Las vidas de Francisco Franco, 1892-2020<\/em> (2022), i <em>Ellos, los fascistas. La banalizaci\u00f3n del fascismo y la crisis de la democracia <\/em>(2022, amb Maximiliano Fuentes). Tamb\u00e9 ha coordinat <em>Los perdedores de todas las guerras. Refugio, exilio y desplazamiento forzoso en Espa\u00f1a y Europa (1912-1951)<\/em> (2023, amb Magda Fytili), <em>Posguerras civiles europeas, 1939-1950: una historia comparada<\/em> (2023) i t\u00e9 a la premsa <em>Imagining Franco. History, Memory, Narratives<\/em> (2024). Javier Rodrigo ha estat el coordinador d&#8217;un projecte europeu ambici\u00f3s, SO-CLOSE, sobre el passat i el present del fenomen de les persones refugiades a Europa. Actualment, a m\u00e9s d&#8217;estar becat per la Fundaci\u00f3 BBVA amb una beca Leonardo per al projecte VOLGA, un estudi sobre la viol\u00e8ncia contra les dones en el marc de la lluita antiguerrillera a Espanya, coordina el projecte europeu WIRE, Women in Resistance, que busca una mirada alternativa al concepte de resist\u00e8ncia a Europa. A m\u00e9s de codirigir el projecte RESIST de la Secretaria de Mem\u00f2ria Democr\u00e0tica i el projecte PERPETRATE del Pla Nacional d&#8217;I+D+I, \u00e9s l&#8217;IP del GRECS i de la Xarxa de Recerca on s&#8217;integra, VOICES.<\/p>\n<p><strong>ORCID<\/strong>: <a href=\"https:\/\/orcid.org\/0000-0002-7322-3462\" rel=\"noopener\" target=\"_blank\">https:\/\/orcid.org\/0000-0002-7322-3462 <\/a><\/p>\n"},"caption":{"rendered":"<p>Javier Rodrigo \u00e9s investigador ICREA Acad\u00e8mia i catedr\u00e0tic acreditat a la Universitat Aut\u00f2noma de Barcelona. Doctor en Hist\u00f2ria a l&#8217;Institut Universitari Europeu de Flor\u00e8ncia, \u00e9s l&#8217;autor entre altres treballs de Cautivos. Campos de concentraci\u00f3n en la Espa\u00f1a franquista (2005), Hasta la ra\u00edz. Violencia durante la guerra civil y la dictadura franquista (2008), Cruzada, Paz, Memoria. [&hellip;]<\/p>\n"},"alt_text":"","media_type":"image","mime_type":"image\/jpeg","media_details":{"width":2364,"height":2560,"file":"2023\/10\/Javier-Rodrigo-Sanchez-2-scaled.jpg","filesize":390875,"sizes":{"medium":{"file":"Javier-Rodrigo-Sanchez-2-277x300.jpg","width":277,"height":300,"filesize":16267,"mime_type":"image\/jpeg","source_url":"https:\/\/webs.uab.cat\/grecs\/wp-content\/uploads\/sites\/422\/2023\/10\/Javier-Rodrigo-Sanchez-2-277x300.jpg"},"large":{"file":"Javier-Rodrigo-Sanchez-2-946x1024.jpg","width":946,"height":1024,"filesize":93757,"mime_type":"image\/jpeg","source_url":"https:\/\/webs.uab.cat\/grecs\/wp-content\/uploads\/sites\/422\/2023\/10\/Javier-Rodrigo-Sanchez-2-946x1024.jpg"},"thumbnail":{"file":"Javier-Rodrigo-Sanchez-2-150x150.jpg","width":150,"height":150,"filesize":7990,"mime_type":"image\/jpeg","source_url":"https:\/\/webs.uab.cat\/grecs\/wp-content\/uploads\/sites\/422\/2023\/10\/Javier-Rodrigo-Sanchez-2-150x150.jpg"},"medium_large":{"file":"Javier-Rodrigo-Sanchez-2-768x832.jpg","width":768,"height":832,"filesize":67604,"mime_type":"image\/jpeg","source_url":"https:\/\/webs.uab.cat\/grecs\/wp-content\/uploads\/sites\/422\/2023\/10\/Javier-Rodrigo-Sanchez-2-768x832.jpg"},"1536x1536":{"file":"Javier-Rodrigo-Sanchez-2-1418x1536.jpg","width":1418,"height":1536,"filesize":179135,"mime_type":"image\/jpeg","source_url":"https:\/\/webs.uab.cat\/grecs\/wp-content\/uploads\/sites\/422\/2023\/10\/Javier-Rodrigo-Sanchez-2-1418x1536.jpg"},"2048x2048":{"file":"Javier-Rodrigo-Sanchez-2-1891x2048.jpg","width":1891,"height":2048,"filesize":279982,"mime_type":"image\/jpeg","source_url":"https:\/\/webs.uab.cat\/grecs\/wp-content\/uploads\/sites\/422\/2023\/10\/Javier-Rodrigo-Sanchez-2-1891x2048.jpg"},"post-thumbnail":{"file":"Javier-Rodrigo-Sanchez-2-1200x1299.jpg","width":1200,"height":1299,"filesize":137054,"mime_type":"image\/jpeg","source_url":"https:\/\/webs.uab.cat\/grecs\/wp-content\/uploads\/sites\/422\/2023\/10\/Javier-Rodrigo-Sanchez-2-1200x1299.jpg"},"twentytwenty-fullscreen":{"file":"Javier-Rodrigo-Sanchez-2-1980x2144.jpg","width":1980,"height":2144,"filesize":300313,"mime_type":"image\/jpeg","source_url":"https:\/\/webs.uab.cat\/grecs\/wp-content\/uploads\/sites\/422\/2023\/10\/Javier-Rodrigo-Sanchez-2-1980x2144.jpg"},"full":{"file":"Javier-Rodrigo-Sanchez-2-scaled.jpg","width":2364,"height":2560,"mime_type":"image\/jpeg","source_url":"https:\/\/webs.uab.cat\/grecs\/wp-content\/uploads\/sites\/422\/2023\/10\/Javier-Rodrigo-Sanchez-2-scaled.jpg"}},"image_meta":{"aperture":"0","credit":"","camera":"","caption":"","created_timestamp":"0","copyright":"","focal_length":"0","iso":"0","shutter_speed":"0","title":"","orientation":"1","keywords":[]},"original_image":"Javier-Rodrigo-Sanchez-2.jpg"},"post":65,"source_url":"https:\/\/webs.uab.cat\/grecs\/wp-content\/uploads\/sites\/422\/2023\/10\/Javier-Rodrigo-Sanchez-2-scaled.jpg","_links":{"self":[{"href":"https:\/\/webs.uab.cat\/grecs\/wp-json\/wp\/v2\/media\/192","targetHints":{"allow":["GET"]}}],"collection":[{"href":"https:\/\/webs.uab.cat\/grecs\/wp-json\/wp\/v2\/media"}],"about":[{"href":"https:\/\/webs.uab.cat\/grecs\/wp-json\/wp\/v2\/types\/attachment"}],"author":[{"embeddable":true,"href":"https:\/\/webs.uab.cat\/grecs\/wp-json\/wp\/v2\/users\/2653"}],"wp:attached-to":[{"embeddable":true,"post_type":"page","id":65,"href":"https:\/\/webs.uab.cat\/grecs\/wp-json\/wp\/v2\/pages\/65"}],"curies":[{"name":"wp","href":"https:\/\/api.w.org\/{rel}","templated":true}]}}

Javier Rodrigo Sánchez

<p class="attachment"><a href='https://webs.uab.cat/grecs/wp-content/uploads/sites/422/2023/10/Javier-Rodrigo-Sanchez-2-scaled.jpg'><img loading="lazy" decoding="async" width="277" height="300" src="https://webs.uab.cat/grecs/wp-content/uploads/sites/422/2023/10/Javier-Rodrigo-Sanchez-2-277x300.jpg" class="attachment-medium size-medium" alt="" srcset="https://webs.uab.cat/grecs/wp-content/uploads/sites/422/2023/10/Javier-Rodrigo-Sanchez-2-277x300.jpg 277w, https://webs.uab.cat/grecs/wp-content/uploads/sites/422/2023/10/Javier-Rodrigo-Sanchez-2-946x1024.jpg 946w, https://webs.uab.cat/grecs/wp-content/uploads/sites/422/2023/10/Javier-Rodrigo-Sanchez-2-768x832.jpg 768w, https://webs.uab.cat/grecs/wp-content/uploads/sites/422/2023/10/Javier-Rodrigo-Sanchez-2-1418x1536.jpg 1418w, https://webs.uab.cat/grecs/wp-content/uploads/sites/422/2023/10/Javier-Rodrigo-Sanchez-2-1891x2048.jpg 1891w, https://webs.uab.cat/grecs/wp-content/uploads/sites/422/2023/10/Javier-Rodrigo-Sanchez-2-1200x1299.jpg 1200w, https://webs.uab.cat/grecs/wp-content/uploads/sites/422/2023/10/Javier-Rodrigo-Sanchez-2-1980x2144.jpg 1980w" sizes="auto, (max-width: 277px) 100vw, 277px" /></a></p>
<p style="text-align: justify"><strong>Javier Rodrigo </strong> és investigador ICREA Acadèmia i catedràtic acreditat a la Universitat Autònoma de Barcelona. Doctor en Història a l&#8217;Institut Universitari Europeu de Florència, és l&#8217;autor entre altres treballs de <em>Cautivos. Campos de concentración en la España franquista</em> (2005), <em>Hasta la raíz. Violencia durante la guerra civil y la dictadura franquista</em> (2008), <em>Cruzada, Paz, Memoria. La guerra civil en sus relatos</em> (2013), o <em>La guerra fascista. Italia en la guerra civil española, 1936-1939</em> (2016, ed. en anglès 2021). Editor o coeditor de diversos llibres col·lectius sobre la història europea de la violència col·lectiva com <em>Tierras de nadie. La Primera Guerra Mundial y sus consecuencias </em>(2014); <em>Políticas de la violencia. Europa siglo XX</em> (2014); <em>Europa desgarrada. Guerra, ocupación y violencia 1900-1950 </em>(2018); <em>Fascist Warfare, 1922-1945. Aggression, Occupation, Annihilation </em>(2019), és el coautor amb David Alegre del monumental <em>Comunidades rotas. Una historia global de las guerras civiles, 1917-2017</em> (2019, ed. en anglès 2024). Els seus darrers llibres són <em>Generalísimo. Las vidas de Francisco Franco, 1892-2020</em> (2022), i <em>Ellos, los fascistas. La banalización del fascismo y la crisis de la democracia </em>(2022, amb Maximiliano Fuentes). També ha coordinat <em>Los perdedores de todas las guerras. Refugio, exilio y desplazamiento forzoso en España y Europa (1912-1951)</em> (2023, amb Magda Fytili), <em>Posguerras civiles europeas, 1939-1950: una historia comparada</em> (2023) i té a la premsa <em>Imagining Franco. History, Memory, Narratives</em> (2024). Javier Rodrigo ha estat el coordinador d&#8217;un projecte europeu ambiciós, SO-CLOSE, sobre el passat i el present del fenomen de les persones refugiades a Europa. Actualment, a més d&#8217;estar becat per la Fundació BBVA amb una beca Leonardo per al projecte VOLGA, un estudi sobre la violència contra les dones en el marc de la lluita antiguerrillera a Espanya, coordina el projecte europeu WIRE, Women in Resistance, que busca una mirada alternativa al concepte de resistència a Europa. A més de codirigir el projecte RESIST de la Secretaria de Memòria Democràtica i el projecte PERPETRATE del Pla Nacional d&#8217;I+D+I, és l&#8217;IP del GRECS i de la Xarxa de Recerca on s&#8217;integra, VOICES.</p>
<p><strong>ORCID</strong>: <a href="https://orcid.org/0000-0002-7322-3462" rel="noopener" target="_blank">https://orcid.org/0000-0002-7322-3462 </a></p>

<p>Javier Rodrigo és investigador ICREA Acadèmia i catedràtic acreditat a la Universitat Autònoma de Barcelona. Doctor en Història a l&#8217;Institut Universitari Europeu de Florència, és l&#8217;autor entre altres treballs de Cautivos. Campos de concentración en la España franquista (2005), Hasta la raíz. Violencia durante la guerra civil y la dictadura franquista (2008), Cruzada, Paz, Memoria. [&hellip;]</p>
