{"id":195,"date":"2023-10-06T11:57:17","date_gmt":"2023-10-06T09:57:17","guid":{"rendered":"https:\/\/webs.uab.cat\/grecs\/wp-content\/uploads\/sites\/422\/2023\/10\/Giaime-Pala.jpg"},"modified":"2023-11-30T19:22:27","modified_gmt":"2023-11-30T17:22:27","slug":"giaime-pala","status":"inherit","type":"attachment","link":"https:\/\/webs.uab.cat\/grecs\/membres\/giaime-pala\/","title":{"rendered":"Giaime Pala"},"author":2653,"featured_media":0,"comment_status":"closed","ping_status":"closed","template":"","meta":[],"class_list":["post-195","attachment","type-attachment","status-inherit","hentry"],"description":{"rendered":"<p class=\"attachment\"><a href='https:\/\/webs.uab.cat\/grecs\/wp-content\/uploads\/sites\/422\/2023\/10\/Giaime-Pala.jpg'><img loading=\"lazy\" decoding=\"async\" width=\"300\" height=\"300\" src=\"https:\/\/webs.uab.cat\/grecs\/wp-content\/uploads\/sites\/422\/2023\/10\/Giaime-Pala-300x300.jpg\" class=\"attachment-medium size-medium\" alt=\"\" srcset=\"https:\/\/webs.uab.cat\/grecs\/wp-content\/uploads\/sites\/422\/2023\/10\/Giaime-Pala-300x300.jpg 300w, https:\/\/webs.uab.cat\/grecs\/wp-content\/uploads\/sites\/422\/2023\/10\/Giaime-Pala-150x150.jpg 150w, https:\/\/webs.uab.cat\/grecs\/wp-content\/uploads\/sites\/422\/2023\/10\/Giaime-Pala.jpg 370w\" sizes=\"auto, (max-width: 300px) 100vw, 300px\" \/><\/a><\/p>\n<p style=\"text-align: justify\"><strong>Giaime Pala<\/strong> \u00e9s doctor en Hist\u00f2ria per la Universitat Pompeu Fabra i professor Lector d&#8217;Hist\u00f2ria Contempor\u00e0nia a la Universitat de Girona. Ha estat investigador visitant en l\u2019\u00c9cole des Hautes \u00c9tudes en Sciences Socials, en la Universit\u00e0 degli Studi di Roma \u201cTor Vergata\u201d i en la Universidad de Sevilla.Forma part del consell de redacci\u00f3 de Segle XX. Revista catalana d\u2019hist\u00f2ria. Fins ara, la seva traject\u00f2ria com a investigador s&#8217;ha centrat sobretot en la hist\u00f2ria del comunisme espanyol i en la hist\u00f2ria dels intel\u00b7lectuals. Quant a la hist\u00f2ria del comunisme, \u00e9s autor de <em>El PSUC. L\u2019antifranquisme i la pol\u00edtica d\u2019aliances a Catalunya, 1956-1977 <\/em>(2011) i <em>Cultura clandestina. Los intelectuales del PSUC bajo el franquismo <\/em>(2016). \u00c9s a m\u00e9s editor dels llibres <em>El inicio del fin del mito sovi\u00e9tico. Los comunistas occidentales ante la Primavera de Praga<\/em> (2008, juntament amb Tommaso Nencioni) i <em>Les mans del PSUC. Milit\u00e0ncia <\/em>(2017, juntament amb Josep Puigsech). Entre els seus treballs sobre la hist\u00f2ria dels intel\u00b7lectuals, destaquen els seus articles sobre la intel\u00b7lectualitat catalana en els anys de la dictadura franquista, sobre la traject\u00f2ria de Jordi Sol\u00e9 Tura i de l&#8217;economista-empresari Eduardo Tarragona i la monografia<em> La fuerza y el consenso. Ensayo sobre Gramsci como historiador<\/em> (2021). Actualment est\u00e0 preparant una antologia dels escrits de l&#8217;intel\u00b7lectual liberal i antifeixista Piero Gobetti, a m\u00e9s de dur a terme una recerca sobre els contactes del r\u00e8gim de Primo de Rivera amb els intel\u00b7lectuals de la It\u00e0lia feixista.<\/p>\n<p><strong>ORCID<\/strong>: <a href=\"https:\/\/orcid.org\/0000-0002-4804-7153\">https:\/\/orcid.org\/0000-0002-4804-7153<\/a><\/p>\n"},"caption":{"rendered":"<p>Giaime Pala \u00e9s doctor en Hist\u00f2ria per la Universitat Pompeu Fabra i professor Lector d&#8217;Hist\u00f2ria Contempor\u00e0nia a la Universitat de Girona. Ha estat investigador visitant en l\u2019\u00c9cole des Hautes \u00c9tudes en Sciences Socials, en la Universit\u00e0 degli Studi di Roma \u201cTor Vergata\u201d i en la Universidad de Sevilla.Forma part del consell de redacci\u00f3 de Segle [&hellip;]<\/p>\n"},"alt_text":"","media_type":"image","mime_type":"image\/jpeg","media_details":{"width":370,"height":370,"file":"2023\/10\/Giaime-Pala.jpg","filesize":11986,"sizes":{"medium":{"file":"Giaime-Pala-300x300.jpg","width":300,"height":300,"filesize":7505,"mime_type":"image\/jpeg","source_url":"https:\/\/webs.uab.cat\/grecs\/wp-content\/uploads\/sites\/422\/2023\/10\/Giaime-Pala-300x300.jpg"},"thumbnail":{"file":"Giaime-Pala-150x150.jpg","width":150,"height":150,"filesize":3080,"mime_type":"image\/jpeg","source_url":"https:\/\/webs.uab.cat\/grecs\/wp-content\/uploads\/sites\/422\/2023\/10\/Giaime-Pala-150x150.jpg"},"full":{"file":"Giaime-Pala.jpg","width":370,"height":370,"mime_type":"image\/jpeg","source_url":"https:\/\/webs.uab.cat\/grecs\/wp-content\/uploads\/sites\/422\/2023\/10\/Giaime-Pala.jpg"}},"image_meta":{"aperture":"0","credit":"","camera":"","caption":"","created_timestamp":"0","copyright":"","focal_length":"0","iso":"0","shutter_speed":"0","title":"","orientation":"0","keywords":[]}},"post":65,"source_url":"https:\/\/webs.uab.cat\/grecs\/wp-content\/uploads\/sites\/422\/2023\/10\/Giaime-Pala.jpg","_links":{"self":[{"href":"https:\/\/webs.uab.cat\/grecs\/wp-json\/wp\/v2\/media\/195","targetHints":{"allow":["GET"]}}],"collection":[{"href":"https:\/\/webs.uab.cat\/grecs\/wp-json\/wp\/v2\/media"}],"about":[{"href":"https:\/\/webs.uab.cat\/grecs\/wp-json\/wp\/v2\/types\/attachment"}],"author":[{"embeddable":true,"href":"https:\/\/webs.uab.cat\/grecs\/wp-json\/wp\/v2\/users\/2653"}],"wp:attached-to":[{"embeddable":true,"post_type":"page","id":65,"href":"https:\/\/webs.uab.cat\/grecs\/wp-json\/wp\/v2\/pages\/65"}],"curies":[{"name":"wp","href":"https:\/\/api.w.org\/{rel}","templated":true}]}}

<p class="attachment"><a href='https://webs.uab.cat/grecs/wp-content/uploads/sites/422/2023/10/Giaime-Pala.jpg'><img loading="lazy" decoding="async" width="300" height="300" src="https://webs.uab.cat/grecs/wp-content/uploads/sites/422/2023/10/Giaime-Pala-300x300.jpg" class="attachment-medium size-medium" alt="" srcset="https://webs.uab.cat/grecs/wp-content/uploads/sites/422/2023/10/Giaime-Pala-300x300.jpg 300w, https://webs.uab.cat/grecs/wp-content/uploads/sites/422/2023/10/Giaime-Pala-150x150.jpg 150w, https://webs.uab.cat/grecs/wp-content/uploads/sites/422/2023/10/Giaime-Pala.jpg 370w" sizes="auto, (max-width: 300px) 100vw, 300px" /></a></p>
<p style="text-align: justify"><strong>Giaime Pala</strong> és doctor en Història per la Universitat Pompeu Fabra i professor Lector d&#8217;Història Contemporània a la Universitat de Girona. Ha estat investigador visitant en l’École des Hautes Études en Sciences Socials, en la Università degli Studi di Roma “Tor Vergata” i en la Universidad de Sevilla.Forma part del consell de redacció de Segle XX. Revista catalana d’història. Fins ara, la seva trajectòria com a investigador s&#8217;ha centrat sobretot en la història del comunisme espanyol i en la història dels intel·lectuals. Quant a la història del comunisme, és autor de <em>El PSUC. L’antifranquisme i la política d’aliances a Catalunya, 1956-1977 </em>(2011) i <em>Cultura clandestina. Los intelectuales del PSUC bajo el franquismo </em>(2016). És a més editor dels llibres <em>El inicio del fin del mito soviético. Los comunistas occidentales ante la Primavera de Praga</em> (2008, juntament amb Tommaso Nencioni) i <em>Les mans del PSUC. Militància </em>(2017, juntament amb Josep Puigsech). Entre els seus treballs sobre la història dels intel·lectuals, destaquen els seus articles sobre la intel·lectualitat catalana en els anys de la dictadura franquista, sobre la trajectòria de Jordi Solé Tura i de l&#8217;economista-empresari Eduardo Tarragona i la monografia<em> La fuerza y el consenso. Ensayo sobre Gramsci como historiador</em> (2021). Actualment està preparant una antologia dels escrits de l&#8217;intel·lectual liberal i antifeixista Piero Gobetti, a més de dur a terme una recerca sobre els contactes del règim de Primo de Rivera amb els intel·lectuals de la Itàlia feixista.</p>
<p><strong>ORCID</strong>: <a href="https://orcid.org/0000-0002-4804-7153">https://orcid.org/0000-0002-4804-7153</a></p>

<p>Giaime Pala és doctor en Història per la Universitat Pompeu Fabra i professor Lector d&#8217;Història Contemporània a la Universitat de Girona. Ha estat investigador visitant en l’École des Hautes Études en Sciences Socials, en la Università degli Studi di Roma “Tor Vergata” i en la Universidad de Sevilla.Forma part del consell de redacció de Segle [&hellip;]</p>
