{"id":197,"date":"2023-10-06T11:58:23","date_gmt":"2023-10-06T09:58:23","guid":{"rendered":"https:\/\/webs.uab.cat\/grecs\/wp-content\/uploads\/sites\/422\/2023\/10\/Josep-Puigsech-Farras.jpg"},"modified":"2023-11-30T18:11:42","modified_gmt":"2023-11-30T16:11:42","slug":"josep-puigsech-farras","status":"inherit","type":"attachment","link":"https:\/\/webs.uab.cat\/grecs\/membres\/josep-puigsech-farras\/","title":{"rendered":"Josep Puigsech Farr\u00e0s"},"author":2653,"featured_media":0,"comment_status":"closed","ping_status":"closed","template":"","meta":[],"class_list":["post-197","attachment","type-attachment","status-inherit","hentry"],"description":{"rendered":"<p class=\"attachment\"><a href='https:\/\/webs.uab.cat\/grecs\/wp-content\/uploads\/sites\/422\/2023\/10\/Josep-Puigsech-Farras.jpg'><img loading=\"lazy\" decoding=\"async\" width=\"200\" height=\"300\" src=\"https:\/\/webs.uab.cat\/grecs\/wp-content\/uploads\/sites\/422\/2023\/10\/Josep-Puigsech-Farras-200x300.jpg\" class=\"attachment-medium size-medium\" alt=\"\" srcset=\"https:\/\/webs.uab.cat\/grecs\/wp-content\/uploads\/sites\/422\/2023\/10\/Josep-Puigsech-Farras-200x300.jpg 200w, https:\/\/webs.uab.cat\/grecs\/wp-content\/uploads\/sites\/422\/2023\/10\/Josep-Puigsech-Farras-683x1024.jpg 683w, https:\/\/webs.uab.cat\/grecs\/wp-content\/uploads\/sites\/422\/2023\/10\/Josep-Puigsech-Farras-768x1152.jpg 768w, https:\/\/webs.uab.cat\/grecs\/wp-content\/uploads\/sites\/422\/2023\/10\/Josep-Puigsech-Farras-1024x1536.jpg 1024w, https:\/\/webs.uab.cat\/grecs\/wp-content\/uploads\/sites\/422\/2023\/10\/Josep-Puigsech-Farras-1365x2048.jpg 1365w, https:\/\/webs.uab.cat\/grecs\/wp-content\/uploads\/sites\/422\/2023\/10\/Josep-Puigsech-Farras-1200x1800.jpg 1200w, https:\/\/webs.uab.cat\/grecs\/wp-content\/uploads\/sites\/422\/2023\/10\/Josep-Puigsech-Farras.jpg 1500w\" sizes=\"auto, (max-width: 200px) 100vw, 200px\" \/><\/a><\/p>\n<p style=\"text-align: justify\"><strong>Josep Puigsech Farr\u00e0s<\/strong> \u00e9s doctor en hist\u00f2ria per la Universitat Aut\u00f2noma de Barcelona i professor en la mateixa universitat, especialitzat en la dimensi\u00f3 internacional del moviment comunista a Espanya durant els anys vint, trenta i quaranta del segle XX. Les seves l\u00ednies de recerca s&#8217;han concretat en la traject\u00f2ria de la Internacional Comunista a Espanya, la participaci\u00f3 comunista a les Brigades Internacionals, les relacions bilaterals entre la Rep\u00fablica Espanyola i l&#8217;URSS, aix\u00ed com l&#8217;impacte de la Revoluci\u00f3 Russa i l&#8217;exili comunista espanyol. Actualment investiga els l\u00edmits del projecte frontpopulista comunista.<\/p>\n<p><strong>ORCID<\/strong>: <a href=\"https:\/\/orcid.org\/0000-0002-2308-2454\">https:\/\/orcid.org\/0000-0002-2308-2454<\/a><\/p>\n"},"caption":{"rendered":"<p>Josep Puigsech Farr\u00e0s \u00e9s doctor en hist\u00f2ria per la Universitat Aut\u00f2noma de Barcelona i professor en la mateixa universitat, especialitzat en la dimensi\u00f3 internacional del moviment comunista a Espanya durant els anys vint, trenta i quaranta del segle XX. Les seves l\u00ednies de recerca s&#8217;han concretat en la traject\u00f2ria de la Internacional Comunista a Espanya, [&hellip;]<\/p>\n"},"alt_text":"","media_type":"image","mime_type":"image\/jpeg","media_details":{"width":1500,"height":2250,"file":"2023\/10\/Josep-Puigsech-Farras.jpg","filesize":1066018,"sizes":{"medium":{"file":"Josep-Puigsech-Farras-200x300.jpg","width":200,"height":300,"filesize":10453,"mime_type":"image\/jpeg","source_url":"https:\/\/webs.uab.cat\/grecs\/wp-content\/uploads\/sites\/422\/2023\/10\/Josep-Puigsech-Farras-200x300.jpg"},"large":{"file":"Josep-Puigsech-Farras-683x1024.jpg","width":683,"height":1024,"filesize":153832,"mime_type":"image\/jpeg","source_url":"https:\/\/webs.uab.cat\/grecs\/wp-content\/uploads\/sites\/422\/2023\/10\/Josep-Puigsech-Farras-683x1024.jpg"},"thumbnail":{"file":"Josep-Puigsech-Farras-150x150.jpg","width":150,"height":150,"filesize":3998,"mime_type":"image\/jpeg","source_url":"https:\/\/webs.uab.cat\/grecs\/wp-content\/uploads\/sites\/422\/2023\/10\/Josep-Puigsech-Farras-150x150.jpg"},"medium_large":{"file":"Josep-Puigsech-Farras-768x1152.jpg","width":768,"height":1152,"filesize":195446,"mime_type":"image\/jpeg","source_url":"https:\/\/webs.uab.cat\/grecs\/wp-content\/uploads\/sites\/422\/2023\/10\/Josep-Puigsech-Farras-768x1152.jpg"},"1536x1536":{"file":"Josep-Puigsech-Farras-1024x1536.jpg","width":1024,"height":1536,"filesize":346227,"mime_type":"image\/jpeg","source_url":"https:\/\/webs.uab.cat\/grecs\/wp-content\/uploads\/sites\/422\/2023\/10\/Josep-Puigsech-Farras-1024x1536.jpg"},"2048x2048":{"file":"Josep-Puigsech-Farras-1365x2048.jpg","width":1365,"height":2048,"filesize":585580,"mime_type":"image\/jpeg","source_url":"https:\/\/webs.uab.cat\/grecs\/wp-content\/uploads\/sites\/422\/2023\/10\/Josep-Puigsech-Farras-1365x2048.jpg"},"post-thumbnail":{"file":"Josep-Puigsech-Farras-1200x1800.jpg","width":1200,"height":1800,"filesize":463027,"mime_type":"image\/jpeg","source_url":"https:\/\/webs.uab.cat\/grecs\/wp-content\/uploads\/sites\/422\/2023\/10\/Josep-Puigsech-Farras-1200x1800.jpg"},"full":{"file":"Josep-Puigsech-Farras.jpg","width":1500,"height":2250,"mime_type":"image\/jpeg","source_url":"https:\/\/webs.uab.cat\/grecs\/wp-content\/uploads\/sites\/422\/2023\/10\/Josep-Puigsech-Farras.jpg"}},"image_meta":{"aperture":"0","credit":"","camera":"","caption":"","created_timestamp":"0","copyright":"","focal_length":"0","iso":"0","shutter_speed":"0","title":"","orientation":"0","keywords":[]}},"post":65,"source_url":"https:\/\/webs.uab.cat\/grecs\/wp-content\/uploads\/sites\/422\/2023\/10\/Josep-Puigsech-Farras.jpg","_links":{"self":[{"href":"https:\/\/webs.uab.cat\/grecs\/wp-json\/wp\/v2\/media\/197","targetHints":{"allow":["GET"]}}],"collection":[{"href":"https:\/\/webs.uab.cat\/grecs\/wp-json\/wp\/v2\/media"}],"about":[{"href":"https:\/\/webs.uab.cat\/grecs\/wp-json\/wp\/v2\/types\/attachment"}],"author":[{"embeddable":true,"href":"https:\/\/webs.uab.cat\/grecs\/wp-json\/wp\/v2\/users\/2653"}],"wp:attached-to":[{"embeddable":true,"post_type":"page","id":65,"href":"https:\/\/webs.uab.cat\/grecs\/wp-json\/wp\/v2\/pages\/65"}],"curies":[{"name":"wp","href":"https:\/\/api.w.org\/{rel}","templated":true}]}}

Josep Puigsech Farràs

<p class="attachment"><a href='https://webs.uab.cat/grecs/wp-content/uploads/sites/422/2023/10/Josep-Puigsech-Farras.jpg'><img loading="lazy" decoding="async" width="200" height="300" src="https://webs.uab.cat/grecs/wp-content/uploads/sites/422/2023/10/Josep-Puigsech-Farras-200x300.jpg" class="attachment-medium size-medium" alt="" srcset="https://webs.uab.cat/grecs/wp-content/uploads/sites/422/2023/10/Josep-Puigsech-Farras-200x300.jpg 200w, https://webs.uab.cat/grecs/wp-content/uploads/sites/422/2023/10/Josep-Puigsech-Farras-683x1024.jpg 683w, https://webs.uab.cat/grecs/wp-content/uploads/sites/422/2023/10/Josep-Puigsech-Farras-768x1152.jpg 768w, https://webs.uab.cat/grecs/wp-content/uploads/sites/422/2023/10/Josep-Puigsech-Farras-1024x1536.jpg 1024w, https://webs.uab.cat/grecs/wp-content/uploads/sites/422/2023/10/Josep-Puigsech-Farras-1365x2048.jpg 1365w, https://webs.uab.cat/grecs/wp-content/uploads/sites/422/2023/10/Josep-Puigsech-Farras-1200x1800.jpg 1200w, https://webs.uab.cat/grecs/wp-content/uploads/sites/422/2023/10/Josep-Puigsech-Farras.jpg 1500w" sizes="auto, (max-width: 200px) 100vw, 200px" /></a></p>
<p style="text-align: justify"><strong>Josep Puigsech Farràs</strong> és doctor en història per la Universitat Autònoma de Barcelona i professor en la mateixa universitat, especialitzat en la dimensió internacional del moviment comunista a Espanya durant els anys vint, trenta i quaranta del segle XX. Les seves línies de recerca s&#8217;han concretat en la trajectòria de la Internacional Comunista a Espanya, la participació comunista a les Brigades Internacionals, les relacions bilaterals entre la República Espanyola i l&#8217;URSS, així com l&#8217;impacte de la Revolució Russa i l&#8217;exili comunista espanyol. Actualment investiga els límits del projecte frontpopulista comunista.</p>
<p><strong>ORCID</strong>: <a href="https://orcid.org/0000-0002-2308-2454">https://orcid.org/0000-0002-2308-2454</a></p>

<p>Josep Puigsech Farràs és doctor en història per la Universitat Autònoma de Barcelona i professor en la mateixa universitat, especialitzat en la dimensió internacional del moviment comunista a Espanya durant els anys vint, trenta i quaranta del segle XX. Les seves línies de recerca s&#8217;han concretat en la trajectòria de la Internacional Comunista a Espanya, [&hellip;]</p>
