{"id":550,"date":"2024-05-19T01:47:10","date_gmt":"2024-05-18T23:47:10","guid":{"rendered":"https:\/\/webs.uab.cat\/grecs\/?page_id=550"},"modified":"2024-05-26T20:54:59","modified_gmt":"2024-05-26T18:54:59","slug":"articles","status":"publish","type":"page","link":"https:\/\/webs.uab.cat\/grecs\/articles\/","title":{"rendered":"Articles"},"content":{"rendered":"\n<hr class=\"wp-block-separator has-alpha-channel-opacity\" \/>\n\n\n\n<h2 class=\"wp-block-heading\"><strong>&#8220;Civil Wars: what is wrong with History?&#8221;, en&nbsp;<em>War in History<\/em>,&nbsp;vol 31 (1), 2024, pp. 3-22.<\/strong><\/h2>\n\n\n\n<p><strong>Javier Rodrigo y David Alegre<\/strong><\/p>\n\n\n\n<p>Civil wars constitute an element without which the history of humanity is incomprehensible. Since 1917, they alone claimed some 20 million lives and displaced 67 million people, standing alone as the undisputed primary form of armed conflict worldwide since the end of the Second World War. Their definition is crucial to understand them and to place them within intrastate and transnational policies. However, in its definition, the historical dimension has been systematically undervalued. In this paper, we address both a history of the concept and the elements that, in our opinion, help defining civil wars in historical terms.<\/p>\n\n\n\n<hr class=\"wp-block-separator has-alpha-channel-opacity\" \/>\n\n\n\n<h2 class=\"wp-block-heading\"><strong>&#8220;Ecos del fascismo. Derecha radical y populismo, de Trump a Vox&#8221;, en&nbsp;<em>Ayer<\/em>, 133, 2024, pp. 347-361<\/strong>.<\/h2>\n\n\n\n<p><strong>Javier Rodrigo y Maximiliano Fuentes<\/strong><\/p>\n\n\n\n<p>Meses despu\u00e9s de la victoria de Fratelli d\u2019Italia en las elecciones legislativas italianas de 2022, parece un momento propicio para abordar el debate sobre el \u00abretorno\u00bb del fascismo, lo cual es como preguntarse sobre qu\u00e9 tienen de fascista los proyectos pol\u00edticos de las derechas radicales populistas europeas y mundiales y, en definitiva, qu\u00e9 es y qu\u00e9 queda del fascismo. Pese echar sus ra\u00edces en procesos y movimientos de largo recorrido, nos centraremos aqu\u00ed sobre todo en el tiempo iniciado en 2008 con la Gran Recesi\u00f3n, con una particular atenci\u00f3n a los \u00faltimos a\u00f1os, los transcurridos entre la llegada al poder de Donald Trump en Estados Unidos y nuestro presente.<\/p>\n\n\n\n<hr class=\"wp-block-separator has-alpha-channel-opacity\" \/>\n\n\n\n<h2 class=\"wp-block-heading\"><strong>&#8220;Was there a Resistency Fascism? On the narratives about Falange in Franco\u2019s Spain&#8221;, en&nbsp;<em>Fascism,<\/em>&nbsp;13 (1), 2024, pp. 122-151.<\/strong><\/h2>\n\n\n\n<p><strong>Javier Rodrigo y Joan Pubill<\/strong><\/p>\n\n\n\n<p>Is it possible to identify traces of dissent or even resistance to Francoism within a single fascist party? Can there be elements of radical opposition within fascism in its long duration? This article\u2019s discussion of this question, centered on the Spanish Falange\u2019s case, will focus on two main topics that define the parameters of historiographical discussion of an idealized (\u2018authentic\u2019, \u2018pure\u2019, \u2018uncontaminated\u2019, \u2018rebellious\u2019) fascism that may also be useful for interpreting and establishing comparisons with other contexts. The first of these topics is the mythification of fascism\u2019s original authenticity and the second is the preeminence of Franco\u2019s providentialist leadership and how it explicitly demonstrates his de facto importance in the construction of the dictatorial regime as a fascist regime through the exercise of power.<\/p>\n\n\n\n<hr class=\"wp-block-separator has-alpha-channel-opacity\" \/>\n\n\n\n<h2 class=\"wp-block-heading\">&#8220;<strong>Refugee Studies: Interdisciplinarity and Agency in Contemporary Humanitarian Crises, 1930\u2019s-2020\u2019s<\/strong>&#8220;, <strong>en&nbsp;<em>Historiograf\u00edas<\/em>, 25, 2023, pp. 86-131<\/strong>.<\/h2>\n\n\n\n<p><strong>Javier Rodrigo y Giorgia Priorelli<\/strong><\/p>\n\n\n\n<p class=\"has-text-align-left\">Los estudios sobre refugiados son un \u00e1rea de investigaci\u00f3n floreciente que, a lo largo de los a\u00f1os, ha captado la atenci\u00f3n de diferentes disciplinas: desde el derecho hasta la sociolog\u00eda, desde la antropolog\u00eda hasta la ciencia pol\u00edtica, desde la psicolog\u00eda hasta la filosof\u00eda pol\u00edtica y la teor\u00eda de las relaciones internacionales. \u00daltimamente, han surgido nuevos trabajos que examinan el tema desde una perspectiva hist\u00f3rica, junto con nuevas investigaciones centradas en categor\u00edas espec\u00edficas de refugiados, que devuelven un panorama m\u00e1s polifac\u00e9tico y profundo de las migraciones forzadas que en el pasado. Este ensayo constituye un texto de referencia actualizado para quienes se acerquen al estudio de los desplazamientos forzados. Reconstruye la evoluci\u00f3n de los estudios sobre refugiados desde sus or\u00edgenes hasta la actualidad, teniendo en cuenta las numerosas y m\u00e1s recientes aportaciones acad\u00e9micas sobre el tema. Este ensayo reflexiona tambi\u00e9n sobre los desarrollos futuros de este campo de investigaci\u00f3n multidisciplinario, que re\u00fane la investigaci\u00f3n te\u00f3rica y la pr\u00e1ctica pol\u00edtica para arrojar luz sobre el problema de los refugiados y brindar respuestas oportunas y efectivas a los problemas de las poblaciones desplazadas por la fuerza en el mundo.<\/p>\n\n\n\n<hr class=\"wp-block-separator has-alpha-channel-opacity\" \/>\n\n\n\n<h2 class=\"wp-block-heading\"><strong>&#8220;Los campos de concentraci\u00f3n y exterminio en el Estado Independiente de Croacia: guerra y genocidio, 1941-1945&#8221;, en&nbsp;<em>Cuadernos de Historia Contempor\u00e1nea<\/em>,&nbsp;45(1), 2023, pp. 277-299<\/strong>.<\/h2>\n\n\n\n<p><strong>Javier Rodrigo y Arnau Fern\u00e1ndez<\/strong><\/p>\n\n\n\n<p>Las investigaciones realizadas en la historiograf\u00eda espa\u00f1ola sobre los campos de concentraci\u00f3n y exterminio establecidos por los diferentes reg\u00edmenes fascistas entre los a\u00f1os treinta y cuarenta han centrado su atenci\u00f3n en los casos de Alemania y Espa\u00f1a. No obstante, en esa misma cronolog\u00eda y en el marco de la Segunda Guerra Mundial hubo otros espacios europeos en los que los nuevos poderes crearon toda una red concentracionaria propia, tal y como ocurri\u00f3 en el Estado Independiente de Croacia. Entre 1941 y 1945 el r\u00e9gimen fascista liderado por Ante Paveli\u0107 y la Usta\u0161a estableci\u00f3 m\u00e1s de una decena de campos de concentraci\u00f3n y de exterminio para encerrar a hombres, mujeres y ni\u00f1os por motivos \u00e9tnicos, religiosos y pol\u00edticos, de manera que la red concentracionaria se convirti\u00f3 en el epicentro del genocidio perpetrado contra los serbios, jud\u00edos y gitanos. Sin ir m\u00e1s lejos, estos campos tambi\u00e9n fueron utilizados en el marco de la guerra civil y de la guerra antipartisana desplegada contra las partidas lideradas por Tito, al mismo tiempo que se utilizaron para encerrar a cualquier disidente pol\u00edtico, ya fuera real, potencial o imaginario.<\/p>\n\n\n\n<hr class=\"wp-block-separator has-alpha-channel-opacity\" \/>\n\n\n\n<h2 class=\"wp-block-heading\"><strong>&#8220;O el marxismo o nosotros&#8221;: las campa\u00f1as pol\u00edticas antimarxistas de las elecciones catalanas de 1980\u00bb, en <em>Investigaciones hist\u00f3ricas: \u00c9poca moderna y contempor\u00e1nea<\/em>, 43, 2023, pp. 869-897.<\/strong><\/h2>\n\n\n\n<p><strong>Giaime Pala<\/strong><\/p>\n\n\n\n<p>El presente art\u00edculo analiza las campa\u00f1as pol\u00edticas antimarxistas que tanto las organizaciones patronales como los diarios y partidos moderados y conservadores de Catalu\u00f1a llevaron a cabo para evitar una posible victoria del Partit dels Socialistes de Catalunya y del Partit Socialista Unificat de Catalunya en las elecciones auton\u00f3micas de marzo de 1980. A trav\u00e9s del estudio de la prensa catalana de la \u00e9poca, se explicar\u00e1 aqu\u00ed el origen, la sucesi\u00f3n cronol\u00f3gica, las estrategias discursivas y los argumentos que caracterizaron aquellas campa\u00f1as, as\u00ed como su eficacia.<\/p>\n\n\n\n<h2 class=\"wp-block-heading\"><strong>&#8220;Latinism and Hispanism in the Hispano-American Right in Interwar Spain and Argentina&#8221;, en <em>Fascism<\/em> 12, 2023,\u00a0 pp. 55-80.<\/strong><\/h2>\n\n\n\n<p><strong>Maximiliano Fuentes<\/strong><\/p>\n\n\n\n<p>During the first decades of the twentieth century conceptions about Latinism and Hispanism were fundamental to constructing transnational discourses at the service of national causes in Europe and Latin America. In this framework, both in Argentina and Spain the new Right emerged in the heat of the fin-de-si\u00e8cle carrying new visions on Latinism and Hispanism. During the First World War Latinism and Hispanism were harshly confronted. After the conflict, a process of \u2018cross-fertilization\u2019 took place in both countries. In the interwar period, authoritarian movements and right-wing regimes shared a series of political objectives, a common vision, and the feeling of being part of a historical mission against communism in the name of a \u2018Catholic civilization\u2019. In the context of the Spanish Civil War a \u2018Catholic renaissance\u2019 unfolded: a Hispanism that included a Latinist dimension was projected both in Francisco Franco\u2019s Spain and unstable pre-Per\u00f3n\u2019s Argentina.<\/p>\n\n\n\n<h2 class=\"wp-block-heading has-text-align-left\"><strong>\u201cAspectos militares de la guerra civil de los siete a\u00f1os en Catalu\u00f1a (1833-1840)\u201d, en <em>Revista de Historia Militar<\/em>, a\u00f1o LXVI, n\u00fam. Extraordinario, 2022, pp. 133-170.<\/strong><\/h2>\n\n\n\n<p><strong>Manuel Santirso<\/strong><\/p>\n\n\n\n<p>Aunque la guerra civil carlista de 1833-1840 en Catalu\u00f1a form\u00f3 parte del conflicto general en Espa\u00f1a, present\u00f3 algunos rasgos propios, debidos a las particularidades pol\u00edticas, administrativas y geogr\u00e1ficas del territorio. En el bando carlista, predomin\u00f3 siempre la guerra de guerrillas, incluso a partir de 1837, cuando existi\u00f3 un territorio dominado de forma estable, as\u00ed como un centro pol\u00edtico y una jefatura militar bien definidos. Frente a ello, el bando isabelino ensay\u00f3 varias estrategias contrainsurgentes, con mejor o peor resultado, pero que siempre fueron innovadoras. Los intentos finales de una paz negociada no tuvieron \u00e9xito, y la victoria isabelina se produjo por la concentraci\u00f3n de sus fuerzas en la ofensiva final.<\/p>\n","protected":false},"excerpt":{"rendered":"<p>&#8220;Civil Wars: what is wrong with History?&#8221;, en&nbsp;War in History,&nbsp;vol 31 (1), 2024, pp. 3-22. Javier Rodrigo y David Alegre Civil wars constitute an element without which the history of humanity is incomprehensible. Since 1917, they alone claimed some 20 million lives and displaced 67 million people, standing alone as the undisputed primary form of [&hellip;]<\/p>\n","protected":false},"author":2899,"featured_media":0,"parent":0,"menu_order":0,"comment_status":"closed","ping_status":"closed","template":"sidebar.php","meta":{"footnotes":""},"class_list":["post-550","page","type-page","status-publish","hentry"],"_links":{"self":[{"href":"https:\/\/webs.uab.cat\/grecs\/wp-json\/wp\/v2\/pages\/550","targetHints":{"allow":["GET"]}}],"collection":[{"href":"https:\/\/webs.uab.cat\/grecs\/wp-json\/wp\/v2\/pages"}],"about":[{"href":"https:\/\/webs.uab.cat\/grecs\/wp-json\/wp\/v2\/types\/page"}],"author":[{"embeddable":true,"href":"https:\/\/webs.uab.cat\/grecs\/wp-json\/wp\/v2\/users\/2899"}],"replies":[{"embeddable":true,"href":"https:\/\/webs.uab.cat\/grecs\/wp-json\/wp\/v2\/comments?post=550"}],"version-history":[{"count":10,"href":"https:\/\/webs.uab.cat\/grecs\/wp-json\/wp\/v2\/pages\/550\/revisions"}],"predecessor-version":[{"id":628,"href":"https:\/\/webs.uab.cat\/grecs\/wp-json\/wp\/v2\/pages\/550\/revisions\/628"}],"wp:attachment":[{"href":"https:\/\/webs.uab.cat\/grecs\/wp-json\/wp\/v2\/media?parent=550"}],"curies":[{"name":"wp","href":"https:\/\/api.w.org\/{rel}","templated":true}]}}