{"id":102,"date":"2018-09-04T15:42:07","date_gmt":"2018-09-04T15:42:07","guid":{"rendered":"https:\/\/webs.uab.cat\/gredics\/neus-gonzalez-monfort\/"},"modified":"2018-09-04T15:42:07","modified_gmt":"2018-09-04T15:42:07","slug":"neus-gonzalez-monfort","status":"publish","type":"page","link":"https:\/\/webs.uab.cat\/gredics\/neus-gonzalez-monfort\/","title":{"rendered":"Neus Gonz\u00e1lez Monfort"},"content":{"rendered":"<h1 class=\"rtecenter\"><span style=\"font-family:times new roman,times,serif\"><img loading=\"lazy\" decoding=\"async\" alt=\"\" height=\"253\" src=\"http:\/\/pagines.uab.cat\/neus.gonzalez\/sites\/pagines.uab.cat.neus.gonzalez\/files\/images\/neus.jpg\" width=\"202\" \/><\/span><\/h1>\n<h1 class=\"rtecenter\"><span style=\"font-family:times new roman,times,serif\">Neus Gonz\u00e1lez Monfort<\/span><\/h1>\n<hr \/>\n<table align=\"center\" border=\"3\" cellpadding=\"1\" cellspacing=\"1\" style=\"width:616px\">\n<tbody>\n<tr>\n<td class=\"rtecenter\" style=\"width:181px\">\n<p class=\"rteright\">C\u00e0rrec<\/p>\n<p class=\"rteright\">Despatx<\/p>\n<p class=\"rteright\">Tel\u00e8fon<\/p>\n<p class=\"rteright\">Correu electr\u00f2nic<\/p>\n<p class=\"rteright\">Web personal<\/p>\n<p class=\"rteright\">Google acad\u00e8mic<\/p>\n<p class=\"rteright\">Research gate<\/p>\n<p class=\"rteright\">Dialnet<\/p>\n<p class=\"rteright\">DDD<\/p>\n<p class=\"rteright\">ORCID<\/p>\n<\/td>\n<td class=\"rtecenter\" style=\"width: 418px;\">\n<p class=\"rteleft\">Membre del grup. Professora agregada.&nbsp;<\/p>\n<p class=\"rteleft\">G5-137<\/p>\n<p class=\"rteleft\">93 581 27 09<\/p>\n<p class=\"rteleft\">neus.gonzalez@uab.cat<\/p>\n<p class=\"rteleft\"><a href=\"http:\/\/pagines.uab.cat\/neus.gonzalez\/\" target=\"_blank\" rel=\"noopener\">http:\/\/pagines.uab.cat\/neus.gonzalez\/<\/a><\/p>\n<p class=\"rteleft\"><a href=\"https:\/\/scholar.google.es\/citations?user=hXv8VcoAAAAJ&amp;hl=ca&amp;oi=ao\" target=\"_blank\" rel=\"noopener\">https:\/\/scholar.google.es\/citations?user=hXv8VcoAAAAJ&amp;hl=ca&amp;oi=ao<\/a><\/p>\n<p class=\"rteleft\"><a href=\"https:\/\/www.researchgate.net\/profile\/Neus_Gonzalez-Monfort\" target=\"_blank\" rel=\"noopener\">https:\/\/www.researchgate.net\/profile\/Neus_Gonzalez-Monfort<\/a><\/p>\n<p class=\"rteleft\"><a href=\"https:\/\/dialnet.unirioja.es\/servlet\/autor?codigo=325217\" target=\"_blank\" rel=\"noopener\">https:\/\/dialnet.unirioja.es\/servlet\/autor?codigo=325217<\/a><\/p>\n<p class=\"rteleft\"><a href=\"https:\/\/ja.cat\/hCe2f\" target=\"_blank\" rel=\"noopener\">https:\/\/ja.cat\/hCe2f<\/a><\/p>\n<p class=\"rteleft\"><a href=\"https:\/\/orcid.org\/0000-0001-8597-0994\" target=\"_blank\" rel=\"noopener\">https:\/\/orcid.org\/0000-0001-8597-0994<\/a><\/p>\n<\/td>\n<\/tr>\n<\/tbody>\n<\/table>\n<p class=\"rtecenter\">\n&nbsp;<\/p>\n<p>&nbsp;<\/p>\n","protected":false},"excerpt":{"rendered":"<p>Neus Gonz\u00e1lez Monfort C\u00e0rrec Despatx Tel\u00e8fon Correu electr\u00f2nic Web personal Google acad\u00e8mic Research gate Dialnet DDD ORCID Membre del grup. Professora agregada.&nbsp; G5-137 93 581 27 09 neus.gonzalez@uab.cat http:\/\/pagines.uab.cat\/neus.gonzalez\/ https:\/\/scholar.google.es\/citations?user=hXv8VcoAAAAJ&amp;hl=ca&amp;oi=ao https:\/\/www.researchgate.net\/profile\/Neus_Gonzalez-Monfort https:\/\/dialnet.unirioja.es\/servlet\/autor?codigo=325217 https:\/\/ja.cat\/hCe2f https:\/\/orcid.org\/0000-0001-8597-0994 &nbsp; &nbsp;<\/p>\n","protected":false},"author":20,"featured_media":0,"parent":0,"menu_order":0,"comment_status":"closed","ping_status":"closed","template":"","meta":{"footnotes":""},"class_list":["post-102","page","type-page","status-publish","hentry"],"_links":{"self":[{"href":"https:\/\/webs.uab.cat\/gredics\/wp-json\/wp\/v2\/pages\/102","targetHints":{"allow":["GET"]}}],"collection":[{"href":"https:\/\/webs.uab.cat\/gredics\/wp-json\/wp\/v2\/pages"}],"about":[{"href":"https:\/\/webs.uab.cat\/gredics\/wp-json\/wp\/v2\/types\/page"}],"author":[{"embeddable":true,"href":"https:\/\/webs.uab.cat\/gredics\/wp-json\/wp\/v2\/users\/20"}],"replies":[{"embeddable":true,"href":"https:\/\/webs.uab.cat\/gredics\/wp-json\/wp\/v2\/comments?post=102"}],"version-history":[{"count":0,"href":"https:\/\/webs.uab.cat\/gredics\/wp-json\/wp\/v2\/pages\/102\/revisions"}],"wp:attachment":[{"href":"https:\/\/webs.uab.cat\/gredics\/wp-json\/wp\/v2\/media?parent=102"}],"curies":[{"name":"wp","href":"https:\/\/api.w.org\/{rel}","templated":true}]}}