{"id":104,"date":"2018-09-05T12:23:31","date_gmt":"2018-09-05T12:23:31","guid":{"rendered":"https:\/\/webs.uab.cat\/gredics\/jordi-castellvi-mata\/"},"modified":"2023-05-26T07:43:55","modified_gmt":"2023-05-26T07:43:55","slug":"jordi-castellvi-mata","status":"publish","type":"page","link":"https:\/\/webs.uab.cat\/gredics\/jordi-castellvi-mata\/","title":{"rendered":"Jordi Castellv\u00ed Mata"},"content":{"rendered":"\n<p class=\"has-text-align-center\"><img loading=\"lazy\" decoding=\"async\" width=\"706\" height=\"958\" class=\"wp-image-874\" style=\"width: 150px\" src=\"https:\/\/webs.uab.cat\/gredics\/wp-content\/uploads\/sites\/63\/2023\/05\/Co\u0300pia-de_-3776e146-b80d-4fa7-8d14-3b46fbf25813.jpg\" alt=\"\" srcset=\"https:\/\/webs.uab.cat\/gredics\/wp-content\/uploads\/sites\/63\/2023\/05\/Co\u0300pia-de_-3776e146-b80d-4fa7-8d14-3b46fbf25813.jpg 706w, https:\/\/webs.uab.cat\/gredics\/wp-content\/uploads\/sites\/63\/2023\/05\/Co\u0300pia-de_-3776e146-b80d-4fa7-8d14-3b46fbf25813-221x300.jpg 221w\" sizes=\"auto, (max-width: 706px) 100vw, 706px\" \/><\/p>\n\n\n\n<p><strong>Jordi Castellv\u00ed Mata<\/strong><\/p>\n\n\n\n<figure class=\"wp-block-table\"><table><tbody><tr><td>C\u00e0rrec: membre del grup.<\/td><\/tr><tr><td>Correu electr\u00f2nic: jordi.castellvi.mata@uab.cat&nbsp;<\/td><\/tr><tr><td><a rel=\"noreferrer noopener\" href=\"https:\/\/scholar.google.es\/citations?user=LDVCzA4AAAAJ&amp;hl=ca&amp;oi=ao\" target=\"_blank\">Jordi Castellv\u00ed Mata a Google acad\u00e8mic<\/a><\/td><\/tr><tr><td><a rel=\"noreferrer noopener\" href=\"https:\/\/www.researchgate.net\/profile\/Jordi_Castellvi_Mata\" target=\"_blank\">Jordi Castellv\u00ed Mata a ResearchGate<\/a><\/td><\/tr><tr><td><a href=\"https:\/\/dialnet.unirioja.es\/servlet\/autor?codigo=4561249\" data-type=\"URL\" data-id=\"https:\/\/dialnet.unirioja.es\/servlet\/autor?codigo=4561249\" target=\"_blank\" rel=\"noreferrer noopener\">Jordi Castellv\u00ed Mata a Dialnet<\/a><\/td><\/tr><tr><td>ORCID: <a rel=\"noreferrer noopener\" href=\"https:\/\/orcid.org\/0000-0002-6487-5477\" target=\"_blank\">https:\/\/orcid.org\/0000-0002-6487-5477<\/a><\/td><\/tr><tr><td>RESEARCHER ID: R-7770-2018<\/td><\/tr><\/tbody><\/table><\/figure>\n\n\n\n<p>&nbsp;<\/p>\n","protected":false},"excerpt":{"rendered":"<p>Jordi Castellv\u00ed Mata C\u00e0rrec: membre del grup. Correu electr\u00f2nic: jordi.castellvi.mata@uab.cat&nbsp; Jordi Castellv\u00ed Mata a Google acad\u00e8mic Jordi Castellv\u00ed Mata a ResearchGate Jordi Castellv\u00ed Mata a Dialnet ORCID: https:\/\/orcid.org\/0000-0002-6487-5477 RESEARCHER ID: R-7770-2018 &nbsp;<\/p>\n","protected":false},"author":20,"featured_media":0,"parent":0,"menu_order":0,"comment_status":"closed","ping_status":"closed","template":"","meta":{"footnotes":""},"class_list":["post-104","page","type-page","status-publish","hentry"],"_links":{"self":[{"href":"https:\/\/webs.uab.cat\/gredics\/wp-json\/wp\/v2\/pages\/104","targetHints":{"allow":["GET"]}}],"collection":[{"href":"https:\/\/webs.uab.cat\/gredics\/wp-json\/wp\/v2\/pages"}],"about":[{"href":"https:\/\/webs.uab.cat\/gredics\/wp-json\/wp\/v2\/types\/page"}],"author":[{"embeddable":true,"href":"https:\/\/webs.uab.cat\/gredics\/wp-json\/wp\/v2\/users\/20"}],"replies":[{"embeddable":true,"href":"https:\/\/webs.uab.cat\/gredics\/wp-json\/wp\/v2\/comments?post=104"}],"version-history":[{"count":4,"href":"https:\/\/webs.uab.cat\/gredics\/wp-json\/wp\/v2\/pages\/104\/revisions"}],"predecessor-version":[{"id":881,"href":"https:\/\/webs.uab.cat\/gredics\/wp-json\/wp\/v2\/pages\/104\/revisions\/881"}],"wp:attachment":[{"href":"https:\/\/webs.uab.cat\/gredics\/wp-json\/wp\/v2\/media?parent=104"}],"curies":[{"name":"wp","href":"https:\/\/api.w.org\/{rel}","templated":true}]}}