{"id":112,"date":"2018-09-06T09:49:55","date_gmt":"2018-09-06T09:49:55","guid":{"rendered":"https:\/\/webs.uab.cat\/gredics\/sandra-muzzi\/"},"modified":"2018-09-06T09:49:55","modified_gmt":"2018-09-06T09:49:55","slug":"sandra-muzzi","status":"publish","type":"page","link":"https:\/\/webs.uab.cat\/gredics\/sandra-muzzi\/","title":{"rendered":"Sandra Muzzi"},"content":{"rendered":"<h1 class=\"rtecenter\"><img loading=\"lazy\" decoding=\"async\" alt=\"\" height=\"252\" src=\"https:\/\/i.ytimg.com\/vi\/4yxTl4PIvqU\/maxresdefault.jpg\" width=\"448\" \/><\/h1>\n<h1 class=\"rtecenter\"><span style=\"font-family:times new roman,times,serif\">Sandra Muzzi<\/span><\/h1>\n<table align=\"center\" border=\"3\" cellpadding=\"1\" cellspacing=\"1\" style=\"width:543px\">\n<tbody>\n<tr>\n<td class=\"rtecenter\" style=\"width:181px\">\n<p class=\"rteright\">C\u00e0rrec<\/p>\n<p class=\"rteright\">Despatx<\/p>\n<p class=\"rteright\">Tel\u00e8fon<\/p>\n<p class=\"rteright\">Correu electr\u00f2nic<\/p>\n<p class=\"rteright\">Research gate<\/p>\n<p class=\"rteright\">Dialnet<\/p>\n<p class=\"rteright\">DDD<\/p>\n<p class=\"rteright\">ORCID<\/p>\n<\/td>\n<td class=\"rtecenter\" style=\"width:345px\">\n<p class=\"rteleft\">Membre del grup. Professora associada.<\/p>\n<p class=\"rteleft\">G5-103<\/p>\n<p class=\"rteleft\">93 581 26 56<\/p>\n<p class=\"rteleft\"><a href=\"https:\/\/orcid.org\/0000-0001-6730-7937\">sandra.muzzi@uab.cat<\/a><\/p>\n<p class=\"rteleft\"><a href=\"https:\/\/www.researchgate.net\/profile\/Sandra_Muzzi\" target=\"_blank\" rel=\"noopener\">https:\/\/www.researchgate.net\/profile\/Sandra_Muzzi<\/a><\/p>\n<p class=\"rteleft\"><a href=\"https:\/\/dialnet.unirioja.es\/servlet\/autor?codigo=1164252\" target=\"_blank\" rel=\"noopener\">https:\/\/dialnet.unirioja.es\/servlet\/autor?codigo=1164252<\/a><\/p>\n<p class=\"rteleft\"><a href=\"https:\/\/goo.gl\/Ye4weX\" target=\"_blank\" rel=\"noopener\">https:\/\/goo.gl\/Ye4weX<\/a><\/p>\n<p class=\"rteleft\"><a href=\"https:\/\/orcid.org\/0000-0001-6730-7937\">https:\/\/orcid.org\/0000-0001-6730-7937<\/a><\/p>\n<\/td>\n<\/tr>\n<\/tbody>\n<\/table>\n<p class=\"rtecenter\">\n&nbsp;<\/p>\n","protected":false},"excerpt":{"rendered":"<p>Sandra Muzzi C\u00e0rrec Despatx Tel\u00e8fon Correu electr\u00f2nic Research gate Dialnet DDD ORCID Membre del grup. Professora associada. G5-103 93 581 26 56 sandra.muzzi@uab.cat https:\/\/www.researchgate.net\/profile\/Sandra_Muzzi https:\/\/dialnet.unirioja.es\/servlet\/autor?codigo=1164252 https:\/\/goo.gl\/Ye4weX https:\/\/orcid.org\/0000-0001-6730-7937 &nbsp;<\/p>\n","protected":false},"author":20,"featured_media":0,"parent":0,"menu_order":0,"comment_status":"closed","ping_status":"closed","template":"","meta":{"footnotes":""},"class_list":["post-112","page","type-page","status-publish","hentry"],"_links":{"self":[{"href":"https:\/\/webs.uab.cat\/gredics\/wp-json\/wp\/v2\/pages\/112","targetHints":{"allow":["GET"]}}],"collection":[{"href":"https:\/\/webs.uab.cat\/gredics\/wp-json\/wp\/v2\/pages"}],"about":[{"href":"https:\/\/webs.uab.cat\/gredics\/wp-json\/wp\/v2\/types\/page"}],"author":[{"embeddable":true,"href":"https:\/\/webs.uab.cat\/gredics\/wp-json\/wp\/v2\/users\/20"}],"replies":[{"embeddable":true,"href":"https:\/\/webs.uab.cat\/gredics\/wp-json\/wp\/v2\/comments?post=112"}],"version-history":[{"count":0,"href":"https:\/\/webs.uab.cat\/gredics\/wp-json\/wp\/v2\/pages\/112\/revisions"}],"wp:attachment":[{"href":"https:\/\/webs.uab.cat\/gredics\/wp-json\/wp\/v2\/media?parent=112"}],"curies":[{"name":"wp","href":"https:\/\/api.w.org\/{rel}","templated":true}]}}