{"id":210,"date":"2021-02-09T21:27:16","date_gmt":"2021-02-09T21:27:16","guid":{"rendered":"https:\/\/webs.uab.cat\/gredics\/antecedents\/"},"modified":"2021-02-09T21:27:16","modified_gmt":"2021-02-09T21:27:16","slug":"antecedents","status":"publish","type":"page","link":"https:\/\/webs.uab.cat\/gredics\/antecedents\/","title":{"rendered":"Antecedents"},"content":{"rendered":"<p class=\"rtecenter\"><span style=\"font-size:16px\"><span style=\"color:#0000CD\"><strong>Antecedents i justificaci\u00f3 del projecte&nbsp;<\/strong><\/span><\/span><\/p>\n<p class=\"rtejustify\">Des de l\u2019any 2010, l\u2019ECP ha analitzat els valors en els llibres de text de ci\u00e8ncies socials, amb l\u2019objectiu de refor\u00e7ar la perspectiva d\u2019educaci\u00f3 cr\u00edtica i transformadora en les properes edicions de llibres de text d\u2019aquesta assignatura. Una conclusi\u00f3 general de dos informes analitzant els llibres de ci\u00e8ncies socials de 3r i 4t d\u2019ESO van ser que tot i que les editorials tenen un comprom\u00eds expl\u00edcit per la pau, el desenvolupament sostenible, drets humans i participaci\u00f3 democr\u00e0tica, perspectiva de g\u00e8nere, d\u2019interculturalitat, etc., hi ha aspectes que es podrien refor\u00e7ar.<\/p>\n<p class=\"rtejustify\">D\u2019acord amb aquest diagn\u00f2stic inicial, el projecte \u201cEntre L\u00ednies\u201d es planteja que l\u2019assignatura de ci\u00e8ncies socials s\u2019imparteixi de forma m\u00e9s cr\u00edtica i transformadora. Aquest objectiu general es persegueix, durant el curs 2018-2019, mitjan\u00e7ant dues l\u00ednies d\u2019actuaci\u00f3:<\/p>\n<ul>\n<li class=\"rtejustify\">La&nbsp;<strong>incid\u00e8ncia en editorials de llibres de text,&nbsp;<\/strong>mitjan\u00e7ant l\u2019assessorament a editorials de llibres de text sobre com incorporar criteris d\u2019educaci\u00f3 cr\u00edtica i transformadora als llibres i la definici\u00f3 d\u2019un \u201cDec\u00e0leg de Criteris de Just\u00edcia Global\u201d pels llibres de text de ci\u00e8ncies socials i altres materials did\u00e0ctics, consensuat amb diferents actors educatius. Aquest Dec\u00e0leg ha de permetre, d\u2019una banda, que les editorials i altres actors que generen materials did\u00e0ctics tinguin en compte aquests criteris, i de l\u2019altra que professorat i fam\u00edlies identifiquin m\u00e9s f\u00e0cilment aquests criteris i tri\u00efn en conseq\u00fc\u00e8ncia els materials que millor els compleixin.&nbsp;<\/li>\n<\/ul>\n<p class=\"rtejustify\"><img loading=\"lazy\" decoding=\"async\" alt=\"\" height=\"720\" src=\"https:\/\/i.imgur.com\/PhtatJj.jpg\" width=\"960\" \/><\/p>\n<ul>\n<li class=\"rtejustify\">La&nbsp;<strong>incid\u00e8ncia en la formaci\u00f3 de professorat de llengua i ci\u00e8ncies socials,&nbsp;<\/strong>mitjan\u00e7ant la interlocuci\u00f3 amb professorat i coordinadors dels M\u00e0sters de professorat de secund\u00e0ria de la UAB i de la UB per incloure criteris d\u2019educaci\u00f3 cr\u00edtica i transformadora , i la formaci\u00f3 de futur professorat sobre els criteris de just\u00edcia global.<\/li>\n<\/ul>\n<p class=\"rtejustify\">&nbsp;<\/p>\n<p class=\"rtejustify\">&nbsp;<\/p>\n","protected":false},"excerpt":{"rendered":"<p>Antecedents i justificaci\u00f3 del projecte&nbsp; Des de l\u2019any 2010, l\u2019ECP ha analitzat els valors en els llibres de text de ci\u00e8ncies socials, amb l\u2019objectiu de refor\u00e7ar la perspectiva d\u2019educaci\u00f3 cr\u00edtica i transformadora en les properes edicions de llibres de text d\u2019aquesta assignatura. Una conclusi\u00f3 general de dos informes analitzant els llibres de ci\u00e8ncies socials de [&hellip;]<\/p>\n","protected":false},"author":20,"featured_media":0,"parent":0,"menu_order":0,"comment_status":"closed","ping_status":"closed","template":"","meta":{"footnotes":""},"class_list":["post-210","page","type-page","status-publish","hentry"],"_links":{"self":[{"href":"https:\/\/webs.uab.cat\/gredics\/wp-json\/wp\/v2\/pages\/210","targetHints":{"allow":["GET"]}}],"collection":[{"href":"https:\/\/webs.uab.cat\/gredics\/wp-json\/wp\/v2\/pages"}],"about":[{"href":"https:\/\/webs.uab.cat\/gredics\/wp-json\/wp\/v2\/types\/page"}],"author":[{"embeddable":true,"href":"https:\/\/webs.uab.cat\/gredics\/wp-json\/wp\/v2\/users\/20"}],"replies":[{"embeddable":true,"href":"https:\/\/webs.uab.cat\/gredics\/wp-json\/wp\/v2\/comments?post=210"}],"version-history":[{"count":0,"href":"https:\/\/webs.uab.cat\/gredics\/wp-json\/wp\/v2\/pages\/210\/revisions"}],"wp:attachment":[{"href":"https:\/\/webs.uab.cat\/gredics\/wp-json\/wp\/v2\/media?parent=210"}],"curies":[{"name":"wp","href":"https:\/\/api.w.org\/{rel}","templated":true}]}}