{"id":249,"date":"2019-07-26T10:37:42","date_gmt":"2019-07-26T10:37:42","guid":{"rendered":"https:\/\/webs.uab.cat\/gregal\/colleccions-editorials\/"},"modified":"2023-10-30T19:39:59","modified_gmt":"2023-10-30T19:39:59","slug":"colleccions-editorials","status":"publish","type":"page","link":"https:\/\/webs.uab.cat\/gregal\/colleccions-editorials\/","title":{"rendered":"Col\u00b7leccions editorials"},"content":{"rendered":"\n<h2 class=\"wp-block-heading\">Biblioteca d&#8217;Estudis Japonesos<\/h2>\n\n\n\n<div class=\"wp-block-media-text is-stacked-on-mobile\" style=\"grid-template-columns:35% auto\"><figure class=\"wp-block-media-text__media\"><img loading=\"lazy\" decoding=\"async\" width=\"676\" height=\"1024\" src=\"https:\/\/webs.uab.cat\/gregal\/wp-content\/uploads\/sites\/68\/2023\/10\/CULTURA-VISUAL-676x1024.jpg\" alt=\"\" class=\"wp-image-1303 size-full\" srcset=\"https:\/\/webs.uab.cat\/gregal\/wp-content\/uploads\/sites\/68\/2023\/10\/CULTURA-VISUAL-676x1024.jpg 676w, https:\/\/webs.uab.cat\/gregal\/wp-content\/uploads\/sites\/68\/2023\/10\/CULTURA-VISUAL-198x300.jpg 198w, https:\/\/webs.uab.cat\/gregal\/wp-content\/uploads\/sites\/68\/2023\/10\/CULTURA-VISUAL-768x1164.jpg 768w, https:\/\/webs.uab.cat\/gregal\/wp-content\/uploads\/sites\/68\/2023\/10\/CULTURA-VISUAL.jpg 792w\" sizes=\"auto, (max-width: 676px) 100vw, 676px\" \/><\/figure><div class=\"wp-block-media-text__content\">\n<p class=\"has-small-font-size\">Loriguillo L\u00f3pez, Antonio. <em><a href=\"https:\/\/www.bellaterra.coop\/es\/libros\/estudios-sobre-cultura-visual-japonesa-videojuegos-manga-y-anime\" data-type=\"URL\" data-id=\"https:\/\/www.bellaterra.coop\/es\/libros\/estudios-sobre-cultura-visual-japonesa-videojuegos-manga-y-anime\">Estudios sobre cultura visual japonesa<\/a><\/em>. CERAO (UAB) &#8211; Edicions Bellaterra, 2022.<\/p>\n<\/div><\/div>\n\n\n\n<div class=\"wp-block-media-text is-stacked-on-mobile\" style=\"grid-template-columns:35% auto\"><figure class=\"wp-block-media-text__media\"><img loading=\"lazy\" decoding=\"async\" width=\"677\" height=\"1024\" src=\"https:\/\/webs.uab.cat\/gregal\/wp-content\/uploads\/sites\/68\/2023\/10\/Feminismos-e-identidades-677x1024.jpg\" alt=\"\" class=\"wp-image-1298 size-full\" srcset=\"https:\/\/webs.uab.cat\/gregal\/wp-content\/uploads\/sites\/68\/2023\/10\/Feminismos-e-identidades-677x1024.jpg 677w, https:\/\/webs.uab.cat\/gregal\/wp-content\/uploads\/sites\/68\/2023\/10\/Feminismos-e-identidades-198x300.jpg 198w, https:\/\/webs.uab.cat\/gregal\/wp-content\/uploads\/sites\/68\/2023\/10\/Feminismos-e-identidades-768x1162.jpg 768w, https:\/\/webs.uab.cat\/gregal\/wp-content\/uploads\/sites\/68\/2023\/10\/Feminismos-e-identidades.jpg 793w\" sizes=\"auto, (max-width: 677px) 100vw, 677px\" \/><\/figure><div class=\"wp-block-media-text__content\">\n<p class=\"has-small-font-size\">Cresp\u00edn Perales, Montserrat. <em><a href=\"https:\/\/www.bellaterra.coop\/es\/libros\/feminismo-e-identidades-de-genero-en-japon\" data-type=\"URL\" data-id=\"https:\/\/www.bellaterra.coop\/es\/libros\/feminismo-e-identidades-de-genero-en-japon\">Feminismo e identidades de g\u00e9nero en Jap\u00f3n<\/a><\/em>. CERAO (UAB) &#8211; Edicions Bellaterra, 2021.<\/p>\n<\/div><\/div>\n\n\n\n<div class=\"wp-block-media-text is-stacked-on-mobile\" style=\"grid-template-columns:35% auto\"><figure class=\"wp-block-media-text__media\"><img loading=\"lazy\" decoding=\"async\" width=\"675\" height=\"1024\" src=\"https:\/\/webs.uab.cat\/gregal\/wp-content\/uploads\/sites\/68\/2023\/10\/Nuevas-aproximaciones-a-la-literatura-japonesa-1-675x1024.jpg\" alt=\"\" class=\"wp-image-1293 size-full\" srcset=\"https:\/\/webs.uab.cat\/gregal\/wp-content\/uploads\/sites\/68\/2023\/10\/Nuevas-aproximaciones-a-la-literatura-japonesa-1-675x1024.jpg 675w, https:\/\/webs.uab.cat\/gregal\/wp-content\/uploads\/sites\/68\/2023\/10\/Nuevas-aproximaciones-a-la-literatura-japonesa-1-198x300.jpg 198w, https:\/\/webs.uab.cat\/gregal\/wp-content\/uploads\/sites\/68\/2023\/10\/Nuevas-aproximaciones-a-la-literatura-japonesa-1-768x1166.jpg 768w, https:\/\/webs.uab.cat\/gregal\/wp-content\/uploads\/sites\/68\/2023\/10\/Nuevas-aproximaciones-a-la-literatura-japonesa-1-1012x1536.jpg 1012w, https:\/\/webs.uab.cat\/gregal\/wp-content\/uploads\/sites\/68\/2023\/10\/Nuevas-aproximaciones-a-la-literatura-japonesa-1-1349x2048.jpg 1349w, https:\/\/webs.uab.cat\/gregal\/wp-content\/uploads\/sites\/68\/2023\/10\/Nuevas-aproximaciones-a-la-literatura-japonesa-1-1200x1821.jpg 1200w, https:\/\/webs.uab.cat\/gregal\/wp-content\/uploads\/sites\/68\/2023\/10\/Nuevas-aproximaciones-a-la-literatura-japonesa-1-scaled.jpg 1687w\" sizes=\"auto, (max-width: 675px) 100vw, 675px\" \/><\/figure><div class=\"wp-block-media-text__content\">\n<p class=\"has-small-font-size\">Pitarch Fern\u00e1ndez, Pau. <em><a href=\"https:\/\/www.bellaterra.coop\/es\/libros\/nuevas-aproximaciones-a-la-literatura-japonesa\" data-type=\"URL\" data-id=\"https:\/\/www.bellaterra.coop\/es\/libros\/nuevas-aproximaciones-a-la-literatura-japonesa\">Nuevas aproximaciones a la literatura japonesa<\/a><\/em>. CERAO (UAB) &#8211; Edicions Bellaterra, 2020.<\/p>\n<\/div><\/div>\n\n\n\n<div class=\"wp-block-media-text is-stacked-on-mobile\" style=\"grid-template-columns:35% auto\"><figure class=\"wp-block-media-text__media\"><img loading=\"lazy\" decoding=\"async\" width=\"396\" height=\"600\" src=\"https:\/\/webs.uab.cat\/gregal\/wp-content\/uploads\/sites\/68\/2019\/07\/izquierda_y_revolucion.png\" alt=\"\" class=\"wp-image-218 size-full\" srcset=\"https:\/\/webs.uab.cat\/gregal\/wp-content\/uploads\/sites\/68\/2019\/07\/izquierda_y_revolucion.png 396w, https:\/\/webs.uab.cat\/gregal\/wp-content\/uploads\/sites\/68\/2019\/07\/izquierda_y_revolucion-198x300.png 198w\" sizes=\"auto, (max-width: 396px) 100vw, 396px\" \/><\/figure><div class=\"wp-block-media-text__content\">\n<p class=\"has-small-font-size\">De Vargas, Ferran. <a href=\"https:\/\/www.ed-bellaterra.com\/php\/llibresInfo.php?idLlibre=1557\"><em>Izquierda y revoluci\u00f3n. Una historia pol\u00edtica del Jap\u00f3n de posguerra (1945-1972)<\/em><\/a>. CERAO (UAB) &#8211; Edicions Bellaterra, 2020.<\/p>\n<\/div><\/div>\n\n\n\n<div class=\"wp-block-media-text is-stacked-on-mobile\" style=\"grid-template-columns:35% auto\"><figure class=\"wp-block-media-text__media\"><img decoding=\"async\" src=\"http:\/\/www.ed-bellaterra.com\/uploads\/imgproducts\/ArteportBAJA.jpg\" alt=\"\" \/><\/figure><div class=\"wp-block-media-text__content\">\n<p class=\"has-small-font-size\">Daniel Sastre de la Vega.<em> <a href=\"http:\/\/www.ed-bellaterra.com\/php\/llibresInfo.php?idLlibre=1457\">Arte y naci\u00f3n. El discurso de la historia del arte en el Jap\u00f3n Meiji<\/a><\/em>. CERAO (UAB) &#8211; Edicions Bellaterra, 2019.<\/p>\n<\/div><\/div>\n\n\n\n<div class=\"wp-block-media-text is-stacked-on-mobile\" style=\"grid-template-columns:36% auto\"><figure class=\"wp-block-media-text__media\"><img decoding=\"async\" src=\"http:\/\/www.ed-bellaterra.com\/uploads\/imgproducts\/ANTROPOLOGIA%20DEL%20JAPONbaja.jpg\" alt=\"\" \/><\/figure><div class=\"wp-block-media-text__content\">\n<p class=\"has-small-font-size\">Blai Guarn\u00e9 (ed.). <a href=\"http:\/\/www.ed-bellaterra.com\/php\/llibresInfo.php?idLlibre=1400\"><em>Antropolog\u00eda del Jap\u00f3n. Identidad, discurso y representaci\u00f3n<\/em><\/a>. CERAO (UAB) &#8211; Edicions Bellaterra, 2018.<\/p>\n<\/div><\/div>\n\n\n\n<div class=\"wp-block-media-text is-stacked-on-mobile\" style=\"grid-template-columns:36% auto\"><figure class=\"wp-block-media-text__media\"><img decoding=\"async\" src=\"http:\/\/www.ed-bellaterra.com\/uploads\/imgproducts\/Entender%20sociedad%20japonesaBAJA.jpg\" alt=\"\" \/><\/figure><div class=\"wp-block-media-text__content\">\n<p class=\"has-small-font-size\">Joy Hendry.<em> <a href=\"http:\/\/www.ed-bellaterra.com\/php\/llibresInfo.php?idLlibre=1383\">Para entender la sociedad japonesa<\/a><\/em>. CERAO (UAB) &#8211; Edicions Bellaterra, 2018.<\/p>\n<\/div><\/div>\n\n\n\n<div class=\"wp-block-media-text is-stacked-on-mobile\" style=\"grid-template-columns:36% auto\"><figure class=\"wp-block-media-text__media\"><img decoding=\"async\" src=\"http:\/\/www.ed-bellaterra.com\/uploads\/imgproducts\/JAPON%20MEIJIbajaOK.jpg\" alt=\"\" \/><\/figure><div class=\"wp-block-media-text__content\">\n<p class=\"has-small-font-size\">Guillermo Mart\u00ednez Taberner.<em> <a href=\"http:\/\/www.ed-bellaterra.com\/php\/llibresInfo.php?idLlibre=1263\">El Jap\u00f3n Meiji y las colonias asi\u00e1ticas del imperio espa\u00f1ol<\/a><\/em>. CERAO (UAB) &#8211; Edicions Bellaterra, 2017.<\/p>\n<\/div><\/div>\n\n\n\n<div class=\"wp-block-media-text is-stacked-on-mobile\" style=\"grid-template-columns:36% auto\"><figure class=\"wp-block-media-text__media\"><img decoding=\"async\" src=\"http:\/\/www.ed-bellaterra.com\/uploads\/imgproducts\/SOCI%20JAPO%20PORT%20baja.jpg\" alt=\"\" \/><\/figure><div class=\"wp-block-media-text__content\">\n<p class=\"has-small-font-size\">Yoshio Sugimoto. <a href=\"http:\/\/www.ed-bellaterra.com\/php\/llibresInfo.php?idLlibre=1155\"><em>Una introducci\u00f3n a la sociedad japonesa<\/em><\/a>. CERAO (UAB) &#8211; Edicions Bellaterra, 2016.<\/p>\n<\/div><\/div>\n\n\n\n<div class=\"wp-block-media-text is-stacked-on-mobile\" style=\"grid-template-columns:36% auto\"><figure class=\"wp-block-media-text__media\"><img decoding=\"async\" src=\"http:\/\/www.ed-bellaterra.com\/uploads\/imgproducts\/JAPON%20CONTEM%20PORT%20baja.jpg\" alt=\"\" \/><\/figure><div class=\"wp-block-media-text__content\">\n<p class=\"has-small-font-size\">Artur Lozano M\u00e9ndez (ed.). <a href=\"http:\/\/www.ed-bellaterra.com\/php\/llibresInfo.php?idLlibre=1154\"><em>El Jap\u00f3n contempor\u00e1neo. Una aproximaci\u00f3n desde los estudios culturales<\/em><\/a>. CERAO (UAB) &#8211; Edicions Bellaterra, 2016.<\/p>\n<\/div><\/div>\n\n\n\n<div class=\"wp-block-media-text is-stacked-on-mobile\" style=\"grid-template-columns:36% auto\"><figure class=\"wp-block-media-text__media\"><img decoding=\"async\" src=\"http:\/\/www.ed-bellaterra.com\/uploads\/imgproducts\/escuela%20de%20KIOTO.jpg\" alt=\"\" \/><\/figure><div class=\"wp-block-media-text__content\">\n<p class=\"has-small-font-size\">Robert E. Carter.<em> <a href=\"http:\/\/www.ed-bellaterra.com\/php\/llibresInfo.php?idLlibre=1084\">La escuela de Kioto. Una introducci\u00f3n<\/a><\/em>. CERAO (UAB) &#8211; Edicions Bellaterra, 2015.<\/p>\n<\/div><\/div>\n\n\n\n<div class=\"wp-block-media-text is-stacked-on-mobile\" style=\"grid-template-columns:36% auto\"><figure class=\"wp-block-media-text__media\"><img decoding=\"async\" src=\"http:\/\/www.ed-bellaterra.com\/uploads\/imgproducts\/genealogia%20y%20transformacion.jpg\" alt=\"\" \/><\/figure><div class=\"wp-block-media-text__content\">\n<p class=\"has-small-font-size\">Gustavo Pita C\u00e9spedes.<em> <a href=\"http:\/\/www.ed-bellaterra.com\/php\/llibresInfo.php?idLlibre=1008\">Genealog\u00eda y transformaci\u00f3n de la cultura bushi en Jap\u00f3n<\/a><\/em>. CERAO (UAB) &#8211; Edicions Bellaterra, 2014.<\/p>\n<\/div><\/div>\n\n\n\n<div class=\"wp-block-media-text is-stacked-on-mobile\" style=\"grid-template-columns:37% auto\"><figure class=\"wp-block-media-text__media\"><img decoding=\"async\" src=\"http:\/\/www.ed-bellaterra.com\/uploads\/imgproducts\/Breve%20histo%20civi%20Japonesa.jpg\" alt=\"\" \/><\/figure><div class=\"wp-block-media-text__content\">\n<p class=\"has-small-font-size\">Conrad Schirokauer, David Lurie y Suzanne Gay.<em> <a href=\"http:\/\/www.ed-bellaterra.com\/php\/llibresInfo.php?idLlibre=968\">Breve historia de la civilizaci\u00f3n japonesa<\/a><\/em>. CERAO (UAB) &#8211; Edicions Bellaterra, 2014.<\/p>\n<\/div><\/div>\n","protected":false},"excerpt":{"rendered":"<p>Biblioteca d&#8217;Estudis Japonesos Loriguillo L\u00f3pez, Antonio. Estudios sobre cultura visual japonesa. CERAO (UAB) &#8211; Edicions Bellaterra, 2022. Cresp\u00edn Perales, Montserrat. Feminismo e identidades de g\u00e9nero en Jap\u00f3n. CERAO (UAB) &#8211; Edicions Bellaterra, 2021. Pitarch Fern\u00e1ndez, Pau. Nuevas aproximaciones a la literatura japonesa. CERAO (UAB) &#8211; Edicions Bellaterra, 2020. De Vargas, Ferran. Izquierda y revoluci\u00f3n. Una [&hellip;]<\/p>\n","protected":false},"author":20,"featured_media":0,"parent":0,"menu_order":0,"comment_status":"closed","ping_status":"closed","template":"","meta":{"footnotes":""},"class_list":["post-249","page","type-page","status-publish","hentry"],"_links":{"self":[{"href":"https:\/\/webs.uab.cat\/gregal\/wp-json\/wp\/v2\/pages\/249","targetHints":{"allow":["GET"]}}],"collection":[{"href":"https:\/\/webs.uab.cat\/gregal\/wp-json\/wp\/v2\/pages"}],"about":[{"href":"https:\/\/webs.uab.cat\/gregal\/wp-json\/wp\/v2\/types\/page"}],"author":[{"embeddable":true,"href":"https:\/\/webs.uab.cat\/gregal\/wp-json\/wp\/v2\/users\/20"}],"replies":[{"embeddable":true,"href":"https:\/\/webs.uab.cat\/gregal\/wp-json\/wp\/v2\/comments?post=249"}],"version-history":[{"count":5,"href":"https:\/\/webs.uab.cat\/gregal\/wp-json\/wp\/v2\/pages\/249\/revisions"}],"predecessor-version":[{"id":1776,"href":"https:\/\/webs.uab.cat\/gregal\/wp-json\/wp\/v2\/pages\/249\/revisions\/1776"}],"wp:attachment":[{"href":"https:\/\/webs.uab.cat\/gregal\/wp-json\/wp\/v2\/media?parent=249"}],"curies":[{"name":"wp","href":"https:\/\/api.w.org\/{rel}","templated":true}]}}