{"id":56,"date":"2019-07-26T09:24:36","date_gmt":"2019-07-26T09:24:36","guid":{"rendered":"https:\/\/webs.uab.cat\/gregal\/formacio\/"},"modified":"2025-06-25T10:26:46","modified_gmt":"2025-06-25T10:26:46","slug":"formacio","status":"publish","type":"page","link":"https:\/\/webs.uab.cat\/gregal\/formacio\/","title":{"rendered":"Formaci\u00f3"},"content":{"rendered":"\n<p>Els membres de <strong>GREGAL<\/strong> s\u00f3n docents en Graus, M\u00e0sters i Doctorats tant a la Universitat Aut\u00f2noma de Barcelona com a altres universitats d&#8217;\u00e0mbit nacional i internacional, col.laborant en la formaci\u00f3 de futurs investigadors i professionals especialitzats principalment en Jap\u00f3 i Korea.<\/p>\n\n\n\n<ul class=\"wp-block-list\">\n<li><a href=\"https:\/\/webs.uab.cat\/gregal\/grau\/\" data-type=\"page\" data-id=\"407\">Grau <\/a><\/li>\n\n\n\n<li><a href=\"https:\/\/webs.uab.cat\/gregal\/master\/\" data-type=\"page\" data-id=\"408\">M\u00e0ster <\/a><\/li>\n\n\n\n<li><a href=\"https:\/\/webs.uab.cat\/gregal\/doctorat\/\" data-type=\"page\" data-id=\"412\">Doctorat <\/a><\/li>\n\n\n\n<li><a href=\"https:\/\/webs.uab.cat\/gregal\/escola-destiu-de-doctorat-0\/\" data-type=\"URL\" data-id=\"https:\/\/webs.uab.cat\/gregal\/escola-destiu-de-doctorat-0\/\">Escola de&#8217;Estiu<\/a><\/li>\n\n\n\n<li><a href=\"https:\/\/www.uab.cat\/ca\/ice\/setmana1\">Programa Arg\u00f3: Llengua i cultura japonesa<\/a><\/li>\n\n\n\n<li><a href=\"https:\/\/webs.uab.cat\/gregal\/nit-europea-de-la-recerca\/\">Nit Europea de la Recerca<\/a><\/li>\n<\/ul>\n","protected":false},"excerpt":{"rendered":"<p>Els membres de GREGAL s\u00f3n docents en Graus, M\u00e0sters i Doctorats tant a la Universitat Aut\u00f2noma de Barcelona com a altres universitats d&#8217;\u00e0mbit nacional i internacional, col.laborant en la formaci\u00f3 de futurs investigadors i professionals especialitzats principalment en Jap\u00f3 i Korea.<\/p>\n","protected":false},"author":20,"featured_media":0,"parent":0,"menu_order":0,"comment_status":"closed","ping_status":"closed","template":"","meta":{"footnotes":""},"class_list":["post-56","page","type-page","status-publish","hentry"],"_links":{"self":[{"href":"https:\/\/webs.uab.cat\/gregal\/wp-json\/wp\/v2\/pages\/56","targetHints":{"allow":["GET"]}}],"collection":[{"href":"https:\/\/webs.uab.cat\/gregal\/wp-json\/wp\/v2\/pages"}],"about":[{"href":"https:\/\/webs.uab.cat\/gregal\/wp-json\/wp\/v2\/types\/page"}],"author":[{"embeddable":true,"href":"https:\/\/webs.uab.cat\/gregal\/wp-json\/wp\/v2\/users\/20"}],"replies":[{"embeddable":true,"href":"https:\/\/webs.uab.cat\/gregal\/wp-json\/wp\/v2\/comments?post=56"}],"version-history":[{"count":5,"href":"https:\/\/webs.uab.cat\/gregal\/wp-json\/wp\/v2\/pages\/56\/revisions"}],"predecessor-version":[{"id":2682,"href":"https:\/\/webs.uab.cat\/gregal\/wp-json\/wp\/v2\/pages\/56\/revisions\/2682"}],"wp:attachment":[{"href":"https:\/\/webs.uab.cat\/gregal\/wp-json\/wp\/v2\/media?parent=56"}],"curies":[{"name":"wp","href":"https:\/\/api.w.org\/{rel}","templated":true}]}}