{"id":30,"date":"2023-02-14T11:26:57","date_gmt":"2023-02-14T09:26:57","guid":{"rendered":"https:\/\/webs.uab.cat\/grela\/?page_id=30"},"modified":"2025-07-18T11:06:14","modified_gmt":"2025-07-18T09:06:14","slug":"activities","status":"publish","type":"page","link":"https:\/\/webs.uab.cat\/grela\/activities\/","title":{"rendered":"Activities"},"content":{"rendered":"\n<p class=\"has-large-font-size\"><\/p>\n\n\n\n<div class=\"wp-block-media-text is-stacked-on-mobile\" style=\"grid-template-columns:33% auto\"><figure class=\"wp-block-media-text__media\"><img loading=\"lazy\" decoding=\"async\" width=\"326\" height=\"222\" src=\"https:\/\/webs.uab.cat\/grela\/wp-content\/uploads\/sites\/331\/2025\/07\/Imagen-cantos.png\" alt=\"\" class=\"wp-image-701 size-full\" srcset=\"https:\/\/webs.uab.cat\/grela\/wp-content\/uploads\/sites\/331\/2025\/07\/Imagen-cantos.png 326w, https:\/\/webs.uab.cat\/grela\/wp-content\/uploads\/sites\/331\/2025\/07\/Imagen-cantos-300x204.png 300w\" sizes=\"auto, (max-width: 326px) 100vw, 326px\" \/><\/figure><div class=\"wp-block-media-text__content\">\n<p>30 May 2025, 10:00, <a href=\"https:\/\/teams.microsoft.com\/l\/meetup-join\/19%3ameeting_MjY3NWJkODktMDdjZi00MWQyLWJjYmYtMjlmZTFmZDkzOTYy%40thread.v2\/0?context=%7b%22Tid%22%3a%226b514c29-2391-4831-b774-84f35c45bf01%22%2c%22Oid%22%3a%2213e976d7-a7a6-4370-ab73-3a23d25f53bf%22%7d\">ONLINE<\/a>, Invited talk &#8211; <strong>When data speak louder than words<\/strong><\/p>\n\n\n\n<p>Prof. Pascual Cantos (Universidad de Murcia)<\/p>\n<\/div><\/div>\n\n\n\n<div class=\"wp-block-media-text is-stacked-on-mobile\" style=\"grid-template-columns:33% auto\"><figure class=\"wp-block-media-text__media\"><img loading=\"lazy\" decoding=\"async\" width=\"312\" height=\"176\" src=\"https:\/\/webs.uab.cat\/grela\/wp-content\/uploads\/sites\/331\/2025\/07\/Imagen-1.jpg\" alt=\"\" class=\"wp-image-698 size-full\" srcset=\"https:\/\/webs.uab.cat\/grela\/wp-content\/uploads\/sites\/331\/2025\/07\/Imagen-1.jpg 312w, https:\/\/webs.uab.cat\/grela\/wp-content\/uploads\/sites\/331\/2025\/07\/Imagen-1-300x169.jpg 300w\" sizes=\"auto, (max-width: 312px) 100vw, 312px\" \/><\/figure><div class=\"wp-block-media-text__content\">\n<p>13 May 2025, 10-11:30, Room 213, Facultat de Filosofia i Lletres. Invited talk &#8211; <strong>Minoritized languages or minoritized lived experiences? Intergenerational transmission in particular social contexts<\/strong> &#8211; NOW ONLINE. <\/p>\n\n\n\n<p>Dr. Judith PURKARTHOFER (Universit\u00e4t Duisburg-Essen, Germany).<\/p>\n<\/div><\/div>\n\n\n\n<div class=\"wp-block-media-text is-stacked-on-mobile\"><figure class=\"wp-block-media-text__media\"><img loading=\"lazy\" decoding=\"async\" width=\"724\" height=\"1024\" src=\"https:\/\/webs.uab.cat\/grela\/wp-content\/uploads\/sites\/331\/2025\/03\/poster-seminar-April-2025-724x1024.png\" alt=\"\" class=\"wp-image-678 size-full\" srcset=\"https:\/\/webs.uab.cat\/grela\/wp-content\/uploads\/sites\/331\/2025\/03\/poster-seminar-April-2025-724x1024.png 724w, https:\/\/webs.uab.cat\/grela\/wp-content\/uploads\/sites\/331\/2025\/03\/poster-seminar-April-2025-212x300.png 212w, https:\/\/webs.uab.cat\/grela\/wp-content\/uploads\/sites\/331\/2025\/03\/poster-seminar-April-2025-768x1086.png 768w, https:\/\/webs.uab.cat\/grela\/wp-content\/uploads\/sites\/331\/2025\/03\/poster-seminar-April-2025-1086x1536.png 1086w, https:\/\/webs.uab.cat\/grela\/wp-content\/uploads\/sites\/331\/2025\/03\/poster-seminar-April-2025-1448x2048.png 1448w, https:\/\/webs.uab.cat\/grela\/wp-content\/uploads\/sites\/331\/2025\/03\/poster-seminar-April-2025-1200x1698.png 1200w, https:\/\/webs.uab.cat\/grela\/wp-content\/uploads\/sites\/331\/2025\/03\/poster-seminar-April-2025.png 1587w\" sizes=\"auto, (max-width: 724px) 100vw, 724px\" \/><\/figure><div class=\"wp-block-media-text__content\">\n<p class=\"has-small-font-size\" style=\"font-style:normal;font-weight:200\"><strong>Upcoming Sociolinguistics Research Seminar<\/strong> with Prof. J\u00fcrgen Jaspers as guest speaker. Presenters will include: <\/p>\n\n\n\n<p class=\"has-small-font-size\" style=\"font-style:normal;font-weight:200\"><strong>G\u00fclsah Turk<\/strong>, <em>GReLA Research group, Department of English and German Studies (UAB).<\/em><\/p>\n\n\n\n<p class=\"has-small-font-size\" style=\"font-style:normal;font-weight:200\"><strong>Charo Reyes<\/strong>, <em>EMIGRA Research Group, Department of Social and Cultural Anthropology (UAB)<\/em>.<\/p>\n\n\n\n<p class=\"has-small-font-size\" style=\"font-style:normal;font-weight:200\"><strong>Dafna Yitzaki<\/strong>, <em>Kibbutzim College of Education<\/em>.<\/p>\n\n\n\n<p class=\"has-small-font-size\" style=\"font-style:normal;font-weight:200\">The Seminar programme can be downloaded <a href=\"https:\/\/drive.google.com\/file\/d\/1NNrZQMxjXOmZw5kbWkyeqW2A4MWkSrPA\/view?usp=sharing\">here<\/a>.<\/p>\n\n\n\n<p class=\"has-text-align-left has-small-font-size\" style=\"font-style:normal;font-weight:200\">To attend, please contact: eva.codo@uab.cat <\/p>\n<\/div><\/div>\n\n\n\n<p><\/p>\n\n\n\n<div class=\"wp-block-columns is-layout-flex wp-container-core-columns-is-layout-9d6595d7 wp-block-columns-is-layout-flex\">\n<div class=\"wp-block-column is-layout-flow wp-block-column-is-layout-flow\"><\/div>\n\n\n\n<div class=\"wp-block-column is-layout-flow wp-block-column-is-layout-flow\" style=\"flex-basis:100%\"><\/div>\n<\/div>\n\n\n\n<div class=\"wp-block-media-text is-stacked-on-mobile\"><figure class=\"wp-block-media-text__media\"><img loading=\"lazy\" decoding=\"async\" width=\"727\" height=\"1024\" src=\"https:\/\/webs.uab.cat\/grela\/wp-content\/uploads\/sites\/331\/2025\/02\/imatge-727x1024.png\" alt=\"\" class=\"wp-image-671 size-full\" srcset=\"https:\/\/webs.uab.cat\/grela\/wp-content\/uploads\/sites\/331\/2025\/02\/imatge-727x1024.png 727w, https:\/\/webs.uab.cat\/grela\/wp-content\/uploads\/sites\/331\/2025\/02\/imatge-213x300.png 213w, https:\/\/webs.uab.cat\/grela\/wp-content\/uploads\/sites\/331\/2025\/02\/imatge-768x1082.png 768w, https:\/\/webs.uab.cat\/grela\/wp-content\/uploads\/sites\/331\/2025\/02\/imatge.png 870w\" sizes=\"auto, (max-width: 727px) 100vw, 727px\" \/><\/figure><div class=\"wp-block-media-text__content\">\n<p>Check <a href=\"https:\/\/drive.google.com\/file\/d\/1tPuNOAbcH7C60XmJjgEjxhAlOrZYTMFw\/view?usp=sharing\">programme<\/a> here. To attend, please contact the GReLA group. <\/p>\n<\/div><\/div>\n\n\n\n<div class=\"wp-block-media-text is-stacked-on-mobile\"><figure class=\"wp-block-media-text__media\"><img loading=\"lazy\" decoding=\"async\" width=\"686\" height=\"962\" src=\"https:\/\/webs.uab.cat\/grela\/wp-content\/uploads\/sites\/331\/2024\/10\/Captura-de-pantalla-2024-10-02-a-les-11.14.14.png\" alt=\"\" class=\"wp-image-655 size-full\" srcset=\"https:\/\/webs.uab.cat\/grela\/wp-content\/uploads\/sites\/331\/2024\/10\/Captura-de-pantalla-2024-10-02-a-les-11.14.14.png 686w, https:\/\/webs.uab.cat\/grela\/wp-content\/uploads\/sites\/331\/2024\/10\/Captura-de-pantalla-2024-10-02-a-les-11.14.14-214x300.png 214w\" sizes=\"auto, (max-width: 686px) 100vw, 686px\" \/><\/figure><div class=\"wp-block-media-text__content\">\n<p>Check <a href=\"https:\/\/drive.google.com\/file\/d\/1rM4xOyHQ2qtIMUf8QcdPiC0qclNOl7Aq\/view?usp=sharing\">programme<\/a> here. To attend, please contact the GReLA group.<\/p>\n<\/div><\/div>\n\n\n\n<div class=\"wp-block-media-text is-stacked-on-mobile\" style=\"grid-template-columns:23% auto\"><figure class=\"wp-block-media-text__media\"><img loading=\"lazy\" decoding=\"async\" width=\"210\" height=\"108\" src=\"https:\/\/webs.uab.cat\/grela\/wp-content\/uploads\/sites\/331\/2024\/02\/luzern.jpg\" alt=\"\" class=\"wp-image-622 size-full\" \/><\/figure><div class=\"wp-block-media-text__content\">\n<p>7 March 2024, 12:15, SE 112 (PH Luzern) <strong>M. Rosa Garrido Sard\u00e0- <\/strong>Invited talk &#8211;<strong> <\/strong><a href=\"https:\/\/www.phlu.ch\/veranstaltungen\/english-immersion-as-family-language-policy-affective-dimensions-of-childrens-language-investment-in-a-family-run-space.html\">English Immersion as Family Language Policy: Affective Dimensions of Children\u2019s Language Investment in a Family-run Space<\/a>. Dissemination activity of the ENIFALPO R+D Project<\/p>\n<\/div><\/div>\n\n\n\n<div class=\"wp-block-media-text is-stacked-on-mobile\" style=\"grid-template-columns:21% auto\"><figure class=\"wp-block-media-text__media\"><img loading=\"lazy\" decoding=\"async\" width=\"724\" height=\"1024\" src=\"https:\/\/webs.uab.cat\/grela\/wp-content\/uploads\/sites\/331\/2023\/10\/cartell-workshop-724x1024.png\" alt=\"\" class=\"wp-image-307 size-full\" srcset=\"https:\/\/webs.uab.cat\/grela\/wp-content\/uploads\/sites\/331\/2023\/10\/cartell-workshop-724x1024.png 724w, https:\/\/webs.uab.cat\/grela\/wp-content\/uploads\/sites\/331\/2023\/10\/cartell-workshop-212x300.png 212w, https:\/\/webs.uab.cat\/grela\/wp-content\/uploads\/sites\/331\/2023\/10\/cartell-workshop-768x1086.png 768w, https:\/\/webs.uab.cat\/grela\/wp-content\/uploads\/sites\/331\/2023\/10\/cartell-workshop-1086x1536.png 1086w, https:\/\/webs.uab.cat\/grela\/wp-content\/uploads\/sites\/331\/2023\/10\/cartell-workshop-1448x2048.png 1448w, https:\/\/webs.uab.cat\/grela\/wp-content\/uploads\/sites\/331\/2023\/10\/cartell-workshop-1200x1698.png 1200w, https:\/\/webs.uab.cat\/grela\/wp-content\/uploads\/sites\/331\/2023\/10\/cartell-workshop.png 1587w\" sizes=\"auto, (max-width: 724px) 100vw, 724px\" \/><\/figure><div class=\"wp-block-media-text__content\">\n<p><\/p>\n\n\n\n<p>2 February 2024: <strong>International Workshop on Peer Interaction in the L2 Classroom<\/strong>, UAB, <a href=\"https:\/\/peerinteractionworkshop2024.weebly.com\/\" data-type=\"URL\" data-id=\"https:\/\/peerinteractionworkshop2024.weebly.com\/\">https:\/\/peerinteractionworkshop2024.weebly.com\/<\/a><\/p>\n\n\n\n<p>Sala de Graus, Facultat de Filosofia i Lletres. PID2019-107328GB-I00<\/p>\n\n\n\n<p><\/p>\n\n\n\n<p><\/p>\n<\/div><\/div>\n\n\n\n<div class=\"wp-block-media-text is-stacked-on-mobile\" style=\"grid-template-columns:21% auto\"><figure class=\"wp-block-media-text__media\"><img loading=\"lazy\" decoding=\"async\" width=\"425\" height=\"367\" src=\"https:\/\/webs.uab.cat\/grela\/wp-content\/uploads\/sites\/331\/2023\/12\/vasi-mocanu.png\" alt=\"\" class=\"wp-image-598 size-full\" srcset=\"https:\/\/webs.uab.cat\/grela\/wp-content\/uploads\/sites\/331\/2023\/12\/vasi-mocanu.png 425w, https:\/\/webs.uab.cat\/grela\/wp-content\/uploads\/sites\/331\/2023\/12\/vasi-mocanu-300x259.png 300w\" sizes=\"auto, (max-width: 425px) 100vw, 425px\" \/><\/figure><div class=\"wp-block-media-text__content\">\n<p>25 January 2024, 12 pm, Seminari Guillermina Cenoz: Invited talk &#8211; <strong>Key Sociolinguistic Aspects of Study Abroad in Europe: a cross-national, mixed methods approach<\/strong><\/p>\n\n\n\n<p>Dr. Vasilica MOCANU (Universidad de Salamanca). <\/p>\n<\/div><\/div>\n\n\n\n<div class=\"wp-block-media-text is-stacked-on-mobile\" style=\"grid-template-columns:21% auto\"><figure class=\"wp-block-media-text__media\"><img loading=\"lazy\" decoding=\"async\" width=\"724\" height=\"1024\" src=\"https:\/\/webs.uab.cat\/grela\/wp-content\/uploads\/sites\/331\/2023\/12\/Family-Language-Policy-Seminar-Poster_v2-724x1024.jpg\" alt=\"\" class=\"wp-image-594 size-full\" srcset=\"https:\/\/webs.uab.cat\/grela\/wp-content\/uploads\/sites\/331\/2023\/12\/Family-Language-Policy-Seminar-Poster_v2-724x1024.jpg 724w, https:\/\/webs.uab.cat\/grela\/wp-content\/uploads\/sites\/331\/2023\/12\/Family-Language-Policy-Seminar-Poster_v2-212x300.jpg 212w, https:\/\/webs.uab.cat\/grela\/wp-content\/uploads\/sites\/331\/2023\/12\/Family-Language-Policy-Seminar-Poster_v2-768x1086.jpg 768w, https:\/\/webs.uab.cat\/grela\/wp-content\/uploads\/sites\/331\/2023\/12\/Family-Language-Policy-Seminar-Poster_v2-1086x1536.jpg 1086w, https:\/\/webs.uab.cat\/grela\/wp-content\/uploads\/sites\/331\/2023\/12\/Family-Language-Policy-Seminar-Poster_v2-1448x2048.jpg 1448w, https:\/\/webs.uab.cat\/grela\/wp-content\/uploads\/sites\/331\/2023\/12\/Family-Language-Policy-Seminar-Poster_v2-1200x1697.jpg 1200w, https:\/\/webs.uab.cat\/grela\/wp-content\/uploads\/sites\/331\/2023\/12\/Family-Language-Policy-Seminar-Poster_v2-1980x2801.jpg 1980w, https:\/\/webs.uab.cat\/grela\/wp-content\/uploads\/sites\/331\/2023\/12\/Family-Language-Policy-Seminar-Poster_v2-scaled.jpg 1810w\" sizes=\"auto, (max-width: 724px) 100vw, 724px\" \/><\/figure><div class=\"wp-block-media-text__content\">\n<p>18-19 January 2024: <a href=\"https:\/\/drive.google.com\/file\/d\/1V_hbAXsQx7gRi9Q7VU-Lv2mzg3-Be8bc\/view?usp=sharing\"><strong>Exploring New Directions in Family Language Policy: Contexts, Methods and Perspectives<\/strong>.<\/a><\/p>\n\n\n\n<p>Sal\u00f3n de Grados, Facultad de Letras, Universidad de Castilla-La Mancha &#8211; Ciudad Real. PID2019-106710GB-I00<\/p>\n\n\n\n<p><\/p>\n<\/div><\/div>\n\n\n\n<div class=\"wp-block-media-text is-stacked-on-mobile\" style=\"grid-template-columns:21% auto\"><figure class=\"wp-block-media-text__media\"><img loading=\"lazy\" decoding=\"async\" width=\"422\" height=\"119\" src=\"https:\/\/webs.uab.cat\/grela\/wp-content\/uploads\/sites\/331\/2023\/11\/images.png\" alt=\"\" class=\"wp-image-583 size-full\" srcset=\"https:\/\/webs.uab.cat\/grela\/wp-content\/uploads\/sites\/331\/2023\/11\/images.png 422w, https:\/\/webs.uab.cat\/grela\/wp-content\/uploads\/sites\/331\/2023\/11\/images-300x85.png 300w\" sizes=\"auto, (max-width: 422px) 100vw, 422px\" \/><\/figure><div class=\"wp-block-media-text__content\">\n<p>18th November 2023: <strong>Elisabet Pladevall-Ballester<\/strong>, Featured partner and Guest lecture, <a href=\"https:\/\/mlrc.wisc.edu\/event\/research-symposium-barcelona\/\">Barcelona Research Symposium<\/a>, <a href=\"https:\/\/mlrc.wisc.edu\/\" data-type=\"URL\" data-id=\"https:\/\/mlrc.wisc.edu\/\">Multilingual Learning Research Center<\/a>, University of Wisconsin, Madison, American School of Barcelona: Pair dynamics and language-related episodes in child EFL peer-interaction.<\/p>\n<\/div><\/div>\n\n\n\n<div class=\"wp-block-media-text is-stacked-on-mobile\" style=\"grid-template-columns:21% auto\"><figure class=\"wp-block-media-text__media\"><img loading=\"lazy\" decoding=\"async\" width=\"200\" height=\"200\" src=\"https:\/\/webs.uab.cat\/grela\/wp-content\/uploads\/sites\/331\/2023\/11\/dafna-yitzhaki.png\" alt=\"\" class=\"wp-image-568 size-full\" srcset=\"https:\/\/webs.uab.cat\/grela\/wp-content\/uploads\/sites\/331\/2023\/11\/dafna-yitzhaki.png 200w, https:\/\/webs.uab.cat\/grela\/wp-content\/uploads\/sites\/331\/2023\/11\/dafna-yitzhaki-150x150.png 150w\" sizes=\"auto, (max-width: 200px) 100vw, 200px\" \/><\/figure><div class=\"wp-block-media-text__content\">\n<p><\/p>\n\n\n\n<p>Invited talk &#8211; <strong>Dr Dafna Yitzhaki, Kibbutzim College of Education, Israel<\/strong><\/p>\n\n\n\n<p><strong>17th November 2023, 10:00am<\/strong> &#8211; Room 203<\/p>\n\n\n\n<p>English Shared Education in Israel as a Translanguaging space: An Inside Look from the classroom.<\/p>\n\n\n\n<p><\/p>\n<\/div><\/div>\n\n\n\n<div class=\"wp-block-media-text is-stacked-on-mobile\" style=\"grid-template-columns:21% auto\"><figure class=\"wp-block-media-text__media\"><img loading=\"lazy\" decoding=\"async\" width=\"314\" height=\"373\" src=\"https:\/\/webs.uab.cat\/grela\/wp-content\/uploads\/sites\/331\/2023\/10\/julia.jpg\" alt=\"\" class=\"wp-image-522 size-full\" srcset=\"https:\/\/webs.uab.cat\/grela\/wp-content\/uploads\/sites\/331\/2023\/10\/julia.jpg 314w, https:\/\/webs.uab.cat\/grela\/wp-content\/uploads\/sites\/331\/2023\/10\/julia-253x300.jpg 253w\" sizes=\"auto, (max-width: 314px) 100vw, 314px\" \/><\/figure><div class=\"wp-block-media-text__content\">\n<p><\/p>\n\n\n\n<p><strong>EFLIC Reading Group 2023-2024 1st session<\/strong><\/p>\n\n\n\n<p>3rd November 2023 at 1pm on <a href=\"https:\/\/teams.microsoft.com\/l\/meetup-join\/19%3ameeting_ZDEyMzgzYWMtODZkZS00ZWJmLTk5YzItYTNjODg1ODRmOTA2%40thread.v2\/0?context=%7b%22Tid%22%3a%226b514c29-2391-4831-b774-84f35c45bf01%22%2c%22Oid%22%3a%2213e976d7-a7a6-4370-ab73-3a23d25f53bf%22%7d\" data-type=\"URL\" data-id=\"https:\/\/teams.microsoft.com\/l\/meetup-join\/19%3ameeting_ZDEyMzgzYWMtODZkZS00ZWJmLTk5YzItYTNjODg1ODRmOTA2%40thread.v2\/0?context=%7b%22Tid%22%3a%226b514c29-2391-4831-b774-84f35c45bf01%22%2c%22Oid%22%3a%2213e976d7-a7a6-4370-ab73-3a23d25f53bf%22%7d\">Teams<\/a><\/p>\n\n\n\n<p>Invited online talk: A task-supported language approach to teaching L2 pragmatics, <strong>Dr J\u00falia Bar\u00f3n<\/strong>, Universitat de Barcelona.<\/p>\n\n\n\n<p><\/p>\n\n\n\n<p><\/p>\n<\/div><\/div>\n\n\n\n<div class=\"wp-block-columns is-layout-flex wp-container-core-columns-is-layout-9d6595d7 wp-block-columns-is-layout-flex\">\n<div class=\"wp-block-column is-layout-flow wp-block-column-is-layout-flow\" style=\"flex-basis:25%\">\n<figure class=\"wp-block-gallery has-nested-images columns-default is-cropped wp-block-gallery-1 is-layout-flex wp-block-gallery-is-layout-flex\">\n<figure class=\"wp-block-image size-large\"><img loading=\"lazy\" decoding=\"async\" width=\"418\" height=\"572\" data-id=\"315\" src=\"https:\/\/webs.uab.cat\/grela\/wp-content\/uploads\/sites\/331\/2023\/10\/Irene_Tort.png\" alt=\"\" class=\"wp-image-315\" srcset=\"https:\/\/webs.uab.cat\/grela\/wp-content\/uploads\/sites\/331\/2023\/10\/Irene_Tort.png 418w, https:\/\/webs.uab.cat\/grela\/wp-content\/uploads\/sites\/331\/2023\/10\/Irene_Tort-219x300.png 219w\" sizes=\"auto, (max-width: 418px) 100vw, 418px\" \/><\/figure>\n<\/figure>\n<\/div>\n\n\n\n<div class=\"wp-block-column is-layout-flow wp-block-column-is-layout-flow\" style=\"flex-basis:75%\">\n<p><strong>Irene TORT <\/strong>&#8211; PhD Defence<\/p>\n\n\n\n<p>9th November 2023, 4:30pm, Campus Mundet, UB&nbsp;(<a rel=\"noreferrer noopener\" href=\"https:\/\/www.ub.edu\/portal\/web\/dp-treball-social\/ubicacio\" target=\"_blank\">Facultat d\u2019Educaci\u00f3 de la UB a la sala 140 de l\u2019Edifici Llevant<\/a>):<em>&nbsp;La interacci\u00f3 oral en l\u2019ensenyament i aprenentatge de l\u2019angl\u00e8s en el marc de la formaci\u00f3 d\u2019adults: estudis de cas a trav\u00e9s de les creences.&nbsp;<\/em><\/p>\n\n\n\n<p><\/p>\n\n\n\n<p><\/p>\n<\/div>\n<\/div>\n\n\n\n<div class=\"wp-block-media-text is-stacked-on-mobile\" style=\"grid-template-columns:21% auto\"><figure class=\"wp-block-media-text__media\"><img loading=\"lazy\" decoding=\"async\" width=\"724\" height=\"1024\" src=\"https:\/\/webs.uab.cat\/grela\/wp-content\/uploads\/sites\/331\/2023\/07\/2023-Cartell-25-anys-CUSC-1-724x1024-1.png\" alt=\"\" class=\"wp-image-219 size-full\" srcset=\"https:\/\/webs.uab.cat\/grela\/wp-content\/uploads\/sites\/331\/2023\/07\/2023-Cartell-25-anys-CUSC-1-724x1024-1.png 724w, https:\/\/webs.uab.cat\/grela\/wp-content\/uploads\/sites\/331\/2023\/07\/2023-Cartell-25-anys-CUSC-1-724x1024-1-212x300.png 212w\" sizes=\"auto, (max-width: 724px) 100vw, 724px\" \/><\/figure><div class=\"wp-block-media-text__content\">\n<p>29th September 2023: <strong>Eva Cod\u00f3.<\/strong> Invited plenary. Centre de Recerca en Socioling\u00fc\u00edstica i Comunicaci\u00f3 (CUSC), UB, <a href=\"https:\/\/www.ub.edu\/cusc\/presentem-els-actes-de-celebracio-dels-25-anys-del-cusc\/\">Actes de celebraci\u00f3 dels 25 anys<\/a>: L&#8217;angl\u00e8s a la Catalunya contempor\u00e0nia: apunts socioling\u00fc\u00edstics.<\/p>\n\n\n\n<p><\/p>\n<\/div><\/div>\n\n\n\n<div class=\"wp-block-media-text is-stacked-on-mobile\" style=\"grid-template-columns:46% auto\"><figure class=\"wp-block-media-text__media\"><img loading=\"lazy\" decoding=\"async\" width=\"533\" height=\"195\" src=\"https:\/\/webs.uab.cat\/grela\/wp-content\/uploads\/sites\/331\/2023\/07\/CLLEAR.png\" alt=\"\" class=\"wp-image-221 size-full\" srcset=\"https:\/\/webs.uab.cat\/grela\/wp-content\/uploads\/sites\/331\/2023\/07\/CLLEAR.png 533w, https:\/\/webs.uab.cat\/grela\/wp-content\/uploads\/sites\/331\/2023\/07\/CLLEAR-300x110.png 300w\" sizes=\"auto, (max-width: 533px) 100vw, 533px\" \/><\/figure><div class=\"wp-block-media-text__content\">\n<p>17th May 2023: <strong>Eva Cod\u00f3<\/strong>. Guest lecture, <a href=\"https:\/\/www.southampton.ac.uk\/cllear\/index.page\">Centre for Linguistics, Language Education and Acquisition Research (CLLEAR<\/a>), University of Southampton, UK: \u201cYou need to make people want to talk to you\u201d: Spanish adolescents\u2019 discourses about their year abroad experience in an English-speaking country. <\/p>\n<\/div><\/div>\n\n\n\n<p>17th May 2023: <strong>Eva Cod\u00f3<\/strong>. Guest lecture, <a href=\"https:\/\/www.southampton.ac.uk\/cllear\/index.page\">Centre for Linguistics, Language Education and Acquisition Research (CLLEAR<\/a>), University of Southampton, UK: \u201cYou need to make people want to talk to you\u201d: Spanish adolescents\u2019 discourses about their year abroad experience in an English-speaking country. <\/p>\n\n\n\n<p>13th May 2023: <strong>Elisabet Pladevall-Ballester<\/strong>. Invited plenary. II Jornada d&#8217;Educaci\u00f3 Infantil. L&#8217;aprenentatge de la llengua anglesa en els sis primers anys de vida, UVic-UCC: Aprendre i ensenyar angl\u00e8s a l&#8217;Educaci\u00f3 Infantil. Is &#8220;the younger the better&#8221; still a myth?&#8221;.<\/p>\n\n\n\n<p>March 2023: <strong>Elisabet Pladevall-Ballester<\/strong>. Guest Lecture, Centre for Language, Discourse and Communication, School of Education, Communication and Society, King\u2019s College London, UK: Content and Language Integrated Learning (CLIL): creating opportunities for foreign language learning in a content class.<\/p>\n\n\n\n<p>March 2023: <strong>Elisabet Pladevall-Ballester<\/strong>. Invited Research Seminar, Centre for Language, Discourse and Communication, School of Education, Communication and Society, King\u2019s College London, UK: Task-based peer-interaction in primary school English as a Foreign Language programmes: linguistic and interactional development.<\/p>\n\n\n\n<p><\/p>\n\n\n\n<div class=\"wp-block-media-text is-stacked-on-mobile\"><figure class=\"wp-block-media-text__media\"><\/figure><div class=\"wp-block-media-text__content\">\n<p><\/p>\n<\/div><\/div>\n","protected":false},"excerpt":{"rendered":"<p>30 May 2025, 10:00, ONLINE, Invited talk &#8211; When data speak louder than words Prof. Pascual Cantos (Universidad de Murcia) 13 May 2025, 10-11:30, Room 213, Facultat de Filosofia i Lletres. Invited talk &#8211; Minoritized languages or minoritized lived experiences? Intergenerational transmission in particular social contexts &#8211; NOW ONLINE. Dr. Judith PURKARTHOFER (Universit\u00e4t Duisburg-Essen, Germany). [&hellip;]<\/p>\n","protected":false},"author":66,"featured_media":0,"parent":0,"menu_order":1,"comment_status":"closed","ping_status":"closed","template":"","meta":{"footnotes":""},"class_list":["post-30","page","type-page","status-publish","hentry"],"_links":{"self":[{"href":"https:\/\/webs.uab.cat\/grela\/wp-json\/wp\/v2\/pages\/30","targetHints":{"allow":["GET"]}}],"collection":[{"href":"https:\/\/webs.uab.cat\/grela\/wp-json\/wp\/v2\/pages"}],"about":[{"href":"https:\/\/webs.uab.cat\/grela\/wp-json\/wp\/v2\/types\/page"}],"author":[{"embeddable":true,"href":"https:\/\/webs.uab.cat\/grela\/wp-json\/wp\/v2\/users\/66"}],"replies":[{"embeddable":true,"href":"https:\/\/webs.uab.cat\/grela\/wp-json\/wp\/v2\/comments?post=30"}],"version-history":[{"count":53,"href":"https:\/\/webs.uab.cat\/grela\/wp-json\/wp\/v2\/pages\/30\/revisions"}],"predecessor-version":[{"id":703,"href":"https:\/\/webs.uab.cat\/grela\/wp-json\/wp\/v2\/pages\/30\/revisions\/703"}],"wp:attachment":[{"href":"https:\/\/webs.uab.cat\/grela\/wp-json\/wp\/v2\/media?parent=30"}],"curies":[{"name":"wp","href":"https:\/\/api.w.org\/{rel}","templated":true}]}}