{"id":150,"date":"2009-05-25T13:26:58","date_gmt":"2009-05-25T11:26:58","guid":{"rendered":"https:\/\/webs.uab.cat\/gremir\/linies-recerca\/"},"modified":"2022-11-24T11:39:02","modified_gmt":"2022-11-24T09:39:02","slug":"linies-recerca","status":"publish","type":"page","link":"https:\/\/webs.uab.cat\/gremir\/linies-recerca\/","title":{"rendered":"L\u00ednies de recerca"},"content":{"rendered":"\n<h2 class=\"wp-block-heading\"><strong>L\u00ednia 1: Institucions i qualitat de govern<\/strong><\/h2>\n\n\n\n<p>El principal objectiu el d\u2019analitzar els determinants de la qualitat de govern. En concret, s&#8217;estudia la relaci\u00f3 entre la descentralitzaci\u00f3 (fiscal i pol\u00edtica), les disparitats regionals i les institucions pol\u00edtiques i la qualitat de govern<strong>.<\/strong>&nbsp;<\/p>\n\n\n\n<h2 class=\"wp-block-heading\"><strong>L\u00ednia 2: Pol\u00edtiques fiscals i monet\u00e0ries<\/strong><\/h2>\n\n\n\n<p>Aquesta l\u00ednia de recerca t\u00e9 dos vessants. El primer es basa en l\u2019estudi de l\u2019impacte de la pol\u00edtica monet\u00e0ria sobre el mercat de treball amb especial \u00e8mfasi sobre la relaci\u00f3 a llarg termini entre massa monet\u00e0ria, inflaci\u00f3 i taxa d\u2019atur. El segon es centra en l\u2019an\u00e0lisi dels efectes en termes de creixement econ\u00f2mic, mercat de treball i desigualtat de distintes opcions de pol\u00edtiques p\u00fabliques.&nbsp;<\/p>\n\n\n\n<h2 class=\"wp-block-heading\"><strong>L\u00ednia 3: Mercat de treball i redistribuci\u00f3<\/strong><\/h2>\n\n\n\n<p>Aquesta l\u00ednia de recerca t\u00e9 dos vessants. Per una banda, analitza un dels elements caracter\u00edstics del mercat de treball, la temporalitat, des d\u2019una perspectiva distributiva i, per l\u2019altra, tracta temes relacionats amb la transmissi\u00f3 intergeneracional de benestar i dels seus components b\u00e0sics: renda, educaci\u00f3 i salut.<\/p>\n","protected":false},"excerpt":{"rendered":"<p>L\u00ednia 1: Institucions i qualitat de govern El principal objectiu el d\u2019analitzar els determinants de la qualitat de govern. En concret, s&#8217;estudia la relaci\u00f3 entre la descentralitzaci\u00f3 (fiscal i pol\u00edtica), les disparitats regionals i les institucions pol\u00edtiques i la qualitat de govern.&nbsp; L\u00ednia 2: Pol\u00edtiques fiscals i monet\u00e0ries Aquesta l\u00ednia de recerca t\u00e9 dos vessants. [&hellip;]<\/p>\n","protected":false},"author":20,"featured_media":0,"parent":0,"menu_order":0,"comment_status":"closed","ping_status":"closed","template":"","meta":{"footnotes":""},"class_list":["post-150","page","type-page","status-publish","hentry"],"_links":{"self":[{"href":"https:\/\/webs.uab.cat\/gremir\/wp-json\/wp\/v2\/pages\/150","targetHints":{"allow":["GET"]}}],"collection":[{"href":"https:\/\/webs.uab.cat\/gremir\/wp-json\/wp\/v2\/pages"}],"about":[{"href":"https:\/\/webs.uab.cat\/gremir\/wp-json\/wp\/v2\/types\/page"}],"author":[{"embeddable":true,"href":"https:\/\/webs.uab.cat\/gremir\/wp-json\/wp\/v2\/users\/20"}],"replies":[{"embeddable":true,"href":"https:\/\/webs.uab.cat\/gremir\/wp-json\/wp\/v2\/comments?post=150"}],"version-history":[{"count":1,"href":"https:\/\/webs.uab.cat\/gremir\/wp-json\/wp\/v2\/pages\/150\/revisions"}],"predecessor-version":[{"id":364,"href":"https:\/\/webs.uab.cat\/gremir\/wp-json\/wp\/v2\/pages\/150\/revisions\/364"}],"wp:attachment":[{"href":"https:\/\/webs.uab.cat\/gremir\/wp-json\/wp\/v2\/media?parent=150"}],"curies":[{"name":"wp","href":"https:\/\/api.w.org\/{rel}","templated":true}]}}