{"id":373,"date":"2011-11-25T14:32:13","date_gmt":"2011-11-25T12:32:13","guid":{"rendered":"https:\/\/webs.uab.cat\/picec\/other-collaborators\/"},"modified":"2021-02-23T13:50:25","modified_gmt":"2021-02-23T11:50:25","slug":"other-collaborators","status":"publish","type":"page","link":"https:\/\/webs.uab.cat\/grepiic\/en\/other-collaborators\/","title":{"rendered":"Other collaborators"},"content":{"rendered":"<table border=\"0\" cellspacing=\"1\">\n<tbody>\n<tr>\n<td>\n<p>&nbsp;<\/p>\n<p><strong>Others collaborators: <\/strong><strong>&nbsp;<\/strong><\/p>\n<p>\n\t\t\tAgust\u00ed Roca, Carme (UdL)<br \/>\n\t\t\t&nbsp;<a href=\"mailto:carme@historia.udl.es\">carme@historia.udl.es<\/a><\/p>\n<p>Alonso Prat, Marc<br \/>\n\t\t\t<a href=\"mailto:markius666@hotmail.com\">markius666@hotmail.com<\/a><\/p>\n<p><a href=\"#arnabat\">Arnabat Mata, Ramon(URV)<\/a><br \/>\n\t\t\t&nbsp;<a href=\"mailto:ramon.arnabat@urv.cat\">ramon.arnabat@urv.cat<\/a><\/p>\n<p>\n\t\t\tBarnosell i Jord\u00e0, Gen\u00eds (UdG)<br \/>\n\t\t\t<a href=\"mailto:genis.barnosell@udg.es\">genis.barnosell@udg.es<\/a><\/p>\n<p>Fullana, Pere (UIB)<br \/>\n\t\t\t<a href=\"mailto:perefullana@hotmail.com\">perefullana@hotmail.com<\/a><\/p>\n<p>\n\t\t\tGarcia Rovira, Anna M. (UdG)<br \/>\n\t\t\t<a href=\"mailto:Anna.garcia@udg.es\">Anna.garcia@udg.es<\/a><\/p>\n<p>Guinard, David (UIB)<br \/>\n\t\t\t<a href=\"mailto:dginardf@telefonica.net\">dginardf@telefonica.net<\/a><\/p>\n<p>\t\t\t<a href=\"#Mir\">Mir i Curc\u00f3, Conxita<\/a> (UdL)<br \/>\n\t\t\t<a href=\"mailto:cmir@historia.udl.es\">cmir@historia.udl.es<\/a><\/p>\n<p><a href=\"#marcopalau\">Marco Palau, Francesc <\/a><br \/>\n\t\t\t<a href=\"mailto:francesc.marcopalaufrancesc@hotmail.com\">marcopalaufrancesc@gmail.com<\/a><\/p>\n<p><a href=\"#palomas\">Palomas i Monchol\u00ed, Joan<\/a><br \/>\n\t\t\t<a href=\"mailto:jpalomas@terra.es\">joanpalomas@gmail.com<\/a><\/p>\n<p>Pons i Alt\u00e9s, Josep Maria<br \/>\n\t\t\t<a href=\"mailto:josepmaria.pons@urv.cat\">josepmaria.pons@urv.cat<\/a><\/p>\n<p>Romeo, Mari Cruz (UV-EG)<br \/>\n\t\t\t<a href=\"mailto:m.cruz.romeo@uv.es\">m.cruz.romeo@uv.es<\/a><\/p>\n<p>Roura i Aulinas, Llu\u00eds (UAB)<br \/>\n\t\t\t<a href=\"mailto:Lluis.Roura@uab.cat\">Lluis.Roura@uab.cat<\/a><\/p>\n<p>\n\t\t\tSagu\u00e9s San Jos\u00e9, Joan (UdL)<br \/>\n\t\t\t<a href=\"mailto:joan@historia.udl.es\">joan@historia.udl.es<\/a><\/p>\n<p>\n\t\t\tSerrano Jim\u00e9nez, Llu\u00eds (UdG)<br \/>\n\t\t\t<a href=\"mailto:u10u8385@correu.udg.es\">u10u8385@correu.udg.es<\/a><\/p>\n<p>Serrano Jim\u00e9nez, Miquel (UdG)<br \/>\n\t\t\t<a href=\"mailto:req1980@yahoo.es\">req1980@yahoo.es<\/a><\/p>\n<p>Valenciano L\u00f3pez, Valent\u00ed<br \/>\n\t\t\t<a href=\"mailto:valentivalenciano@hotmail.com\">valentivalenciano@hotmail.com<\/a><br \/>\n\t\t\t&nbsp;<\/p>\n<p>Y\u00e9pez Piedra, Daniel (UAB)<br \/>\n\t\t\t<a href=\"mailto:danielyepezpiedra@yahoo.es\">danielyepezpiedra@yahoo.es<\/a><\/p>\n<p>&nbsp;<\/p>\n<p class=\"rtejustify\"><a href=\"#arnabat\">Arnabat Mata, Ramon<\/a><a id=\"arnabat\" name=\"arnabat\"><\/a><br \/>\n\t\t\t<a href=\"mailto:ramon.arnabat@urv.cat\">ramon.arnabat@urv.cat<\/a><br \/>\n\t\t\tHistoriador i Doctor en Hist\u00f2ria per la Universitat Pompeu Fabra. Professor de Geografia i Hist\u00f2ria de l\u2019IES El Foix de Santa Margarida i els Monjos, i professor associat d\u2019Hist\u00f2ria de la Universitat Rovira i Virgili.<br \/>\n\t\t\tLa seva activitat investigadora s\u2019ha centrat darrerament en l\u2019estudi de la II Rep\u00fablica, la Guerra Civil i el primer franquisme. Sobre aquests temes ha dirigit l\u2019Estudi sobre el cost hum\u00e0 de la Guerra Civil al Pened\u00e8s, a partir del qual s\u2019ha publicat el llibre V\u00edctimes de la guerra civil al Pened\u00e8s; i ha coordinat el Projecte de Recerca sobre Mem\u00f2ries de la Rep\u00fablica i del Franquisme, el Projecte Recuperem la Mem\u00f2ria Hist\u00f2rica del Pened\u00e8s amb el Centre d\u2019Hist\u00f2ria Contempor\u00e0nia de Catalunya i el Memorial Democr\u00e0tic, el projecte de recuperaci\u00f3 de la Mem\u00f2ria Hist\u00f2rica a Santa Margarida i els Monjos, la recerca dels Noms dels 268 soldats republicans enterrats a la fosa comuna de Vilafranca del Pened\u00e8s, i les dades d\u2019Els penedesencs a Mauthausen.<br \/>\n\t\t\tJunt a Mart\u00ed Mar\u00edn ha coordinat el llibre Franquisme i transici\u00f3 democr\u00e0tica a les terres de parla catalana, Valls, 2001; i ha estat responsable del gui\u00f3 i la direcci\u00f3 del DVD Hist\u00f2ria de Vilafranca. Segle XX. Antifranquisme i Transici\u00f3. 1960-1979 (1999 i 2006); ha coordinat la s\u00e8rie Retalls d\u2019Hist\u00f2ria projectat a Televisi\u00f3 Vilafranca (2003-2004 i 2006); i ha fet el gui\u00f3 i ha dirigit el documental Eusebi P\u00e9rez Mart\u00edn: un republic\u00e0 vilafranqu\u00ed a Mauthausen (2005). Actualment dirigeix el projecte de recerca i divulgaci\u00f3 hist\u00f2rica Tots els Noms (El Pened\u00e8s, 1931-1978) (www.totselsnoms.org)<\/p>\n<p>&nbsp;<\/p>\n<p class=\"rtejustify\">&nbsp;<\/p>\n<p><strong><a name=\"marcopalau\"><\/a>Marco Palau, Francesc<\/strong><br \/>\n\t\t\t<a href=\"mailto:marcopalaufrancesc@gmail.com\">marcopalaufrancesc@gmail.com<\/a><\/p>\n<p class=\"rtejustify\">Francesc Marco Palau (Tarragona, 1989). Doctorand en Hist\u00f2ria Comparada, pol\u00edtica i social a la Universitat Aut\u00f2noma de Barcelona. Llicenciat en Hist\u00f2ria per la Universitat Rovira i Virgili i m\u00e0ster en Hist\u00f2ria de Catalunya a la UAB. Ampli\u00e0 la seva formaci\u00f3 a la Universitat de Val\u00e8ncia. Columnista de premsa i opinador en diversos mitjans de comunicaci\u00f3, ha publicat articles acad\u00e8mics i de divulgaci\u00f3 en refer\u00e8ncia a les tipologies culturals i pol\u00edtiques del catalanisme, aix\u00ed com d\u2019art contemporani catal\u00e0.<br \/>\n\t\t\t\u00c9s autor, tamb\u00e9, dels seg\u00fcents llibres: <em>Plataforma per la Llengua. 20 anys defensant el catal\u00e0<\/em>. Barcelona: editorial Base, 2014; <em>El valor de la cohesi\u00f3 social. 25 anys del Centre de Normalitzaci\u00f3 Ling\u00fc\u00edstica de Barcelona<\/em>. Barcelona: CNL-Consorci per a la Normalitzaci\u00f3 Ling\u00fc\u00edstica, 2014; <em>Josep Rahola i d\u2019Espona, una veu catalanista d\u2019esquerres al Senat<\/em>. Barcelona: Fundaci\u00f3 Josep Irla, 2014; <em>Francesc Dalmau. De Normandia a Palam\u00f3s<\/em>, 2015; <em>La generaci\u00f3 de la independencia<\/em>, 2017.<\/p>\n<p>&nbsp;<\/p>\n<p class=\"rtejustify\"><strong>Mir i Curc\u00f3, Conxita<\/strong><a name=\"mir\"><\/a><br \/>\n\t\t\t<a href=\"mailto:cmir@historia.udl.es\">cmir@historia.udl.es<\/a><br \/>\n\t\t\tLleida, 1952. \u00c9s Catedr\u00e0tica d\u2019Hist\u00f2ria Contempor\u00e0nia a la Universitat de Lleida. Va comen\u00e7ar la seva activitat investigadora en el camp de la sociologia electoral hist\u00f2rica dels anys de la Restauraci\u00f3 Mon\u00e0rquica i la Segona Rep\u00fablica. Entre les obres que mereixen ser destacades en aquest camps hi ha: Caciquisme pol\u00edtic i lluita electoral: Lleida 1890-1923, Publicacions de l\u2019Abadia de Montserrat, Barcelona, 1985. Les eleccions generals a Catalunya de 1901 a 1923, obra col\u00b7lectiva escrita juntament amb els professores Albert Balcells i J.B. Culla, publicada per la Fundaci\u00f3 Jaume Bofill, Barcelona, 1982, aix\u00ed com de l\u2019edici\u00f3 del llibre Actituds Pol\u00edtiques i control social a la Catalunya de la Restauraci\u00f3 (1875-1923), Lleida, 1989. Des de fa uns anys treballa sobre l\u2019\u00e8poca franquista. M\u00e9s concretament sobre viol\u00e8ncia, repressi\u00f3 i mem\u00f2ria hist\u00f2rica, havent publicat, entre d\u2019altres: Repressi\u00f3 econ\u00f2mica i franquisme: l\u2019actuaci\u00f3 del Tribunal de Responsabilitats Pol\u00edtiques a la prov\u00edncia de Lleida, escrita conjuntament amb Fabi\u00e0 Corretg\u00e9, Judit Farr\u00e9 i Joan Sagu\u00e9s, (Publicacions de l\u2019Abadia de Montserrat, 1997); Vivir es sobrevivir. Justicia, orden y Marginaci\u00f3n en la Catalu\u00f1a rural de postguerra (1939-1951), Milenio, Lleida, 2000, un treball en el qual s\u2019han utilitzat amb profusi\u00f3 fons judicials ordin\u00e0ries i extraordin\u00e0ries (consells de guerra, expedients de depuraci\u00f3, etc\u2026) i ha participat en el llibre dirigit per Juli\u00e1n Casanova Morir, matar, sobrevivir. La violencia en la dictadura de Franco, Cr\u00edtica, Barcelona, 2002. Entre les seves darreres publicacions trobem Historia, Patrimonio y Territorio: pol\u00edticas p\u00fablicas de memoria en el frente del Segre y La Frontera pirenaica catalana HISPANIA NOVA. Revista de Historia Contempor\u00e1nea, n\u00fam.6, 2006, i la coordinaci\u00f3 de la col\u00b7lecci\u00f3 de DVD\u2019S sobre la guerra civil i la postguerra a les terres del Front del Segre que porta per t\u00edtol Llocs de Mem\u00f2ria amb Hist\u00f2ria, produ\u00efts i editats per la Universitat de Lleida (2004-2006)<\/p>\n<p>&nbsp;<\/p>\n<p><a name=\"palomas\"><\/a><strong>Palomas i Monchol\u00ed, Joan<\/strong><br \/>\n\t\t\t<a href=\"mailto:jpalomas@terra.es\">joanpalomas@gmail.com<\/a><\/p>\n<p class=\"rtejustify\">Joan Palomas i Monchol\u00ed \u00e9s doctor en hist\u00f2ria i m\u00e0ster en Arxiv\u00edstica per la Universitat Aut\u00f2noma de Barcelona. S\u2019ha especialitzat en l\u2019estudi dels parlamentaris catalans dels segles XIX i XX i ha col\u00b7laborat en diversos projectes en aquest \u00e0mbit: com a investigador principal a Diccionario biogr\u00e1fico espa\u00f1ol de ministros de Ultramar i Teor\u00eda y pr\u00e1ctica de la representaci\u00f3n pol\u00edtica colonial en Espa\u00f1a (1868-1898); com a redactor a Diccionario biogr\u00e1fico de los parlamentarios espa\u00f1oles, Mem\u00f2riaesquerra.cat, Diccionario Biogr\u00e1fico Espa\u00f1ol, Diccionario hist\u00f3rico de la traducci\u00f3n en Espa\u00f1a i Projecte Almirall.<br \/>\n\t\t\tLes seves principals obres s\u00f3n V\u00edctor Balaguer: Renaixen\u00e7a, Revoluci\u00f3 i Progr\u00e9s (2004) i La It\u00e0lia de V\u00edctor Balaguer (2004). Ha publicat cap\u00edtols en els llibres Les identitats a la Catalunya contempor\u00e0nia (2009), Figuras de la Gloriosa: aproximaci\u00f3n biogr\u00e1fica al Sexenio Democr\u00e1tico (2006), V\u00edctor Balaguer i el seu temps (2004) i articles en les revistes Recerques, Q\u00fcaderns d\u2019Hist\u00f2ria, Cercles d\u2019Hist\u00f2ria Cultural, Plecs d\u2019Hist\u00f2ria Local, El Contemporani, Butllet\u00ed de l\u2019Arxiu Nacional de Catalunya i Historica.cat. Com a arxiver, ha treballat a l\u2019Arxiu Nacional de Catalunya, Centre d\u2019Estudis Demogr\u00e0fics, Ateneu Barcelon\u00e8s i Arxiu Hist\u00f2ric de la Diputaci\u00f3 de Barcelona.<br \/>\n\t\t\t\u00c9s membre del grup de recerca consolidat de la Universitat de Barcelona Grup d&#8217;Estudis d&#8217;Hist\u00f2ria de la Cultura i dels Intel\u00b7lectuals.<br \/>\n\t\t\t&nbsp;<\/p>\n<p>&nbsp;<\/p>\n<p>&nbsp;<\/p>\n<p>&nbsp;<\/p>\n<\/td>\n<\/tr>\n<\/tbody>\n<\/table>\n","protected":false},"excerpt":{"rendered":"<p>&nbsp; Others collaborators: &nbsp; Agust\u00ed Roca, Carme (UdL) &nbsp;carme@historia.udl.es Alonso Prat, Marc markius666@hotmail.com Arnabat Mata, Ramon(URV) &nbsp;ramon.arnabat@urv.cat Barnosell i Jord\u00e0, Gen\u00eds (UdG) genis.barnosell@udg.es Fullana, Pere (UIB) perefullana@hotmail.com Garcia Rovira, Anna M. (UdG) Anna.garcia@udg.es Guinard, David (UIB) dginardf@telefonica.net Mir i Curc\u00f3, Conxita (UdL) cmir@historia.udl.es Marco Palau, Francesc marcopalaufrancesc@gmail.com Palomas i Monchol\u00ed, Joan joanpalomas@gmail.com Pons i Alt\u00e9s, [&hellip;]<\/p>\n","protected":false},"author":20,"featured_media":0,"parent":0,"menu_order":0,"comment_status":"closed","ping_status":"closed","template":"","meta":{"footnotes":""},"class_list":["post-373","page","type-page","status-publish","hentry"],"_links":{"self":[{"href":"https:\/\/webs.uab.cat\/grepiic\/en\/wp-json\/wp\/v2\/pages\/373","targetHints":{"allow":["GET"]}}],"collection":[{"href":"https:\/\/webs.uab.cat\/grepiic\/en\/wp-json\/wp\/v2\/pages"}],"about":[{"href":"https:\/\/webs.uab.cat\/grepiic\/en\/wp-json\/wp\/v2\/types\/page"}],"author":[{"embeddable":true,"href":"https:\/\/webs.uab.cat\/grepiic\/en\/wp-json\/wp\/v2\/users\/20"}],"replies":[{"embeddable":true,"href":"https:\/\/webs.uab.cat\/grepiic\/en\/wp-json\/wp\/v2\/comments?post=373"}],"version-history":[{"count":0,"href":"https:\/\/webs.uab.cat\/grepiic\/en\/wp-json\/wp\/v2\/pages\/373\/revisions"}],"wp:attachment":[{"href":"https:\/\/webs.uab.cat\/grepiic\/en\/wp-json\/wp\/v2\/media?parent=373"}],"curies":[{"name":"wp","href":"https:\/\/api.w.org\/{rel}","templated":true}]}}

<table border="0" cellspacing="1">
<tbody>
<tr>
<td>
<p>&nbsp;</p>
<p><strong>Others collaborators: </strong><strong>&nbsp;</strong></p>
<p>
			Agustí Roca, Carme (UdL)<br />
			&nbsp;<a href="mailto:carme@historia.udl.es">carme@historia.udl.es</a></p>
<p>Alonso Prat, Marc<br />
			<a href="mailto:markius666@hotmail.com">markius666@hotmail.com</a></p>
<p><a href="#arnabat">Arnabat Mata, Ramon(URV)</a><br />
			&nbsp;<a href="mailto:ramon.arnabat@urv.cat">ramon.arnabat@urv.cat</a></p>
<p>
			Barnosell i Jordà, Genís (UdG)<br />
			<a href="mailto:genis.barnosell@udg.es">genis.barnosell@udg.es</a></p>
<p>Fullana, Pere (UIB)<br />
			<a href="mailto:perefullana@hotmail.com">perefullana@hotmail.com</a></p>
<p>
			Garcia Rovira, Anna M. (UdG)<br />
			<a href="mailto:Anna.garcia@udg.es">Anna.garcia@udg.es</a></p>
<p>Guinard, David (UIB)<br />
			<a href="mailto:dginardf@telefonica.net">dginardf@telefonica.net</a></p>
<p>			<a href="#Mir">Mir i Curcó, Conxita</a> (UdL)<br />
			<a href="mailto:cmir@historia.udl.es">cmir@historia.udl.es</a></p>
<p><a href="#marcopalau">Marco Palau, Francesc </a><br />
			<a href="mailto:francesc.marcopalaufrancesc@hotmail.com">marcopalaufrancesc@gmail.com</a></p>
<p><a href="#palomas">Palomas i Moncholí, Joan</a><br />
			<a href="mailto:jpalomas@terra.es">joanpalomas@gmail.com</a></p>
<p>Pons i Altés, Josep Maria<br />
			<a href="mailto:josepmaria.pons@urv.cat">josepmaria.pons@urv.cat</a></p>
<p>Romeo, Mari Cruz (UV-EG)<br />
			<a href="mailto:m.cruz.romeo@uv.es">m.cruz.romeo@uv.es</a></p>
<p>Roura i Aulinas, Lluís (UAB)<br />
			<a href="mailto:Lluis.Roura@uab.cat">Lluis.Roura@uab.cat</a></p>
<p>
			Sagués San José, Joan (UdL)<br />
			<a href="mailto:joan@historia.udl.es">joan@historia.udl.es</a></p>
<p>
			Serrano Jiménez, Lluís (UdG)<br />
			<a href="mailto:u10u8385@correu.udg.es">u10u8385@correu.udg.es</a></p>
<p>Serrano Jiménez, Miquel (UdG)<br />
			<a href="mailto:req1980@yahoo.es">req1980@yahoo.es</a></p>
<p>Valenciano López, Valentí<br />
			<a href="mailto:valentivalenciano@hotmail.com">valentivalenciano@hotmail.com</a><br />
			&nbsp;</p>
<p>Yépez Piedra, Daniel (UAB)<br />
			<a href="mailto:danielyepezpiedra@yahoo.es">danielyepezpiedra@yahoo.es</a></p>
<p>&nbsp;</p>
<p class="rtejustify"><a href="#arnabat">Arnabat Mata, Ramon</a><a id="arnabat" name="arnabat"></a><br />
			<a href="mailto:ramon.arnabat@urv.cat">ramon.arnabat@urv.cat</a><br />
			Historiador i Doctor en Història per la Universitat Pompeu Fabra. Professor de Geografia i Història de l’IES El Foix de Santa Margarida i els Monjos, i professor associat d’Història de la Universitat Rovira i Virgili.<br />
			La seva activitat investigadora s’ha centrat darrerament en l’estudi de la II República, la Guerra Civil i el primer franquisme. Sobre aquests temes ha dirigit l’Estudi sobre el cost humà de la Guerra Civil al Penedès, a partir del qual s’ha publicat el llibre Víctimes de la guerra civil al Penedès; i ha coordinat el Projecte de Recerca sobre Memòries de la República i del Franquisme, el Projecte Recuperem la Memòria Històrica del Penedès amb el Centre d’Història Contemporània de Catalunya i el Memorial Democràtic, el projecte de recuperació de la Memòria Històrica a Santa Margarida i els Monjos, la recerca dels Noms dels 268 soldats republicans enterrats a la fosa comuna de Vilafranca del Penedès, i les dades d’Els penedesencs a Mauthausen.<br />
			Junt a Martí Marín ha coordinat el llibre Franquisme i transició democràtica a les terres de parla catalana, Valls, 2001; i ha estat responsable del guió i la direcció del DVD Història de Vilafranca. Segle XX. Antifranquisme i Transició. 1960-1979 (1999 i 2006); ha coordinat la sèrie Retalls d’Història projectat a Televisió Vilafranca (2003-2004 i 2006); i ha fet el guió i ha dirigit el documental Eusebi Pérez Martín: un republicà vilafranquí a Mauthausen (2005). Actualment dirigeix el projecte de recerca i divulgació històrica Tots els Noms (El Penedès, 1931-1978) (www.totselsnoms.org)</p>
<p>&nbsp;</p>
<p class="rtejustify">&nbsp;</p>
<p><strong><a name="marcopalau"></a>Marco Palau, Francesc</strong><br />
			<a href="mailto:marcopalaufrancesc@gmail.com">marcopalaufrancesc@gmail.com</a></p>
<p class="rtejustify">Francesc Marco Palau (Tarragona, 1989). Doctorand en Història Comparada, política i social a la Universitat Autònoma de Barcelona. Llicenciat en Història per la Universitat Rovira i Virgili i màster en Història de Catalunya a la UAB. Amplià la seva formació a la Universitat de València. Columnista de premsa i opinador en diversos mitjans de comunicació, ha publicat articles acadèmics i de divulgació en referència a les tipologies culturals i polítiques del catalanisme, així com d’art contemporani català.<br />
			És autor, també, dels següents llibres: <em>Plataforma per la Llengua. 20 anys defensant el català</em>. Barcelona: editorial Base, 2014; <em>El valor de la cohesió social. 25 anys del Centre de Normalització Lingüística de Barcelona</em>. Barcelona: CNL-Consorci per a la Normalització Lingüística, 2014; <em>Josep Rahola i d’Espona, una veu catalanista d’esquerres al Senat</em>. Barcelona: Fundació Josep Irla, 2014; <em>Francesc Dalmau. De Normandia a Palamós</em>, 2015; <em>La generació de la independencia</em>, 2017.</p>
<p>&nbsp;</p>
<p class="rtejustify"><strong>Mir i Curcó, Conxita</strong><a name="mir"></a><br />
			<a href="mailto:cmir@historia.udl.es">cmir@historia.udl.es</a><br />
			Lleida, 1952. És Catedràtica d’Història Contemporània a la Universitat de Lleida. Va començar la seva activitat investigadora en el camp de la sociologia electoral històrica dels anys de la Restauració Monàrquica i la Segona República. Entre les obres que mereixen ser destacades en aquest camps hi ha: Caciquisme polític i lluita electoral: Lleida 1890-1923, Publicacions de l’Abadia de Montserrat, Barcelona, 1985. Les eleccions generals a Catalunya de 1901 a 1923, obra col·lectiva escrita juntament amb els professores Albert Balcells i J.B. Culla, publicada per la Fundació Jaume Bofill, Barcelona, 1982, així com de l’edició del llibre Actituds Polítiques i control social a la Catalunya de la Restauració (1875-1923), Lleida, 1989. Des de fa uns anys treballa sobre l’època franquista. Més concretament sobre violència, repressió i memòria històrica, havent publicat, entre d’altres: Repressió econòmica i franquisme: l’actuació del Tribunal de Responsabilitats Polítiques a la província de Lleida, escrita conjuntament amb Fabià Corretgé, Judit Farré i Joan Sagués, (Publicacions de l’Abadia de Montserrat, 1997); Vivir es sobrevivir. Justicia, orden y Marginación en la Cataluña rural de postguerra (1939-1951), Milenio, Lleida, 2000, un treball en el qual s’han utilitzat amb profusió fons judicials ordinàries i extraordinàries (consells de guerra, expedients de depuració, etc…) i ha participat en el llibre dirigit per Julián Casanova Morir, matar, sobrevivir. La violencia en la dictadura de Franco, Crítica, Barcelona, 2002. Entre les seves darreres publicacions trobem Historia, Patrimonio y Territorio: políticas públicas de memoria en el frente del Segre y La Frontera pirenaica catalana HISPANIA NOVA. Revista de Historia Contemporánea, núm.6, 2006, i la coordinació de la col·lecció de DVD’S sobre la guerra civil i la postguerra a les terres del Front del Segre que porta per títol Llocs de Memòria amb Història, produïts i editats per la Universitat de Lleida (2004-2006)</p>
<p>&nbsp;</p>
<p><a name="palomas"></a><strong>Palomas i Moncholí, Joan</strong><br />
			<a href="mailto:jpalomas@terra.es">joanpalomas@gmail.com</a></p>
<p class="rtejustify">Joan Palomas i Moncholí és doctor en història i màster en Arxivística per la Universitat Autònoma de Barcelona. S’ha especialitzat en l’estudi dels parlamentaris catalans dels segles XIX i XX i ha col·laborat en diversos projectes en aquest àmbit: com a investigador principal a Diccionario biográfico español de ministros de Ultramar i Teoría y práctica de la representación política colonial en España (1868-1898); com a redactor a Diccionario biográfico de los parlamentarios españoles, Memòriaesquerra.cat, Diccionario Biográfico Español, Diccionario histórico de la traducción en España i Projecte Almirall.<br />
			Les seves principals obres són Víctor Balaguer: Renaixença, Revolució i Progrés (2004) i La Itàlia de Víctor Balaguer (2004). Ha publicat capítols en els llibres Les identitats a la Catalunya contemporània (2009), Figuras de la Gloriosa: aproximación biográfica al Sexenio Democrático (2006), Víctor Balaguer i el seu temps (2004) i articles en les revistes Recerques, Qüaderns d’Història, Cercles d’Història Cultural, Plecs d’Història Local, El Contemporani, Butlletí de l’Arxiu Nacional de Catalunya i Historica.cat. Com a arxiver, ha treballat a l’Arxiu Nacional de Catalunya, Centre d’Estudis Demogràfics, Ateneu Barcelonès i Arxiu Històric de la Diputació de Barcelona.<br />
			És membre del grup de recerca consolidat de la Universitat de Barcelona Grup d&#8217;Estudis d&#8217;Història de la Cultura i dels Intel·lectuals.<br />
			&nbsp;</p>
<p>&nbsp;</p>
<p>&nbsp;</p>
<p>&nbsp;</p>
</td>
</tr>
</tbody>
</table>

<p>&nbsp; Others collaborators: &nbsp; Agustí Roca, Carme (UdL) &nbsp;carme@historia.udl.es Alonso Prat, Marc markius666@hotmail.com Arnabat Mata, Ramon(URV) &nbsp;ramon.arnabat@urv.cat Barnosell i Jordà, Genís (UdG) genis.barnosell@udg.es Fullana, Pere (UIB) perefullana@hotmail.com Garcia Rovira, Anna M. (UdG) Anna.garcia@udg.es Guinard, David (UIB) dginardf@telefonica.net Mir i Curcó, Conxita (UdL) cmir@historia.udl.es Marco Palau, Francesc marcopalaufrancesc@gmail.com Palomas i Moncholí, Joan joanpalomas@gmail.com Pons i Altés, [&hellip;]</p>
