{"id":139,"date":"2011-11-25T11:34:02","date_gmt":"2011-11-25T09:34:02","guid":{"rendered":"https:\/\/webs.uab.cat\/picec\/projectes-de-recerca\/"},"modified":"2024-12-06T00:28:36","modified_gmt":"2024-12-05T22:28:36","slug":"projectes-de-recerca","status":"publish","type":"page","link":"https:\/\/webs.uab.cat\/grepiic\/projectes-de-recerca\/","title":{"rendered":"Projectes de recerca"},"content":{"rendered":"<table border=\"0\" cellspacing=\"1\" align=\"left\">\n<tbody>\n<tr>\n<td><strong>2023-2027<\/strong><img loading=\"lazy\" decoding=\"async\" class=\"alignnone wp-image-1640 size-medium\" src=\"https:\/\/webs.uab.cat\/grepiic\/wp-content\/uploads\/sites\/313\/2024\/12\/LOGO-PROJECTE-CONGRESSOS-300x85.jpg\" alt=\"\" width=\"300\" height=\"85\" srcset=\"https:\/\/webs.uab.cat\/grepiic\/wp-content\/uploads\/sites\/313\/2024\/12\/LOGO-PROJECTE-CONGRESSOS-300x85.jpg 300w, https:\/\/webs.uab.cat\/grepiic\/wp-content\/uploads\/sites\/313\/2024\/12\/LOGO-PROJECTE-CONGRESSOS-1024x291.jpg 1024w, https:\/\/webs.uab.cat\/grepiic\/wp-content\/uploads\/sites\/313\/2024\/12\/LOGO-PROJECTE-CONGRESSOS-768x218.jpg 768w, https:\/\/webs.uab.cat\/grepiic\/wp-content\/uploads\/sites\/313\/2024\/12\/LOGO-PROJECTE-CONGRESSOS-1536x436.jpg 1536w, https:\/\/webs.uab.cat\/grepiic\/wp-content\/uploads\/sites\/313\/2024\/12\/LOGO-PROJECTE-CONGRESSOS-1200x341.jpg 1200w, https:\/\/webs.uab.cat\/grepiic\/wp-content\/uploads\/sites\/313\/2024\/12\/LOGO-PROJECTE-CONGRESSOS.jpg 1645w\" sizes=\"auto, (max-width: 300px) 100vw, 300px\" \/><\/td>\n<td>T\u00edtol del projecte: \u00a0<strong>Historia de la corrupci\u00f3n y de la desconfianza pol\u00edtica en Espa\u00f1a (1750-1975)<\/strong><\/p>\n<p>Refer\u00e8ncia: PID2022-140247NB-100Convocat\u00f2ria: Proyectos de Generaci\u00f3n de Conocimiento (2022)<br \/>\nEntitat finan\u00e7adora: Ministerio de Ciencia e Innovaci\u00f3n (Projecte confinan\u00e7at per la Uni\u00f3 Europea i l&#8217;Agencia Estatal de Investigaci\u00f3n)<br \/>\nEntitats participants:\u00a0 UAB<br \/>\nDurada:\u00a0 des de:\u00a0 01\/09\/2023 fins a: 31\/08\/2027<br \/>\nNombre d&#8217;investigadors participants: 16<br \/>\nNombre d&#8217;investigadors membres: 6<br \/>\nNombre d&#8217;investigadors de l&#8217;equip de treball: 10<br \/>\nInvestigadors responsables:\u00a0<strong> M. Gemma Rub\u00ed Casals i Llu\u00eds Ferran Toledano Gonz\u00e0lez.<\/strong><br \/>\nImport de la subvenci\u00f3:\u00a0 56.250,00\u20ac<\/td>\n<td><\/td>\n<\/tr>\n<tr>\n<td><strong>2021-2023<\/strong><img loading=\"lazy\" decoding=\"async\" class=\"alignnone wp-image-1642 size-medium\" src=\"https:\/\/webs.uab.cat\/grepiic\/wp-content\/uploads\/sites\/313\/2024\/12\/FqzI2l-WIAARzvJ-300x160.jpg\" alt=\"\" width=\"300\" height=\"160\" srcset=\"https:\/\/webs.uab.cat\/grepiic\/wp-content\/uploads\/sites\/313\/2024\/12\/FqzI2l-WIAARzvJ-300x160.jpg 300w, https:\/\/webs.uab.cat\/grepiic\/wp-content\/uploads\/sites\/313\/2024\/12\/FqzI2l-WIAARzvJ-400x215.jpg 400w, https:\/\/webs.uab.cat\/grepiic\/wp-content\/uploads\/sites\/313\/2024\/12\/FqzI2l-WIAARzvJ.jpg 402w\" sizes=\"auto, (max-width: 300px) 100vw, 300px\" \/><\/td>\n<td>\n<div><\/div>\n<div>T\u00edtol del projecte:<strong> Reconeixement de \u201cGrup de recerca de la Generalitat de Catalunya\u201d per part del DURSI. Ag\u00e8ncia de Gesti\u00f3 d\u2019Ajuts Universitaris i de Recerca<\/strong>.<br \/>\nNom de grup:\u00a0<strong>Grup de Recerca en Estudis Pol\u00edtics, les Identitats, les Institucions i la Corrupci\u00f3<\/strong><\/div>\n<div><a href=\"https:\/\/agaur.gencat.cat\/web\/shared\/OVT\/Departaments\/REU\/A_Universitats\/AGAUR\/Documents\/RECERCA\/SGR\/Resolucio_definitiva_SGR-Cat_2021.pdf\">Resoluci\u00f3<\/a><br \/>\nN\u00fam. expedient: <strong>2021 SGR 00053<\/strong><br \/>\nEntitat finan\u00e7adora:\u00a0 Generalitat de Catalunya. DURSI. Ag\u00e8ncia de Gesti\u00f3 d&#8217;Ajuts Universitaris i de Recerca (AGAUR)<br \/>\nEntitats participants: UAB<br \/>\nDurada: des de 2021 fins a 2023<br \/>\nNombre d&#8217;investigadors participants: 26<br \/>\nInvestigador responsable:\u00a0<strong> Maria Gemma Rub\u00ed Casals<\/strong><br \/>\nImport de la subvenci\u00f3:\u00a0 40.000,00\u20ac<\/div>\n<div><\/div>\n<\/td>\n<td><\/td>\n<\/tr>\n<tr>\n<td><\/td>\n<td><\/td>\n<td><\/td>\n<\/tr>\n<tr>\n<td><strong>2017 &#8211; 2019<\/strong><img loading=\"lazy\" decoding=\"async\" class=\" size-full wp-image-133\" src=\"https:\/\/webs.uab.cat\/picec\/wp-content\/uploads\/sites\/313\/2011\/11\/Generalitat.jpg\" alt=\"\" width=\"128\" height=\"25\" \/><\/td>\n<td>T\u00edtol del projecte:<strong> Reconeixement de \u201cGrup de recerca de la Generalitat de Catalunya\u201d per part del DURSI. Ag\u00e8ncia de Gesti\u00f3 d\u2019Ajuts Universitaris i de Recerca<\/strong>.<br \/>\nNom de grup: <strong>Pol\u00edtica, Institucions i Corrupci\u00f3 a l&#8217;\u00c8poca Contempor\u00e0nia<\/strong>&#8220;.\u00a0 Resoluci\u00f3:\u00a0 EMC\/1164\/2017, de 24 de maig de 2017<br \/>\nN\u00fam. expedient: <strong>2017 SGR 818<\/strong><br \/>\nEntitat finan\u00e7adora:\u00a0 Generalitat de Catalunya. DURSI. Ag\u00e8ncia de Gesti\u00f3 d&#8217;Ajuts Universitaris i de Recerca (AGAUR)<br \/>\nEntitats participants: UAB<br \/>\nDurada: des de 2017\u00a0 fins a 2019<br \/>\nNombre d&#8217;investigadors participants: 16<br \/>\nInvestigador responsable:\u00a0<strong> Toledano Gonz\u00e1lez, Llu\u00eds Ferran<\/strong> (2019); <strong>Moliner Prada, Antoni<\/strong>\u00a0(2017-2018)<br \/>\nImport de la subvenci\u00f3:\u00a0 31.912,60\u20ac<\/td>\n<td><\/td>\n<\/tr>\n<tr>\n<td><\/td>\n<td><\/td>\n<td><\/td>\n<\/tr>\n<tr>\n<td><strong>2018 &#8211; 2021<\/strong><img loading=\"lazy\" decoding=\"async\" class=\" size-full wp-image-135\" src=\"https:\/\/webs.uab.cat\/picec\/wp-content\/uploads\/sites\/313\/2011\/11\/logo-gobierno.jpg\" alt=\"\" width=\"128\" height=\"34\" \/><\/td>\n<td>T\u00edtol del projecte: <strong>La corrupci\u00f3n pol\u00edtica en la Espa\u00f1a contempor\u00e1nea\u00a0 en perspectiva comparada. Bases de datos, cartograf\u00eda y an\u00e1lisis hist\u00f3rico (1810-2016)<\/strong>Refer\u00e8ncia: HAR2017-86545-P<br \/>\nConvocat\u00f2ria: Programa Estatal de Fomento de la Investigaci\u00f3n Cient\u00edfica y T\u00e9cnica de Excelencia. Proyectos Excelencia 2017<br \/>\nEntitat finan\u00e7adora: Ministerio de Econom\u00eda, Industria y Competitividad.<br \/>\nEntitats participants:\u00a0 UAB\u00a0\u00a0 &#8211; Fundaci\u00f3 Universitat Aut\u00f2noma de Barcelona<br \/>\nDurada:\u00a0 des de:\u00a0 01\/\/01\/2018\u00a0\u00a0\u00a0 fins a:\u00a0 31\/12\/2021<br \/>\nNombre d&#8217;investigadors participants: 15<br \/>\nNombre d&#8217;investigadors membres: 9<br \/>\nNombre d&#8217;investigadors de l&#8217;equip de treball: 6<br \/>\nInvestigador responsable:\u00a0 Rub\u00ed i Casals, M. Gemma<br \/>\nImport de la subvenci\u00f3: 42.350 \u20ac<\/td>\n<td><\/td>\n<\/tr>\n<tr>\n<td><\/td>\n<td><\/td>\n<td><\/td>\n<\/tr>\n<tr>\n<td><strong>2016-2020<\/strong><img loading=\"lazy\" decoding=\"async\" class=\" size-full wp-image-137\" src=\"https:\/\/webs.uab.cat\/picec\/wp-content\/uploads\/sites\/313\/2011\/11\/CNRS.jpg\" alt=\"\" width=\"128\" height=\"64\" \/><\/td>\n<td>T\u00edtol: <strong>Politique et corruption : histoire et sociologie compar\u00e9es \u00e0 l\u2019\u00e9poque contemporaine.<\/strong><br \/>\nDurada: 4 anys (2016-2020)<br \/>\nEntitat finan\u00e7adora: CNRS National Centre for Scientific Reserch (Fran\u00e7a)<br \/>\nImport de la subvenci\u00f3: 34.460\u20acInvestigador coordinador: Fr\u00e9d\u00e9ric Monier<br \/>\nNombre d\u2019investigadors: 7<br \/>\nPa\u00efsos participants: Alemanya \u2013 Canad\u00e0 \u2013 Espanya \u2013 Fran\u00e7a &#8211; Romania<strong>Partners francesos:<\/strong><br \/>\nCoordinador: Fr\u00e9d\u00e9ric Monier<br \/>\nCentre Norbert Elias, \u00c9cole des Hautes \u00c9tudes en Sciences Sociales (Marseille)<br \/>\nInstitut: CNRS: InSHS<br \/>\nAltres organismes:<br \/>\n&#8211; Olivier Dard, laboratoire UMR (Paris)<br \/>\n&#8211; Cesare Mattina, laboratoire LAMES UMR, Laboratoire M\u00e9diterran\u00e9en de Sociologie, MMSH &#8211; \u00a0\u00a0 \u00a0Maison m\u00e9diterran\u00e9enne des sciences de l\u2019Homme (Aix-en-Provence)<strong>Partners estrangers<\/strong>:<br \/>\n<strong>Alemanya<\/strong><br \/>\nCoordinador: Jens Ivo Engels (Institut f\u00fcr Geschichte, Technische Universit\u00e4t Darmstadt \u00a0\u00a0 \u00a0(Darmstadt)<br \/>\nAltres organismes: Andreas Fahrmeir, Historisches Seminar, Goethe Universit\u00e4t Frankfurt\/M. (Frankfurt am Main)<strong>Canad\u00e0<\/strong><br \/>\nCoordinador: Martin Meunier (CIRCEM, Centre interdisciplinaire de recherche sur la citoyennet\u00e9 et les minorit\u00e9s , Facult\u00e9 des sciences sociales, 120 Universit\u00e9, Pavillon des Sciences sociales, Ottawa, Ontario, Canada<\/p>\n<p><strong>Espanya<\/strong><br \/>\nCoordinador: M. Gemma Rub\u00ed Casals (Grup d\u2019Historia del Parlementarisme, Universitat Aut\u00f2noma de Barcelona<\/p>\n<p><strong>Romania<\/strong><br \/>\nCoordinador: Silvia Marton (GRIPS, New Europe College- Fundatia noua Europa, Institute for Advanced Study (Bucharest)<\/p>\n<p><a href=\"http:\/\/grupsderecerca.uab.cat\/picec\/content\/projecte-cnrs\">Veure +<\/a><\/td>\n<td><\/td>\n<\/tr>\n<tr>\n<td><\/td>\n<td><\/td>\n<td><\/td>\n<\/tr>\n<tr>\n<td><strong>2014 &#8211; 2017<\/strong><img loading=\"lazy\" decoding=\"async\" class=\" size-full wp-image-135\" src=\"https:\/\/webs.uab.cat\/picec\/wp-content\/uploads\/sites\/313\/2011\/11\/logo-gobierno.jpg\" alt=\"\" width=\"128\" height=\"34\" \/><\/td>\n<td>T\u00edtol del projecte: <strong>Diccionario biogr\u00e1fico de los parlamentarios de Catalu\u00f1a. 1854-1874. (HAR2013-40470-P)<\/strong>Entitat finan\u00e7adora: Ministerio de Econom\u00eda y Competitividad. Direcci\u00f3n General de Investigaci\u00f3n Cient\u00edfica y T\u00e9cnica. Subdirecci\u00f3n General de Proyectos de Investigaci\u00f3n<br \/>\nEntitats participants:\u00a0 UAB<br \/>\nDurada:\u00a0 des de:\u00a0 01\/\/01\/2014\u00a0 \u00a0 fins a:\u00a0 31\/12\/2017<br \/>\nNombre d&#8217;investigadors participants: 8<br \/>\nNombre col\u00b7laboradors: 11<br \/>\nInvestigadors responsables:\u00a0 Riquer i Permanyer, Borja de \/ Rub\u00ed i Casals, M. Gemma<br \/>\nImport de la subvenci\u00f3: 16.000 \u20ac<\/td>\n<td><\/td>\n<\/tr>\n<tr>\n<td><\/td>\n<td><\/td>\n<td><\/td>\n<\/tr>\n<tr>\n<td><strong>2014 &#8211; 2016<\/strong><img loading=\"lazy\" decoding=\"async\" class=\" size-full wp-image-133\" src=\"https:\/\/webs.uab.cat\/picec\/wp-content\/uploads\/sites\/313\/2011\/11\/Generalitat.jpg\" alt=\"\" width=\"128\" height=\"25\" \/><\/td>\n<td>T\u00edtol del projecte:<strong> Reconeixement de \u201cGrup de recerca de la Generalitat de Catalunya\u201d (GRC 2014-2016) per part del DURSI. Ag\u00e8ncia de Gesti\u00f3 d\u2019Ajuts Universitaris i de Recerca<\/strong>. <strong>Nom de grup: Grup d\u2019Hist\u00f2ria del Parlamentarisme<\/strong>.\u00a0 Resoluci\u00f3: ECO\/2663\/2013 de 12 de desembre (DOGC n\u00fam. 6625 de 19 de desembre de 2013). N\u00fam. expedient: 2014 SGR 776Entitat finan\u00e7adora:\u00a0 Generalitat de Catalunya. DURSI. Ag\u00e8ncia de Gesti\u00f3 d&#8217;Ajuts Universitaris i de Recerca (AGAUR)<br \/>\nEntitats participants: UAB<br \/>\nDurada: des de 2014\u00a0 fins a 2016<br \/>\nNombre d&#8217;investigadors participants: 11<br \/>\nInvestigador responsable:\u00a0 Riquer i Permanyer, Borja de<br \/>\nImport de la subvenci\u00f3:\u00a0 &#8212;&#8212;<\/td>\n<td><\/td>\n<\/tr>\n<tr>\n<td><\/td>\n<td><\/td>\n<td><\/td>\n<\/tr>\n<tr>\n<td><strong>2010 &#8211; 2013<\/strong><img loading=\"lazy\" decoding=\"async\" class=\" size-full wp-image-133\" src=\"https:\/\/webs.uab.cat\/picec\/wp-content\/uploads\/sites\/313\/2011\/11\/Generalitat.jpg\" alt=\"\" width=\"126\" height=\"25\" \/><\/td>\n<td>T\u00edtol del projecte:<strong> Reconeixement de \u201cGrup de recerca de la Generalitat de Catalunya\u201d (SGR 2009-2013) per part del DURSI. Ag\u00e8ncia de Gesti\u00f3 d\u2019Ajuts Universitaris i de Recerca<\/strong>. <strong>Nom de grup: Grup d\u2019Hist\u00f2ria del Parlamentarisme<\/strong>.\u00a0 Resoluci\u00f3: IUE\/3485\/2008 de 10 de novembre (DOGC n\u00fam. 5265 de 25 de novembre de 2008). N\u00fam. expedient: 2009 SGR 920Entitat finan\u00e7adora:\u00a0 Generalitat de Catalunya. DURSI. Ag\u00e8ncia de Gesti\u00f3 d&#8217;Ajuts Universitaris i de Recerca (AGAUR)<br \/>\nEntitats participants: UAB<br \/>\nDurada: des de 2009\u00a0 fins a 2013<br \/>\nNombre d&#8217;investigadors participants: 23<br \/>\nInvestigador responsable:\u00a0 Riquer i Permanyer, Borja de<br \/>\nImport de la subvenci\u00f3:\u00a0 33.600 \u20ac<\/td>\n<td><\/td>\n<\/tr>\n<tr>\n<td><\/td>\n<td><\/td>\n<td><\/td>\n<\/tr>\n<tr>\n<td><\/td>\n<td><\/td>\n<td><\/td>\n<\/tr>\n<tr>\n<td><strong>2010 &#8211; 2012<\/strong><img loading=\"lazy\" decoding=\"async\" class=\" size-full wp-image-135\" src=\"https:\/\/webs.uab.cat\/picec\/wp-content\/uploads\/sites\/313\/2011\/11\/logo-gobierno.jpg\" alt=\"\" width=\"128\" height=\"34\" \/><\/td>\n<td>T\u00edtol del projecte: <strong>Diccionario biogr\u00e1fico de los parlamentarios de Catalu\u00f1a. 1810-1868. (HAR2009-08989)<\/strong>Entitat finan\u00e7adora:\u00a0 . Ministerio de Ciencia e Innovaci\u00f3n. Secretar\u00eda de Estado de Investigaci\u00f3n<br \/>\nEntitats participants:\u00a0 UAB<br \/>\nDurada:\u00a0 des de:\u00a0 01\/\/01\/2010\u00a0 \u00a0 fins a:\u00a0 31\/12\/2012<br \/>\nNombre d&#8217;investigadors participants: 11<br \/>\nInvestigador responsable:\u00a0 Riquer i Permanyer, Borja de<br \/>\nImport de la subvenci\u00f3: 38.841 \u20ac<\/td>\n<td><\/td>\n<\/tr>\n<tr>\n<td><\/td>\n<td><\/td>\n<td><\/td>\n<\/tr>\n<tr>\n<td><strong>\u00a0<\/strong><strong>2006 &#8211; 2010<\/strong><img decoding=\"async\" src=\"\/picec\/\" alt=\"\" \/><img decoding=\"async\" src=\"\/picec\/\" alt=\"\" \/><\/td>\n<td>T\u00edtol del contracte: <strong>Protocolo de colaboraci\u00f3n cient\u00edfica entre las Cortes Generales y la UPV\/EHU para la elaboraci\u00f3n del Diccionario biogr\u00e1fico de los parlamentarios espa\u00f1oles (1810-1854)<\/strong> (2006-0225)Entitat finan\u00e7adora: Cortes Generales. Mesa del Congreso y Senado.<br \/>\nEntitats participants: Universidad del Pa\u00eds Vasco (UPV\/EHU), Universidad Complutense de Madrid (UCM), Universidad de Valladolid (UV), Universidad de Sevilla (US), Centro de Estudios Pol\u00edticos y Constitucionales, Universitat Aut\u00f2noma de Barcelona.<br \/>\nDurada: des de 2006 fins a 2010<br \/>\nInvestigador responsable: Miquel Urquijo Goitia<br \/>\nNombre d&#8217;investigadors participants: 6<br \/>\nImport de la subvenci\u00f3: 1.075.000,00 \u20ac<\/td>\n<td><\/td>\n<\/tr>\n<tr>\n<td><\/td>\n<td><\/td>\n<td><\/td>\n<\/tr>\n<tr>\n<td><strong>2006 &#8211; 2007<\/strong><img loading=\"lazy\" decoding=\"async\" class=\" size-full wp-image-135\" src=\"https:\/\/webs.uab.cat\/picec\/wp-content\/uploads\/sites\/313\/2011\/11\/logo-gobierno.jpg\" alt=\"\" width=\"128\" height=\"34\" \/><\/td>\n<td>T\u00edtol del projecte: <strong>Acci\u00f3n complementaria. Creaci\u00f3n de una red tem\u00e1tica para el estudio de la historia parlamentaria (2006-2007)<\/strong> <strong>(HUM2006-27377-E\/HIST)<\/strong>Entitat finan\u00e7adora: Ministerio de Educaci\u00f3n y Ciencia<br \/>\nEntitats participants: UPV\/EHU, UAB, UV, UCM, US<br \/>\nDurada: des de 2006 fins a 2007<br \/>\nInvestigador responsable: Miquel Urquijo Goitia<br \/>\nNombre d&#8217;investigadores participantes: 6<br \/>\nImport de la subvenci\u00f3: 20.000,00 \u20ac<\/td>\n<\/tr>\n<tr>\n<td><\/td>\n<td><\/td>\n<\/tr>\n<tr>\n<td><strong>2005 &#8211; 2006<\/strong><img loading=\"lazy\" decoding=\"async\" class=\" size-full wp-image-135\" src=\"https:\/\/webs.uab.cat\/picec\/wp-content\/uploads\/sites\/313\/2011\/11\/logo-gobierno.jpg\" alt=\"\" width=\"128\" height=\"34\" \/><\/td>\n<td>T\u00edtol del projecte:<strong> Acci\u00f3n complementaria. Creaci\u00f3n de una red tem\u00e1tica para el estudio de la historia parlamentaria (HUM2005-23892-E\/HIST)<\/strong>Entitat finan\u00e7adora: Ministerio de Educaci\u00f3n y Ciencia<br \/>\nEntitats participants: UPV\/EHU, UAB, UV, UCM, US<br \/>\nDurada: des de 2005 fins a 2006<br \/>\nInvestigador responsable: Miquel Urquijo Goitia<br \/>\nNombre d&#8217;investigadores participantes: 6<br \/>\nImport de la subvenci\u00f3: 8.600,00 \u20ac<\/td>\n<td><\/td>\n<\/tr>\n<tr>\n<td><\/td>\n<td><\/td>\n<td><\/td>\n<\/tr>\n<tr>\n<td>\n<div>\n<p><strong>2005 &#8211; 2008<\/strong><\/p>\n<p><strong><img loading=\"lazy\" decoding=\"async\" class=\" size-full wp-image-133\" src=\"https:\/\/webs.uab.cat\/picec\/wp-content\/uploads\/sites\/313\/2011\/11\/Generalitat.jpg\" alt=\"\" width=\"126\" height=\"25\" \/><\/strong><\/p>\n<\/div>\n<\/td>\n<td>T\u00edtol del projecte: <em><strong>Reconeixement de \u201cGrup de recerca de la Generalitat de Catalunya\u201d (SGR 2005) per part del DURSI. Ag\u00e8ncia de Gesti\u00f3 d\u2019Ajuts Universitaris i de Recerca. Nom de grup: Grup d\u2019Hist\u00f2ria del Parlamentarisme.<\/strong><\/em>Resoluci\u00f3: UNI\/1022\/2005 de 6 d\u2019abril de 2005 (DOGC n\u00fam. 4364 de 15 d\u2019abril de 2005). N\u00fam. expediente: 00802Entitat finan\u00e7adora: Generalitat de Catalunya. DURSI. Ag\u00e8ncia de Gesti\u00f3 d&#8217;Ajuts Universitaris i de Recerca (AGAUR).<br \/>\nEntitats participants: UAB, URV<br \/>\nDurada: des de 2005 fins a 2008<br \/>\nInvestigador responsable: Riquer i Permanyer, Borja de<br \/>\nNombre d&#8217;investigadors participants: 10<br \/>\nImport de la subvenci\u00f3: 31.800 \u20ac<\/td>\n<td><\/td>\n<\/tr>\n<tr>\n<td><\/td>\n<td><\/td>\n<td><\/td>\n<\/tr>\n<tr>\n<td><strong>2005 &#8211; 2008<\/strong><img loading=\"lazy\" decoding=\"async\" class=\" size-full wp-image-135\" src=\"https:\/\/webs.uab.cat\/picec\/wp-content\/uploads\/sites\/313\/2011\/11\/logo-gobierno.jpg\" alt=\"\" width=\"128\" height=\"34\" \/><\/td>\n<td>T\u00edtol del projecte: <strong>Diccionario biogr\u00e1fico de los parlamentarios de Catalu\u00f1a. Segunda fase. Per\u00edodo 1869-1901. (HUM2005-01485)<\/strong>Entitat finan\u00e7adora: Ministerio de Educaci\u00f3n y Ciencia. Direcci\u00f3n General de Investigaci\u00f3n.&#8221;<br \/>\nEntitats participants: UAB<br \/>\nDurada: des de 15\/10\/05 fins a 14\/10\/08<br \/>\nInvestigador responsable: Riquer i Permanyer, Borja de<br \/>\nNombre d&#8217;investigadors participants: 9<br \/>\nImport de la subvenci\u00f3: 17.850 \u20ac<\/td>\n<td><\/td>\n<\/tr>\n<tr>\n<td><\/td>\n<td><\/td>\n<td><\/td>\n<\/tr>\n<tr>\n<td>\n<div>\n<p><strong>2002 &#8211; 2008<\/strong><\/p>\n<\/div>\n<p><img loading=\"lazy\" decoding=\"async\" class=\" size-full wp-image-133\" src=\"https:\/\/webs.uab.cat\/picec\/wp-content\/uploads\/sites\/313\/2011\/11\/Generalitat.jpg\" alt=\"\" width=\"126\" height=\"25\" \/><\/td>\n<td>T\u00edtol del projecte:<strong> Diccionario biogr\u00e1fico de los parlamentarios de Catalu\u00f1a (1808-2000)<\/strong>Entitat finan\u00e7adora: Generalitat de Catalunya. DURSI. Distinci\u00f3 per a la promoci\u00f3 de la Recerca Universitaria como &#8220;Investigador reconegut&#8221;<br \/>\nEntitats participants: UAB<br \/>\nDurada: des de 1\/10\/2002 fins a 30\/09\/2008<br \/>\nInvestigador responsable: Riquer i Permanyer, Borja de<br \/>\nNombre d&#8217;investigadors participantes: 4<br \/>\nImport de la subvenci\u00f3: 34.600 \u20ac anuals<\/td>\n<td><\/td>\n<\/tr>\n<tr>\n<td><\/td>\n<td><\/td>\n<td><\/td>\n<\/tr>\n<tr>\n<td><strong>2003 &#8211; 2005<\/strong><img loading=\"lazy\" decoding=\"async\" class=\" size-full wp-image-135\" src=\"https:\/\/webs.uab.cat\/picec\/wp-content\/uploads\/sites\/313\/2011\/11\/logo-gobierno.jpg\" alt=\"\" width=\"128\" height=\"34\" \/><\/td>\n<td>T\u00edtol del projecte:<strong> La &#8220;cuesti\u00f3n catalana&#8221; en la pol\u00edtica espa\u00f1ola del siglo XX. (BHA2002-01307)<\/strong>Entitat finanadora: DGI. Ministerio de Educaci\u00f3n y Ciencia &#8211; FEDER<br \/>\nEntitats participants: UAB<br \/>\nDurada: des de 2003 fins a 2005<br \/>\nInvestigador responsable: Riquer i Permanyer, Borja de<br \/>\nNombre d&#8217;investigadors participantes: 4<br \/>\nImport de la subvenci\u00f3: 41.304,00 \u20ac<\/td>\n<td><\/td>\n<\/tr>\n<tr>\n<td><\/td>\n<td><\/td>\n<td><\/td>\n<\/tr>\n<tr>\n<td><\/td>\n<td><\/td>\n<td><\/td>\n<\/tr>\n<tr>\n<td><\/td>\n<td><\/td>\n<td><\/td>\n<\/tr>\n<tr>\n<td><\/td>\n<td><\/td>\n<td><\/td>\n<\/tr>\n<tr>\n<td><\/td>\n<td><\/td>\n<td><\/td>\n<\/tr>\n<\/tbody>\n<\/table>\n<p><!--more--><\/p>\n<p><!--more--><\/p>\n","protected":false},"excerpt":{"rendered":"<p>2023-2027 T\u00edtol del projecte: \u00a0Historia de la corrupci\u00f3n y de la desconfianza pol\u00edtica en Espa\u00f1a (1750-1975) Refer\u00e8ncia: PID2022-140247NB-100Convocat\u00f2ria: Proyectos de Generaci\u00f3n de Conocimiento (2022) Entitat finan\u00e7adora: Ministerio de Ciencia e Innovaci\u00f3n (Projecte confinan\u00e7at per la Uni\u00f3 Europea i l&#8217;Agencia Estatal de Investigaci\u00f3n) Entitats participants:\u00a0 UAB Durada:\u00a0 des de:\u00a0 01\/09\/2023 fins a: 31\/08\/2027 Nombre d&#8217;investigadors participants: [&hellip;]<\/p>\n","protected":false},"author":20,"featured_media":133,"parent":0,"menu_order":0,"comment_status":"closed","ping_status":"closed","template":"","meta":{"footnotes":""},"class_list":["post-139","page","type-page","status-publish","has-post-thumbnail","hentry"],"_links":{"self":[{"href":"https:\/\/webs.uab.cat\/grepiic\/wp-json\/wp\/v2\/pages\/139","targetHints":{"allow":["GET"]}}],"collection":[{"href":"https:\/\/webs.uab.cat\/grepiic\/wp-json\/wp\/v2\/pages"}],"about":[{"href":"https:\/\/webs.uab.cat\/grepiic\/wp-json\/wp\/v2\/types\/page"}],"author":[{"embeddable":true,"href":"https:\/\/webs.uab.cat\/grepiic\/wp-json\/wp\/v2\/users\/20"}],"replies":[{"embeddable":true,"href":"https:\/\/webs.uab.cat\/grepiic\/wp-json\/wp\/v2\/comments?post=139"}],"version-history":[{"count":13,"href":"https:\/\/webs.uab.cat\/grepiic\/wp-json\/wp\/v2\/pages\/139\/revisions"}],"predecessor-version":[{"id":1646,"href":"https:\/\/webs.uab.cat\/grepiic\/wp-json\/wp\/v2\/pages\/139\/revisions\/1646"}],"wp:featuredmedia":[{"embeddable":true,"href":"https:\/\/webs.uab.cat\/grepiic\/wp-json\/wp\/v2\/media\/133"}],"wp:attachment":[{"href":"https:\/\/webs.uab.cat\/grepiic\/wp-json\/wp\/v2\/media?parent=139"}],"curies":[{"name":"wp","href":"https:\/\/api.w.org\/{rel}","templated":true}]}}