{"id":145,"date":"2011-11-29T10:20:31","date_gmt":"2011-11-29T08:20:31","guid":{"rendered":"https:\/\/webs.uab.cat\/picec\/tesis-inscrites\/"},"modified":"2025-07-15T18:49:35","modified_gmt":"2025-07-15T16:49:35","slug":"tesis-inscrites","status":"publish","type":"page","link":"https:\/\/webs.uab.cat\/grepiic\/tesis-inscrites\/","title":{"rendered":"Tesis inscrites"},"content":{"rendered":"\n<div class=\"wp-block-group\"><div class=\"wp-block-group__inner-container is-layout-flow wp-block-group-is-layout-flow\">\n<p><strong>Doctorand\/-a<\/strong>: Bajona Hergueta, Carles<br><strong>T\u00edtol<\/strong>: \u00d2mnium cultural i el seu temps<br><strong>Director\/-a: <\/strong>Culla Clar\u00e0, Joan Baptista<\/p>\n<\/div><\/div>\n\n\n\n<p><\/p>\n\n\n\n<p><strong>Doctorand\/-a<\/strong>: Barald\u00e9s Ribas, Pau<br><strong>T\u00edtol<\/strong>: La Gran Guerra i les seves repercussions en l\u2019espai german\u00f2fil. La crisi de la Restauraci\u00f3 borb\u00f2nica i l\u2019escissi\u00f3 mellista dels carlins<br><strong>Director\/-a:&nbsp;<\/strong>Rub\u00ed Casals, Maria Gemma; Mart\u00ednez Fiol, David<\/p>\n\n\n\n<p><\/p>\n\n\n\n<p><strong>Doctorand\/-a<\/strong>: Be\u00e0 Pardo, Marc<br><strong>T\u00edtol: <\/strong>Judaisme, sionisme i Estat d&#8217;Israel: aproximacions i posicionaments ideol\u00f3gics a Catalunya des del franquisme, l&#8217;exili i la clandestinitat (1939-1977)<br><strong>Director\/-a: <\/strong>Culla Clar\u00e0, Joan Baptista<\/p>\n\n\n\n<p><\/p>\n\n\n\n<p><strong>Doctorand\/-a<\/strong>: Bellomo Forn\u00e9, Gaia<br><strong>T\u00edtol: <\/strong>Lights and shadows of the application of Blockchain Technology as a tool for a managing personal data in the framework of the GDPR<br><strong>Director\/-a: <\/strong>Ca\u00f1abate P\u00e9rez, Josep<\/p>\n\n\n\n<p><\/p>\n\n\n\n<p><strong>Doctorand\/-a<\/strong>: Betancur Rold\u00e1n, Mar\u00eda Cristina<br><strong>T\u00edtol: <\/strong>La gesti\u00f3n documental y la archiv\u00edstica en Colombia (1970-2020)<br><strong>Director\/-a: <\/strong>Perpiny\u00e0 Morera, Remei; P\u00e9rez Ventayol, Josep<\/p>\n\n\n\n<p><\/p>\n\n\n\n<p><strong>Doctorand\/-a<\/strong>: Bravo Castillo, Paulina<br><strong>T\u00edtol: <\/strong>An\u00e1lisis de pol\u00edticas archiv\u00edsticas en Chile durante la dictadura militar (1973-1990). Su continuidad y repercusi\u00f3n en democracia<br><strong>Director\/-a: <\/strong>Perpiny\u00e0 Morera, Remei<\/p>\n\n\n\n<p><\/p>\n\n\n\n<p><strong>Doctorand\/-a<\/strong>: Calder\u00f3n Bogoslavsky, Valeria J\u00e9ssica<br><strong>T\u00edtol: <\/strong>Los aspectos jur\u00eddico-penales de la violencia obst\u00e9trica y ginecol\u00f3gica<br><strong>Director\/-a: <\/strong>Bonet Esteva, Margarita<\/p>\n\n\n\n<p><\/p>\n\n\n\n<p><strong>Doctorand\/-a<\/strong>: Campos Quesada, Montserrat<br><strong>T\u00edtol: <\/strong>Les transformacions de l&#8217;estat constitucional espanyol envers les noves amenaces globals<br><strong>Director\/-a: <\/strong>P\u00e9rez Francesch, Joan Llu\u00eds<\/p>\n\n\n\n<p><\/p>\n\n\n\n<p><strong>Doctorand\/-a<\/strong>: Cazorla M\u00e1rquez, Jordi<br><strong>T\u00edtol: <\/strong>El Partit Republic\u00e0 Radical a Barcelona durant la 2\u00aa Rep\u00fablica<br><strong>Director\/-a: <\/strong>Culla Clar\u00e0, Joan Baptista<\/p>\n\n\n\n<p><\/p>\n\n\n\n<p><strong>Doctorand\/-a<\/strong>: Clar\u00e9s Cruz, Luc\u00eda<br><strong>T\u00edtol: <\/strong>Uni\u00f3n Patri\u00f3tica (1926-1931)<br><strong>Director\/-a: <\/strong>Rub\u00ed Casals, Maria Gemma<\/p>\n\n\n\n<p><\/p>\n\n\n\n<p><strong>Doctorand\/-a<\/strong>: Colominas Ferran, Joaquim<br><strong>T\u00edtol: <\/strong>El funcionament intern del Consell executiu del Govern de la Generalitat de Catalunya (1980-2003): entre la col\u00b7legiabilitat governamental i la preemin\u00e8ncia presidencial<br><strong>Director\/-a: <\/strong>P\u00e9rez Francesch, Joan Llu\u00eds<\/p>\n\n\n\n<p><\/p>\n\n\n\n<p><strong>Doctorand\/-a<\/strong>: Coso L\u00f3pez, Rosa Mar\u00eda<br><strong>T\u00edtol: <\/strong>Mar\u00eda Carmen Garc\u00eda-Nieto Par\u00eds: historiadora social, humanista i feminista<br><strong>Director\/-a: <\/strong>Espuny Tom\u00e0s, Maria Jes\u00fas; Vall\u00e8s Mu\u00f1\u00edo, Daniel<\/p>\n\n\n\n<p><\/p>\n\n\n\n<p><strong>Doctorand\/-a<\/strong>: Cruz Mart\u00ednez, Alfonso de la <br><strong>T\u00edtol: <\/strong>Debates y tensiones entre las ramas del poder p\u00fablico en Colombia. Una aproximaci\u00f3n a la configuraci\u00f3n del Estado constitucional<br><strong>Director\/-a: <\/strong>P\u00e9rez Francesch, Joan Llu\u00eds<\/p>\n\n\n\n<p><\/p>\n\n\n\n<p><strong>Doctorand\/-a<\/strong>: Cuenca \u00c1lvarez, Ra\u00fal<br><strong>T\u00edtol: <\/strong>El republicanismo radical de Alejandro Lerroux: la historia de una identidad pol\u00edtica (1901-1936)<br><strong>Director\/-a: <\/strong>Toledano Gonz\u00e1lez, Llu\u00eds Ferran<\/p>\n\n\n\n<p><\/p>\n\n\n\n<p><strong>Doctorand\/-a<\/strong>: Gim\u00e9nez Mart\u00edn, Francesc<br><strong>T\u00edtol: <\/strong>Gesti\u00f3 integral de les dades d&#8217;un ens p\u00fablic: una proposta metodol\u00f2gica<br><strong>Director\/-a: <\/strong>Perpiny\u00e0 Morera, Remei; Alamillo Domingo, Ignacio<\/p>\n\n\n\n<p><\/p>\n\n\n\n<p><strong>Doctorand\/-a<\/strong>: Juncks Kammers, Katia Regina<br><strong>T\u00edtol: <\/strong>La formaci\u00f3 hist\u00f2rica de la(s) classe(s) obrera(s) en la societat globalitzada. An\u00e0lisi local i de g\u00e8nere de les condicions de treball a Catalunya en l&#8217;economia global<br><strong>Director\/-a: <\/strong>Figuerola Garreta, Jordi<\/p>\n\n\n\n<p><\/p>\n\n\n\n<p><strong>Doctorand\/-a<\/strong>: Laur\u00e1, Enrica Mar\u00eda<br><strong>T\u00edtol: <\/strong>Digital challenges to data protection and intellectual property rights with Blockchain Technology applied into the Art market<br><strong>Director\/-a: <\/strong>Ca\u00f1abate P\u00e9rez, Josep<\/p>\n\n\n\n<p><\/p>\n\n\n\n<p><strong>Doctorand\/-a<\/strong>: Padr\u00f3 Maristany, Esther<br><strong>T\u00edtol: <\/strong>La potestat jurisdiccional de l&#8217;estat espanyol com a instrument de defensa constitucional: una revisi\u00f3 de l&#8217;activisme i els seus l\u00edmits<br><strong>Director\/-a: <\/strong>P\u00e9rez Francesch, Joan Llu\u00eds<\/p>\n\n\n\n<p><\/p>\n\n\n\n<p><strong>Doctorand\/-a<\/strong>: Porras Paredes, Mar\u00eda Elena<br><strong>T\u00edtol<\/strong>: Archivos, estado y memoria hist\u00f3rica en el Ecuador<br><strong>Director\/-a:<\/strong> Perpiny\u00e0 i Morera, Remei ; Alberch i Fugueras, Ramon<br><\/p>\n\n\n\n<p><strong>Doctorand\/-a<\/strong>: Porras Paredes, Mar\u00eda Elena<br><strong>T\u00edtol<\/strong>: Archivos, estado y memoria hist\u00f3rica en el Ecuador<br><strong>Director\/-a:<\/strong> Perpiny\u00e0 i Morera, Remei ; Alberch i Fugueras, Ramon<\/p>\n\n\n\n<p><\/p>\n\n\n\n<p><strong>Doctorand\/-a<\/strong>: Pursals Jaime, Guillem<br><strong>T\u00edtol<\/strong>: La protecci\u00f3 constitucional de les infraestructures cr\u00edtiques<br><strong>Director\/-a:<\/strong> P\u00e9rez Francesch, Joan Llu\u00eds<\/p>\n\n\n\n<p><\/p>\n\n\n\n<p><strong>Doctorand\/-a<\/strong>: Qodir, Abdul<br><strong>T\u00edtol<\/strong>: Globalization of Personal Data Protection. Impact of EU GDPR on Indonesian Legislation<br><strong>Director\/-a:<\/strong> Ca\u00f1abate P\u00e9rez, Josep<\/p>\n\n\n\n<p><\/p>\n\n\n\n<p><strong>Doctorand\/-a<\/strong>: Ramos Fern\u00e1ndez, Ra\u00fcl<br><strong>T\u00edtol<\/strong>: La seguretat i privacitat de la tecnologia blockchain en la gesti\u00f3 d&#8217;una identitat digital sobirana en l&#8217;administraci\u00f3 electr\u00f2nica<br><strong>Director\/-a:<\/strong> Ca\u00f1abate P\u00e9rez, Josep<\/p>\n\n\n\n<p><\/p>\n\n\n\n<p><strong>Doctorand\/-a<\/strong>: Ricaldi, Francesca<br><strong>T\u00edtol<\/strong>: Legislaci\u00f3n sobre igualdad de g\u00e9nero en Italia y en Espa\u00f1a: un estudio comparativo<br><strong>Director\/-a:<\/strong> Espuny Tom\u00e0s, Maria Jes\u00fas; Vall\u00e8s Mu\u00f1\u00edo, Daniel<\/p>\n\n\n\n<p><\/p>\n\n\n\n<p><strong>Doctorand\/-a<\/strong>: Torrents Junc\u00e0, Joan<br><strong>T\u00edtol<\/strong>: La verema del poder. Pr\u00e0ctiques i discursos de la corrupci\u00f3 pol\u00edtica i el &#8220;bon govern&#8221; durant la Segona Rep\u00fablica Espanyola (1931-1936)<br><strong>Director\/-a:<\/strong> Rub\u00ed Casals, Maria Gemma<\/p>\n","protected":false},"excerpt":{"rendered":"<p>Doctorand\/-a: Bajona Hergueta, CarlesT\u00edtol: \u00d2mnium cultural i el seu tempsDirector\/-a: Culla Clar\u00e0, Joan Baptista Doctorand\/-a: Barald\u00e9s Ribas, PauT\u00edtol: La Gran Guerra i les seves repercussions en l\u2019espai german\u00f2fil. La crisi de la Restauraci\u00f3 borb\u00f2nica i l\u2019escissi\u00f3 mellista dels carlinsDirector\/-a:&nbsp;Rub\u00ed Casals, Maria Gemma; Mart\u00ednez Fiol, David Doctorand\/-a: Be\u00e0 Pardo, MarcT\u00edtol: Judaisme, sionisme i Estat d&#8217;Israel: aproximacions [&hellip;]<\/p>\n","protected":false},"author":20,"featured_media":0,"parent":0,"menu_order":0,"comment_status":"closed","ping_status":"closed","template":"","meta":{"footnotes":""},"class_list":["post-145","page","type-page","status-publish","hentry"],"_links":{"self":[{"href":"https:\/\/webs.uab.cat\/grepiic\/wp-json\/wp\/v2\/pages\/145","targetHints":{"allow":["GET"]}}],"collection":[{"href":"https:\/\/webs.uab.cat\/grepiic\/wp-json\/wp\/v2\/pages"}],"about":[{"href":"https:\/\/webs.uab.cat\/grepiic\/wp-json\/wp\/v2\/types\/page"}],"author":[{"embeddable":true,"href":"https:\/\/webs.uab.cat\/grepiic\/wp-json\/wp\/v2\/users\/20"}],"replies":[{"embeddable":true,"href":"https:\/\/webs.uab.cat\/grepiic\/wp-json\/wp\/v2\/comments?post=145"}],"version-history":[{"count":5,"href":"https:\/\/webs.uab.cat\/grepiic\/wp-json\/wp\/v2\/pages\/145\/revisions"}],"predecessor-version":[{"id":1825,"href":"https:\/\/webs.uab.cat\/grepiic\/wp-json\/wp\/v2\/pages\/145\/revisions\/1825"}],"wp:attachment":[{"href":"https:\/\/webs.uab.cat\/grepiic\/wp-json\/wp\/v2\/media?parent=145"}],"curies":[{"name":"wp","href":"https:\/\/api.w.org\/{rel}","templated":true}]}}