{"id":296,"date":"2011-12-19T11:45:07","date_gmt":"2011-12-19T09:45:07","guid":{"rendered":"https:\/\/webs.uab.cat\/picec\/tesines\/"},"modified":"2023-06-13T15:19:18","modified_gmt":"2023-06-13T13:19:18","slug":"tesines","status":"publish","type":"page","link":"https:\/\/webs.uab.cat\/grepiic\/tesines\/","title":{"rendered":"Tesines (treballs de tercer cicle) (2005-2009)"},"content":{"rendered":"<p><strong>Alumne:<\/strong> P\u00e9rez Ventayol, Joan<br \/>\n<strong>T\u00edtol:<\/strong> L&#8217;exemple dels jueus. El catalanisme d&#8217;esquerres i la seva visi\u00f3 del poble jueu, del sionisme i del conflicte a Palestina<br \/>\n<strong>Director\/-a:<\/strong> Culla Clar\u00e0, Joan B.<br \/>\n<strong>Data de lectura:<\/strong>19-06-2009<\/p>\n<p><strong>Alumne:<\/strong> Escobar Gutierrez, Andr\u00e9s<br \/>\n<strong>T\u00edtol: <\/strong>Relaciones M\u00e9xico &#8211; Uni\u00f3n Europea. Propuestas de crecimiento para Am\u00e9rica Latina<br \/>\n<strong>Director\/-a:<\/strong> Moliner Prada, Antoni<br \/>\n<strong>Data de lectura:<\/strong> 17-09-2008<\/p>\n<p><strong>Alumne:<\/strong> da Cunha Louren\u00e7o, Joao Pedro<br \/>\n<strong>T\u00edtol:<\/strong> La prensa de la independencia. La independencia de la prensa: El diarios de Luanda en el proceso de transici\u00f3n e independencia de Angola (abril 1974-noviembre 1974)<br \/>\n<strong>Director\/-a:<\/strong> Culla Clar\u00e0, Joan B.<br \/>\n<strong>Data de lectura:<\/strong> 06-10-2006<\/p>\n<p><strong>Alumne:<\/strong> Mart\u00edn i Berbois, Josep Llu\u00eds<br \/>\n<strong>T\u00edtol:<\/strong> La Lliga Regionalista de Sabadell o l&#8217;oc\u00e0s d&#8217;un partit (1931-1945)<br \/>\n<strong>Director\/-a:<\/strong> Riquer i Permanyer, Borja de<br \/>\n<strong>Data de lectura:<\/strong> 04-09-2006<\/p>\n<p><strong>Alumne:<\/strong> Prims Vila, Roger<br \/>\n<strong>T\u00edtol:<\/strong> De la fosca al desvetllament: el front nacional de Catalunya a la d\u00e8cada dels cinquanta<br \/>\n<strong>Director\/a:<\/strong> Culla Clar\u00e0, Joan B.<br \/>\n<strong>Data de lectura: <\/strong>13-09-2006<\/p>\n<p><strong>Alumne:<\/strong> Salicr\u00fa Maltas, Mar\u00eda<br \/>\n<strong>T\u00edtol:<\/strong> El grup dels dijous. Els or\u00edgens de la Nova Can\u00e7\u00f3 (1957-1963)<br \/>\n<strong>Director\/a:<\/strong>Riquer i Permanyer, Borja de<br \/>\n<strong>Data de lectura:<\/strong> 05-09-2006<\/p>\n<p><strong>Alumne:<\/strong> Bay\u00e1n S\u00e1nchez, Araceli<br \/>\n<strong>T\u00edtol:<\/strong> El naixement de l&#8217;Estat d&#8217;Israel . Maig 1948:an\u00e0lisi de la visi\u00f3 de la prensa espanyola de l&#8217;\u00e8poca<br \/>\n<strong>Director\/a:<\/strong> Culla Clar\u00e0, Joan B.<br \/>\n<strong>Data de lectura:<\/strong> 13-09-2005<\/p>\n<p><strong>Alumne:<\/strong> Pons Pujol, Jordi<br \/>\n<strong>T\u00edtol:<\/strong> Documents d&#8217;enll\u00e0 per a la hist\u00f2ria d&#8217;en\u00e7\u00e0: els documents d&#8217;arxius estrangers per a la hist\u00f2ria contempor\u00e0nia dels Pa\u00efsos Catalans<br \/>\n<strong>Director\/a:<\/strong> Riquer i Permanyer, Borja de<br \/>\n<strong>Data de lectura:<\/strong> 13-09-2005<\/p>\n<p><strong>Alumne:<\/strong> Reixach i Puig, Ramon<br \/>\n<strong>T\u00edtol:<\/strong> Els pares de la Rep\u00fablica. El patronat com a cultura pol\u00edtica a la Catalunya urbana moderna. Matar\u00f3 ( S. XV-XVIII<br \/>\n<strong>Director\/a:\u00a0<\/strong>Figuerola Garreta, Jordi<br \/>\n<strong>Data de lectura: <\/strong>01-04-2005<\/p>\n<p><strong>Alumne:<\/strong> Roca Vernet, Jordi<br \/>\n<strong>T\u00edtol:<\/strong> La cultura constitucional del Trienni. Una nova manera d&#8217;educar pol\u00edticament als ciutadans.<br \/>\n<strong>Director\/a:<\/strong> Castells Oliv\u00e1n, Irene \/ Moliner Prada, Antoni<br \/>\n<strong>Data de lectura: <\/strong>15-09-2005<\/p>\n<p><strong>Alumne:<\/strong> Varo Moral, Nadia<br \/>\n<strong>T\u00edtol:<\/strong> La conflictivitat laboral femenina durant el franquisme a la provincia de Barcelona<br \/>\n<strong>Director\/a:<\/strong> Riquer i Permanyer, Borja de<br \/>\n<strong>Data de lectura: <\/strong>13-09-2005<\/p>\n","protected":false},"excerpt":{"rendered":"<p>Alumne: P\u00e9rez Ventayol, Joan T\u00edtol: L&#8217;exemple dels jueus. El catalanisme d&#8217;esquerres i la seva visi\u00f3 del poble jueu, del sionisme i del conflicte a Palestina Director\/-a: Culla Clar\u00e0, Joan B. Data de lectura:19-06-2009 Alumne: Escobar Gutierrez, Andr\u00e9s T\u00edtol: Relaciones M\u00e9xico &#8211; Uni\u00f3n Europea. Propuestas de crecimiento para Am\u00e9rica Latina Director\/-a: Moliner Prada, Antoni Data de [&hellip;]<\/p>\n","protected":false},"author":20,"featured_media":0,"parent":0,"menu_order":0,"comment_status":"closed","ping_status":"closed","template":"","meta":{"footnotes":""},"class_list":["post-296","page","type-page","status-publish","hentry"],"_links":{"self":[{"href":"https:\/\/webs.uab.cat\/grepiic\/wp-json\/wp\/v2\/pages\/296","targetHints":{"allow":["GET"]}}],"collection":[{"href":"https:\/\/webs.uab.cat\/grepiic\/wp-json\/wp\/v2\/pages"}],"about":[{"href":"https:\/\/webs.uab.cat\/grepiic\/wp-json\/wp\/v2\/types\/page"}],"author":[{"embeddable":true,"href":"https:\/\/webs.uab.cat\/grepiic\/wp-json\/wp\/v2\/users\/20"}],"replies":[{"embeddable":true,"href":"https:\/\/webs.uab.cat\/grepiic\/wp-json\/wp\/v2\/comments?post=296"}],"version-history":[{"count":2,"href":"https:\/\/webs.uab.cat\/grepiic\/wp-json\/wp\/v2\/pages\/296\/revisions"}],"predecessor-version":[{"id":1111,"href":"https:\/\/webs.uab.cat\/grepiic\/wp-json\/wp\/v2\/pages\/296\/revisions\/1111"}],"wp:attachment":[{"href":"https:\/\/webs.uab.cat\/grepiic\/wp-json\/wp\/v2\/media?parent=296"}],"curies":[{"name":"wp","href":"https:\/\/api.w.org\/{rel}","templated":true}]}}