{"id":267,"date":"2017-04-05T23:43:13","date_gmt":"2017-04-05T21:43:13","guid":{"rendered":"https:\/\/webs.uab.cat\/grepuab\/participations-scientific-committee\/"},"modified":"2017-04-05T23:43:13","modified_gmt":"2017-04-05T21:43:13","slug":"participations-scientific-committee","status":"publish","type":"page","link":"https:\/\/webs.uab.cat\/grepuab\/en\/participations-scientific-committee\/","title":{"rendered":"Participations as a Scientific Committee"},"content":{"rendered":"<p><strong>2016<\/strong><\/p>\n<p>Mart\u00ednez, L. (2016): Member of the scientific committee of the I Workshop on Good Practices in Educational Evaluation in University Teaching. Organized by: IFAHE Group (University of Le\u00f3n). Leon, September 2016.<\/p>\n<p>Mart\u00ednez, L., Rota, J. and Ant\u00f3n, M. (2016): Members of the scientific committee of the VIII Conference on Reflection and Research: Psychomotricity and School. Organized by: Research Group on Psychomotor Education and the Department of Didactics of Musical, Plastic and Corporal Expression-UAB. Bellaterra, February 2016.<\/p>\n<p><strong>2015<\/strong><\/p>\n<p>Mart\u00ednez, L. (2015): Member of the Scientific Committee of the 9th International Conference on Formative and Shared Assessment in Infant, Primary, Secondary and University Teaching. Organized by: University of Cantabria, Government of Cantabria, City of Santander. Santander, September 2015.<\/p>\n<p>Mart\u00ednez, L. (2016): Member of the Scientific Committee of the 25th Conference EECERA (European Early Childhood Education Research Association). Organized by: EECERA (European Early Childhood Education Research Association). Barcelona, \u200b\u200bSeptember 2015.<\/p>\n<p>Mart\u00ednez, L. (2016): Member of the scientific committee of the 4th Multidisciplinary International Congress of Educational Research &#8211; CIMIE. Organized by: Universitat de Val\u00e8ncia, Universitat Jaume I, Universidad Cat\u00f3lica de Valencia and Generalitat Valenciana. Valencia, July 2015.<\/p>\n<p><strong>2014<\/strong><\/p>\n<p>Ant\u00f3n, M. (2014): Member of the Scientific Committee of the XIII Congress of Educating Cities. Celebrated in Barcelona from November 13 to 16, 2014.<\/p>\n<p>\n<strong>2013<\/strong><\/p>\n<p>Mart\u00ednez, L. (2013): President of the scientific committee and Rota, J. i Godall, T. (2013) as mebres of the Scientific Committee of the 5th. European Congress of Psychomotricity. Different faces of Psychomotricity. Organized by: FAPee (Federation of Associations of Psychomotors of the Spanish State), Autonomous University of Barcelona, \u200b\u200bUniversity of Barcelona, \u200b\u200bUniversity of Girona, Univeristat Rovira i Virgili, University of Vic, University of Lleida and Ramon Llull University . Barcelona, \u200b\u200bMay 2013.<\/p>\n","protected":false},"excerpt":{"rendered":"<p>2016 Mart\u00ednez, L. (2016): Member of the scientific committee of the I Workshop on Good Practices in Educational Evaluation in University Teaching. Organized by: IFAHE Group (University of Le\u00f3n). Leon, September 2016. Mart\u00ednez, L., Rota, J. and Ant\u00f3n, M. (2016): Members of the scientific committee of the VIII Conference on Reflection and Research: Psychomotricity and [&hellip;]<\/p>\n","protected":false},"author":20,"featured_media":0,"parent":0,"menu_order":0,"comment_status":"closed","ping_status":"closed","template":"","meta":{"footnotes":""},"class_list":["post-267","page","type-page","status-publish","hentry"],"_links":{"self":[{"href":"https:\/\/webs.uab.cat\/grepuab\/en\/wp-json\/wp\/v2\/pages\/267","targetHints":{"allow":["GET"]}}],"collection":[{"href":"https:\/\/webs.uab.cat\/grepuab\/en\/wp-json\/wp\/v2\/pages"}],"about":[{"href":"https:\/\/webs.uab.cat\/grepuab\/en\/wp-json\/wp\/v2\/types\/page"}],"author":[{"embeddable":true,"href":"https:\/\/webs.uab.cat\/grepuab\/en\/wp-json\/wp\/v2\/users\/20"}],"replies":[{"embeddable":true,"href":"https:\/\/webs.uab.cat\/grepuab\/en\/wp-json\/wp\/v2\/comments?post=267"}],"version-history":[{"count":0,"href":"https:\/\/webs.uab.cat\/grepuab\/en\/wp-json\/wp\/v2\/pages\/267\/revisions"}],"wp:attachment":[{"href":"https:\/\/webs.uab.cat\/grepuab\/en\/wp-json\/wp\/v2\/media?parent=267"}],"curies":[{"name":"wp","href":"https:\/\/api.w.org\/{rel}","templated":true}]}}

<p><strong>2016</strong></p>
<p>Martínez, L. (2016): Member of the scientific committee of the I Workshop on Good Practices in Educational Evaluation in University Teaching. Organized by: IFAHE Group (University of León). Leon, September 2016.</p>
<p>Martínez, L., Rota, J. and Antón, M. (2016): Members of the scientific committee of the VIII Conference on Reflection and Research: Psychomotricity and School. Organized by: Research Group on Psychomotor Education and the Department of Didactics of Musical, Plastic and Corporal Expression-UAB. Bellaterra, February 2016.</p>
<p><strong>2015</strong></p>
<p>Martínez, L. (2015): Member of the Scientific Committee of the 9th International Conference on Formative and Shared Assessment in Infant, Primary, Secondary and University Teaching. Organized by: University of Cantabria, Government of Cantabria, City of Santander. Santander, September 2015.</p>
<p>Martínez, L. (2016): Member of the Scientific Committee of the 25th Conference EECERA (European Early Childhood Education Research Association). Organized by: EECERA (European Early Childhood Education Research Association). Barcelona, ​​September 2015.</p>
<p>Martínez, L. (2016): Member of the scientific committee of the 4th Multidisciplinary International Congress of Educational Research &#8211; CIMIE. Organized by: Universitat de València, Universitat Jaume I, Universidad Católica de Valencia and Generalitat Valenciana. Valencia, July 2015.</p>
<p><strong>2014</strong></p>
<p>Antón, M. (2014): Member of the Scientific Committee of the XIII Congress of Educating Cities. Celebrated in Barcelona from November 13 to 16, 2014.</p>
<p>
<strong>2013</strong></p>
<p>Martínez, L. (2013): President of the scientific committee and Rota, J. i Godall, T. (2013) as mebres of the Scientific Committee of the 5th. European Congress of Psychomotricity. Different faces of Psychomotricity. Organized by: FAPee (Federation of Associations of Psychomotors of the Spanish State), Autonomous University of Barcelona, ​​University of Barcelona, ​​University of Girona, Univeristat Rovira i Virgili, University of Vic, University of Lleida and Ramon Llull University . Barcelona, ​​May 2013.</p>

<p>2016 Martínez, L. (2016): Member of the scientific committee of the I Workshop on Good Practices in Educational Evaluation in University Teaching. Organized by: IFAHE Group (University of León). Leon, September 2016. Martínez, L., Rota, J. and Antón, M. (2016): Members of the scientific committee of the VIII Conference on Reflection and Research: Psychomotricity and [&hellip;]</p>
