{"id":2008,"date":"2025-06-20T13:51:32","date_gmt":"2025-06-20T11:51:32","guid":{"rendered":"https:\/\/webs.uab.cat\/grepuab\/?page_id=2008"},"modified":"2025-06-20T13:53:38","modified_gmt":"2025-06-20T11:53:38","slug":"2025-xi-jornadas-connectat-amb-la-psicomotricitat","status":"publish","type":"page","link":"https:\/\/webs.uab.cat\/grepuab\/es\/transferencia-2\/2025-xi-jornadas-connectat-amb-la-psicomotricitat\/","title":{"rendered":"2025 \u2013 XI Jornadas: \u201cConnectat amb la psicomotricitat\u201d"},"content":{"rendered":"\n<p>El pr\u00f3ximo 18 de octubre de 2025 se llevar\u00e1n a cabo las und\u00e9cimas jornadas de reflexi\u00f3n e investigaci\u00f3n: Psicomotricidad y escuela colabora el ICE de la Universidad Aut\u00f3noma de Barcelona.<\/p>\n\n\n\n<p>Os animamos a participar ya que estamos muy contentos del \u00e9xito de las diez anteriores ediciones.<\/p>\n\n\n\n<p>Las Jornadas tendr\u00e1n un talante te\u00f3rico como conferencias, di\u00e1logos y p\u00f3sters pero sobre todo ser\u00e1 vivencial, en el que se desarrollar\u00e1n talleres pr\u00e1cticos en los que las personas participantes podr\u00e1n vivenciar aspectos significativos hacia el movimiento y el cuerpo, tanto de los adultos como de los ni\u00f1os. Por lo que supondr\u00e1n aprendizajes transferibles a las pr\u00e1cticas docentes actuales.<\/p>\n\n\n\n<p>Esta formaci\u00f3n est\u00e1 homologada por el Departamento de Educaci\u00f3n certificada con 10 horas de duraci\u00f3n.<\/p>\n\n\n\n<p>\u00a1Os esperamos!<\/p>\n\n\n<div class=\"wp-block-image\">\n<figure class=\"aligncenter size-full\"><img loading=\"lazy\" decoding=\"async\" width=\"412\" height=\"576\" src=\"https:\/\/webs.uab.cat\/grepuab\/wp-content\/uploads\/sites\/54\/2025\/06\/image.png\" alt=\"\" class=\"wp-image-2009\" srcset=\"https:\/\/webs.uab.cat\/grepuab\/wp-content\/uploads\/sites\/54\/2025\/06\/image.png 412w, https:\/\/webs.uab.cat\/grepuab\/wp-content\/uploads\/sites\/54\/2025\/06\/image-215x300.png 215w\" sizes=\"auto, (max-width: 412px) 100vw, 412px\" \/><\/figure>\n<\/div>","protected":false},"excerpt":{"rendered":"<p>El pr\u00f3ximo 18 de octubre de 2025 se llevar\u00e1n a cabo las und\u00e9cimas jornadas de reflexi\u00f3n e investigaci\u00f3n: Psicomotricidad y escuela colabora el ICE de la Universidad Aut\u00f3noma de Barcelona. Os animamos a participar ya que estamos muy contentos del \u00e9xito de las diez anteriores ediciones. Las Jornadas tendr\u00e1n un talante te\u00f3rico como conferencias, di\u00e1logos [&hellip;]<\/p>\n","protected":false},"author":63,"featured_media":0,"parent":344,"menu_order":0,"comment_status":"closed","ping_status":"closed","template":"","meta":{"footnotes":""},"class_list":["post-2008","page","type-page","status-publish","hentry"],"_links":{"self":[{"href":"https:\/\/webs.uab.cat\/grepuab\/es\/wp-json\/wp\/v2\/pages\/2008","targetHints":{"allow":["GET"]}}],"collection":[{"href":"https:\/\/webs.uab.cat\/grepuab\/es\/wp-json\/wp\/v2\/pages"}],"about":[{"href":"https:\/\/webs.uab.cat\/grepuab\/es\/wp-json\/wp\/v2\/types\/page"}],"author":[{"embeddable":true,"href":"https:\/\/webs.uab.cat\/grepuab\/es\/wp-json\/wp\/v2\/users\/63"}],"replies":[{"embeddable":true,"href":"https:\/\/webs.uab.cat\/grepuab\/es\/wp-json\/wp\/v2\/comments?post=2008"}],"version-history":[{"count":2,"href":"https:\/\/webs.uab.cat\/grepuab\/es\/wp-json\/wp\/v2\/pages\/2008\/revisions"}],"predecessor-version":[{"id":2014,"href":"https:\/\/webs.uab.cat\/grepuab\/es\/wp-json\/wp\/v2\/pages\/2008\/revisions\/2014"}],"up":[{"embeddable":true,"href":"https:\/\/webs.uab.cat\/grepuab\/es\/wp-json\/wp\/v2\/pages\/344"}],"wp:attachment":[{"href":"https:\/\/webs.uab.cat\/grepuab\/es\/wp-json\/wp\/v2\/media?parent=2008"}],"curies":[{"name":"wp","href":"https:\/\/api.w.org\/{rel}","templated":true}]}}

<p>El próximo 18 de octubre de 2025 se llevarán a cabo las undécimas jornadas de reflexión e investigación: Psicomotricidad y escuela colabora el ICE de la Universidad Autónoma de Barcelona.</p>



<p>Os animamos a participar ya que estamos muy contentos del éxito de las diez anteriores ediciones.</p>



<p>Las Jornadas tendrán un talante teórico como conferencias, diálogos y pósters pero sobre todo será vivencial, en el que se desarrollarán talleres prácticos en los que las personas participantes podrán vivenciar aspectos significativos hacia el movimiento y el cuerpo, tanto de los adultos como de los niños. Por lo que supondrán aprendizajes transferibles a las prácticas docentes actuales.</p>



<p>Esta formación está homologada por el Departamento de Educación certificada con 10 horas de duración.</p>



<p>¡Os esperamos!</p>


<div class="wp-block-image">
<figure class="aligncenter size-full"><img loading="lazy" decoding="async" width="412" height="576" src="https://webs.uab.cat/grepuab/wp-content/uploads/sites/54/2025/06/image.png" alt="" class="wp-image-2009" srcset="https://webs.uab.cat/grepuab/wp-content/uploads/sites/54/2025/06/image.png 412w, https://webs.uab.cat/grepuab/wp-content/uploads/sites/54/2025/06/image-215x300.png 215w" sizes="auto, (max-width: 412px) 100vw, 412px" /></figure>
</div>

<p>El próximo 18 de octubre de 2025 se llevarán a cabo las undécimas jornadas de reflexión e investigación: Psicomotricidad y escuela colabora el ICE de la Universidad Autónoma de Barcelona. Os animamos a participar ya que estamos muy contentos del éxito de las diez anteriores ediciones. Las Jornadas tendrán un talante teórico como conferencias, diálogos [&hellip;]</p>
