{"id":374,"date":"2020-01-17T18:26:45","date_gmt":"2020-01-17T16:26:45","guid":{"rendered":"https:\/\/webs.uab.cat\/grepuab\/miembros-de-honor\/"},"modified":"2020-01-17T18:35:31","modified_gmt":"2020-01-17T16:35:31","slug":"miembros-de-honor","status":"publish","type":"page","link":"https:\/\/webs.uab.cat\/grepuab\/es\/miembros-de-honor\/","title":{"rendered":"Miembros de honor"},"content":{"rendered":"<p><span style=\"font-family:arial,helvetica,sans-serif\"><span style=\"font-size:14px\">Los miembros de honor del GREP es una esquisida selecci\u00f3n de las personalidades m\u00e1s destacadas en el mundo de la Psicomotricidad catalana y mundial. Adem\u00e1s, han sido miembros del GREP a\u00f1os atr\u00e1s. Podemos decir que tenemos el gran placer de presentar a:<\/span><\/span><\/p>\n<p>&nbsp;<\/p>\n<p dir=\"ltr\"><span style=\"font-family:arial,helvetica,sans-serif\"><span style=\"font-size:14px\"><strong>ANT\u00d3N ROSERA, MONTSERRAT<\/strong><\/span><\/span><\/p>\n<p dir=\"ltr\"><span style=\"font-family:arial,helvetica,sans-serif\"><span style=\"font-size:14px\"><img loading=\"lazy\" decoding=\"async\" alt=\"\" height=\"182\" src=\"https:\/\/lh5.googleusercontent.com\/fFd-HXF_UltYzMNYIeeRMwAvA-3oRG8UxjSrkKFRFL25OgvGOFZL-hLM99m80cJagCKvK0LdnfsWBIk5VtrvGCd6kSGSuqDBLQtsxqmA6Le1B97hUpNkOzpR6UFMZg\" width=\"318\" \/><\/span><\/span><\/p>\n<p><span style=\"font-family:arial,helvetica,sans-serif\"><span style=\"font-size:14px\">Soy maestra de Educaci\u00f3n Primaria, maestra de Educaci\u00f3n Infantil, licenciada y doctora en Ciencias de la Educaci\u00f3n por la Universidad Aut\u00f3noma de Barcelona (Premio Extraordinario de Doctorado).<\/span><\/span><\/p>\n<p><span style=\"font-family:arial,helvetica,sans-serif\"><span style=\"font-size:14px\">Actualmente soy profesora de universidad jubilada del Departamento de Did\u00e1ctica de la Expresi\u00f3n Musical, Pl\u00e1stica y Corporal de la UAB en la Facultad de Ciencias de la Educaci\u00f3n de la UAB.<\/span><\/span><\/p>\n<p><span style=\"font-family:arial,helvetica,sans-serif\"><span style=\"font-size:14px\">He sido maestra y directora en la Escuela Bellaterra. Adem\u00e1s de formadora de maestros. asesora a centros educativos y en Ayuntamientos en pol\u00edticas municipales de atenci\u00f3n a la peque\u00f1a infancia.<\/span><\/span><\/p>\n<p><span style=\"font-family:arial,helvetica,sans-serif\"><span style=\"font-size:14px\">Por otra parte vicedecana de Ordenaci\u00f3n Acad\u00e9mica y Pr\u00e1cticum de la Facultad de Ciencias de la Educaci\u00f3n de la UAB (2002-2008); directora del Instituto de Ciencias de la Educaci\u00f3n (ICE) de la UAB (2008-2014).<\/span><\/span><\/p>\n<p><span style=\"font-family:arial,helvetica,sans-serif\"><span style=\"font-size:14px\">He participado, coordinado y dirigido Programas de Postgrado en la UAB y en otras Universidades Espa\u00f1olas.<\/span><\/span><\/p>\n<p><span style=\"font-family:arial,helvetica,sans-serif\"><span style=\"font-size:14px\">He realizado estancias y colaboraciones con Universidades catalanas; espa\u00f1olas y de diferentes pa\u00edses europeos y latinoamericanos.<\/span><\/span><\/p>\n<p><span style=\"font-family:arial,helvetica,sans-serif\"><span style=\"font-size:14px\">He publicado libros y art\u00edculos de tem\u00e1ticas de Educaci\u00f3n Infantil; Educaci\u00f3n Especial, Psicomtricidad; Organizaci\u00f3n del Pr\u00e1cticum en la Formaci\u00f3n inicial de Educaci\u00f3n.<\/span><\/span><\/p>\n<p><span style=\"font-family:arial,helvetica,sans-serif\"><span style=\"font-size:14px\">Soy miembro de consejos de redacci\u00f3n de varias publicaciones pedag\u00f3gicas y del \u00e1mbito psicomotriz. Y tambi\u00e9n miembro de Comit\u00e9 Organizador y Cient\u00edfico en Congresos Nacionales e Internacionales.<\/span><\/span><\/p>\n","protected":false},"excerpt":{"rendered":"<p>Los miembros de honor del GREP es una esquisida selecci\u00f3n de las personalidades m\u00e1s destacadas en el mundo de la Psicomotricidad catalana y mundial. Adem\u00e1s, han sido miembros del GREP a\u00f1os atr\u00e1s. Podemos decir que tenemos el gran placer de presentar a: &nbsp; ANT\u00d3N ROSERA, MONTSERRAT Soy maestra de Educaci\u00f3n Primaria, maestra de Educaci\u00f3n Infantil, [&hellip;]<\/p>\n","protected":false},"author":20,"featured_media":0,"parent":0,"menu_order":0,"comment_status":"closed","ping_status":"closed","template":"","meta":{"footnotes":""},"class_list":["post-374","page","type-page","status-publish","hentry"],"_links":{"self":[{"href":"https:\/\/webs.uab.cat\/grepuab\/es\/wp-json\/wp\/v2\/pages\/374","targetHints":{"allow":["GET"]}}],"collection":[{"href":"https:\/\/webs.uab.cat\/grepuab\/es\/wp-json\/wp\/v2\/pages"}],"about":[{"href":"https:\/\/webs.uab.cat\/grepuab\/es\/wp-json\/wp\/v2\/types\/page"}],"author":[{"embeddable":true,"href":"https:\/\/webs.uab.cat\/grepuab\/es\/wp-json\/wp\/v2\/users\/20"}],"replies":[{"embeddable":true,"href":"https:\/\/webs.uab.cat\/grepuab\/es\/wp-json\/wp\/v2\/comments?post=374"}],"version-history":[{"count":0,"href":"https:\/\/webs.uab.cat\/grepuab\/es\/wp-json\/wp\/v2\/pages\/374\/revisions"}],"wp:attachment":[{"href":"https:\/\/webs.uab.cat\/grepuab\/es\/wp-json\/wp\/v2\/media?parent=374"}],"curies":[{"name":"wp","href":"https:\/\/api.w.org\/{rel}","templated":true}]}}

<p><span style="font-family:arial,helvetica,sans-serif"><span style="font-size:14px">Los miembros de honor del GREP es una esquisida selección de las personalidades más destacadas en el mundo de la Psicomotricidad catalana y mundial. Además, han sido miembros del GREP años atrás. Podemos decir que tenemos el gran placer de presentar a:</span></span></p>
<p>&nbsp;</p>
<p dir="ltr"><span style="font-family:arial,helvetica,sans-serif"><span style="font-size:14px"><strong>ANTÓN ROSERA, MONTSERRAT</strong></span></span></p>
<p dir="ltr"><span style="font-family:arial,helvetica,sans-serif"><span style="font-size:14px"><img loading="lazy" decoding="async" alt="" height="182" src="https://lh5.googleusercontent.com/fFd-HXF_UltYzMNYIeeRMwAvA-3oRG8UxjSrkKFRFL25OgvGOFZL-hLM99m80cJagCKvK0LdnfsWBIk5VtrvGCd6kSGSuqDBLQtsxqmA6Le1B97hUpNkOzpR6UFMZg" width="318" /></span></span></p>
<p><span style="font-family:arial,helvetica,sans-serif"><span style="font-size:14px">Soy maestra de Educación Primaria, maestra de Educación Infantil, licenciada y doctora en Ciencias de la Educación por la Universidad Autónoma de Barcelona (Premio Extraordinario de Doctorado).</span></span></p>
<p><span style="font-family:arial,helvetica,sans-serif"><span style="font-size:14px">Actualmente soy profesora de universidad jubilada del Departamento de Didáctica de la Expresión Musical, Plástica y Corporal de la UAB en la Facultad de Ciencias de la Educación de la UAB.</span></span></p>
<p><span style="font-family:arial,helvetica,sans-serif"><span style="font-size:14px">He sido maestra y directora en la Escuela Bellaterra. Además de formadora de maestros. asesora a centros educativos y en Ayuntamientos en políticas municipales de atención a la pequeña infancia.</span></span></p>
<p><span style="font-family:arial,helvetica,sans-serif"><span style="font-size:14px">Por otra parte vicedecana de Ordenación Académica y Prácticum de la Facultad de Ciencias de la Educación de la UAB (2002-2008); directora del Instituto de Ciencias de la Educación (ICE) de la UAB (2008-2014).</span></span></p>
<p><span style="font-family:arial,helvetica,sans-serif"><span style="font-size:14px">He participado, coordinado y dirigido Programas de Postgrado en la UAB y en otras Universidades Españolas.</span></span></p>
<p><span style="font-family:arial,helvetica,sans-serif"><span style="font-size:14px">He realizado estancias y colaboraciones con Universidades catalanas; españolas y de diferentes países europeos y latinoamericanos.</span></span></p>
<p><span style="font-family:arial,helvetica,sans-serif"><span style="font-size:14px">He publicado libros y artículos de temáticas de Educación Infantil; Educación Especial, Psicomtricidad; Organización del Prácticum en la Formación inicial de Educación.</span></span></p>
<p><span style="font-family:arial,helvetica,sans-serif"><span style="font-size:14px">Soy miembro de consejos de redacción de varias publicaciones pedagógicas y del ámbito psicomotriz. Y también miembro de Comité Organizador y Científico en Congresos Nacionales e Internacionales.</span></span></p>

<p>Los miembros de honor del GREP es una esquisida selección de las personalidades más destacadas en el mundo de la Psicomotricidad catalana y mundial. Además, han sido miembros del GREP años atrás. Podemos decir que tenemos el gran placer de presentar a: &nbsp; ANTÓN ROSERA, MONTSERRAT Soy maestra de Educación Primaria, maestra de Educación Infantil, [&hellip;]</p>
