{"id":386,"date":"2019-07-17T19:48:10","date_gmt":"2019-07-17T17:48:10","guid":{"rendered":"https:\/\/webs.uab.cat\/grepuab\/2019-x-jornadas-ladult-una-presencia-que-acompanya\/"},"modified":"2020-05-02T00:56:29","modified_gmt":"2020-05-01T22:56:29","slug":"2019-x-jornadas-ladult-una-presencia-que-acompanya","status":"publish","type":"page","link":"https:\/\/webs.uab.cat\/grepuab\/es\/2019-x-jornadas-ladult-una-presencia-que-acompanya\/","title":{"rendered":"2019 &#8211; X Jornadas: \u00abL&#8217;adult: una pres\u00e8ncia que acompanya\u00bb."},"content":{"rendered":"<p>&nbsp;<\/p>\n<p>El viernes&nbsp;8 y s\u00e1bado&nbsp;9 de noviembre del 2019 se llevaron&nbsp;a cabo&nbsp;las \u00abX Jornades de Reflexi\u00f3 i Recerca : Psicomotricitat i Escola\u00bb en&nbsp;la Universitat Aut\u00f2noma de Barcelona.<\/p>\n<p>La tem\u00e1tica que se&nbsp;abord\u00f3&nbsp;en estas Jornadas fu\u00e9: \u00abL&#8217;adult: una pres\u00e8ncia que acompanya\u00bb.<\/p>\n<p style=\"text-align:center\">&nbsp;<\/p>\n<p>&nbsp;<\/p>\n<p class=\"rtecenter\">Haciendo un&nbsp;clic en&nbsp;la seguiente imagen podr\u00e9is&nbsp;acceder a las Actas de las X Jornadas:<\/p>\n<p style=\"text-align:center\"><a href=\"https:\/\/uab-my.sharepoint.com\/:b:\/g\/personal\/1479988_uab_cat\/EXd914746rFPjHclKr-FTiwBXFbFHIHSLaSBD_B23AasXA?e=eFGRUG\"><img loading=\"lazy\" decoding=\"async\" alt=\"\" height=\"595\" src=\"https:\/\/lh3.googleusercontent.com\/zUVljga3VbNdlXWOqyko9-rzrQ4KCQGvM4YQ2-iEQI_uYoKmGaMaTqNRyzR3NEzipSX9wxsTkBFdo8AvmuSVuNP6Ds9NW6IlBKaeDdeg-PnnIz4yzeVMGs0zQE5cHg\" width=\"430\" \/><\/a><\/p>\n<p>&nbsp;<\/p>\n","protected":false},"excerpt":{"rendered":"<p>&nbsp; El viernes&nbsp;8 y s\u00e1bado&nbsp;9 de noviembre del 2019 se llevaron&nbsp;a cabo&nbsp;las \u00abX Jornades de Reflexi\u00f3 i Recerca : Psicomotricitat i Escola\u00bb en&nbsp;la Universitat Aut\u00f2noma de Barcelona. La tem\u00e1tica que se&nbsp;abord\u00f3&nbsp;en estas Jornadas fu\u00e9: \u00abL&#8217;adult: una pres\u00e8ncia que acompanya\u00bb. &nbsp; &nbsp; Haciendo un&nbsp;clic en&nbsp;la seguiente imagen podr\u00e9is&nbsp;acceder a las Actas de las X Jornadas: &nbsp;<\/p>\n","protected":false},"author":20,"featured_media":0,"parent":0,"menu_order":0,"comment_status":"closed","ping_status":"closed","template":"","meta":{"footnotes":""},"class_list":["post-386","page","type-page","status-publish","hentry"],"_links":{"self":[{"href":"https:\/\/webs.uab.cat\/grepuab\/es\/wp-json\/wp\/v2\/pages\/386","targetHints":{"allow":["GET"]}}],"collection":[{"href":"https:\/\/webs.uab.cat\/grepuab\/es\/wp-json\/wp\/v2\/pages"}],"about":[{"href":"https:\/\/webs.uab.cat\/grepuab\/es\/wp-json\/wp\/v2\/types\/page"}],"author":[{"embeddable":true,"href":"https:\/\/webs.uab.cat\/grepuab\/es\/wp-json\/wp\/v2\/users\/20"}],"replies":[{"embeddable":true,"href":"https:\/\/webs.uab.cat\/grepuab\/es\/wp-json\/wp\/v2\/comments?post=386"}],"version-history":[{"count":0,"href":"https:\/\/webs.uab.cat\/grepuab\/es\/wp-json\/wp\/v2\/pages\/386\/revisions"}],"wp:attachment":[{"href":"https:\/\/webs.uab.cat\/grepuab\/es\/wp-json\/wp\/v2\/media?parent=386"}],"curies":[{"name":"wp","href":"https:\/\/api.w.org\/{rel}","templated":true}]}}

2019 &#8211; X Jornadas: «L&#8217;adult: una presència que acompanya».

<p>&nbsp;</p>
<p>El viernes&nbsp;8 y sábado&nbsp;9 de noviembre del 2019 se llevaron&nbsp;a cabo&nbsp;las «X Jornades de Reflexió i Recerca : Psicomotricitat i Escola» en&nbsp;la Universitat Autònoma de Barcelona.</p>
<p>La temática que se&nbsp;abordó&nbsp;en estas Jornadas fué: «L&#8217;adult: una presència que acompanya».</p>
<p style="text-align:center">&nbsp;</p>
<p>&nbsp;</p>
<p class="rtecenter">Haciendo un&nbsp;clic en&nbsp;la seguiente imagen podréis&nbsp;acceder a las Actas de las X Jornadas:</p>
<p style="text-align:center"><a href="https://uab-my.sharepoint.com/:b:/g/personal/1479988_uab_cat/EXd914746rFPjHclKr-FTiwBXFbFHIHSLaSBD_B23AasXA?e=eFGRUG"><img loading="lazy" decoding="async" alt="" height="595" src="https://lh3.googleusercontent.com/zUVljga3VbNdlXWOqyko9-rzrQ4KCQGvM4YQ2-iEQI_uYoKmGaMaTqNRyzR3NEzipSX9wxsTkBFdo8AvmuSVuNP6Ds9NW6IlBKaeDdeg-PnnIz4yzeVMGs0zQE5cHg" width="430" /></a></p>
<p>&nbsp;</p>

<p>&nbsp; El viernes&nbsp;8 y sábado&nbsp;9 de noviembre del 2019 se llevaron&nbsp;a cabo&nbsp;las «X Jornades de Reflexió i Recerca : Psicomotricitat i Escola» en&nbsp;la Universitat Autònoma de Barcelona. La temática que se&nbsp;abordó&nbsp;en estas Jornadas fué: «L&#8217;adult: una presència que acompanya». &nbsp; &nbsp; Haciendo un&nbsp;clic en&nbsp;la seguiente imagen podréis&nbsp;acceder a las Actas de las X Jornadas: &nbsp;</p>
